{"id":3839,"date":"2021-10-28T15:48:26","date_gmt":"2021-10-28T14:48:26","guid":{"rendered":"https:\/\/www.24-7prayer.com\/resource\/oracion-creativa-ora-por-el-clima\/"},"modified":"2022-09-07T10:42:32","modified_gmt":"2022-09-07T09:42:32","slug":"oracion-creativa-ora-por-el-clima","status":"publish","type":"resource","link":"https:\/\/www.24-7prayer.com\/es\/resource\/oracion-creativa-ora-por-el-clima\/","title":{"rendered":"Oraci\u00f3n creativa: Ora por el Clima"},"content":{"rendered":"\n<p><strong>Ora por el Clima<\/strong><\/p>\n\n<p>Clama a Dios en nombre de los m\u00e1s afectados por el cambio clim\u00e1tico.<\/p>\n\n<p>\u00bfVas a organizar una sala de Oraci\u00f3n 24-7 o una reuni\u00f3n de oraci\u00f3n creativa en torno a cuestiones de justicia clim\u00e1tica?<\/p>\n\n<div class=\"wp-block-buttons is-layout-flex wp-block-buttons-is-layout-flex\">\n<div class=\"wp-block-button\"><a class=\"wp-block-button__link has-background\" href=\"http:\/\/s3.eu-central.stackpathstorage.com\/24-7downloads\/pdf\/Climate%20Prayer\/How-To-Pray_SPANISH.pdf\" style=\"background-color:#001835\" target=\"_blank\" rel=\"noreferrer noopener\">Descarga orar por el cambio clim\u00e1tico<\/a><\/div>\n<\/div>\n","protected":false},"featured_media":4052,"template":"","resource_cat":[324],"class_list":["post-3839","resource","type-resource","status-publish","has-post-thumbnail","hentry","resource_cat-ideas-es"],"acf":[],"yoast_head":"<!-- This site is optimized with the Yoast SEO plugin v27.4 - https:\/\/yoast.com\/product\/yoast-seo-wordpress\/ -->\n<title>Oraci\u00f3n creativa: Ora por el Clima - 24-7 Prayer International<\/title>\n<meta name=\"robots\" content=\"index, follow, max-snippet:-1, max-image-preview:large, max-video-preview:-1\" \/>\n<link rel=\"canonical\" href=\"https:\/\/www.24-7prayer.com\/es\/resource\/oracion-creativa-ora-por-el-clima\/\" \/>\n<meta property=\"og:locale\" content=\"es_ES\" \/>\n<meta property=\"og:type\" content=\"article\" \/>\n<meta property=\"og:title\" content=\"Oraci\u00f3n creativa: Ora por el Clima - 24-7 Prayer International\" \/>\n<meta property=\"og:description\" content=\"Ora por el Clima Clama a Dios en nombre de los m\u00e1s afectados por el cambio clim\u00e1tico. \u00bfVas a organizar una sala de Oraci\u00f3n 24-7 o una reuni\u00f3n de oraci\u00f3n creativa en torno a cuestiones de justicia clim\u00e1tica?\" \/>\n<meta property=\"og:url\" content=\"https:\/\/www.24-7prayer.com\/es\/resource\/oracion-creativa-ora-por-el-clima\/\" \/>\n<meta property=\"og:site_name\" content=\"24-7 Prayer International\" \/>\n<meta property=\"article:modified_time\" content=\"2022-09-07T09:42:32+00:00\" \/>\n<meta property=\"og:image\" content=\"https:\/\/www.24-7prayer.com\/wp-content\/uploads\/2021\/10\/climate_header-scaled.jpg\" \/>\n\t<meta property=\"og:image:width\" content=\"2560\" \/>\n\t<meta property=\"og:image:height\" content=\"1280\" \/>\n\t<meta property=\"og:image:type\" content=\"image\/jpeg\" \/>\n<meta name=\"twitter:card\" content=\"summary_large_image\" \/>\n<script type=\"application\/ld+json\" class=\"yoast-schema-graph\">{\"@context\":\"https:\\\/\\\/schema.org\",\"@graph\":[{\"@type\":\"WebPage\",\"@id\":\"https:\\\/\\\/www.24-7prayer.com\\\/es\\\/resource\\\/oracion-creativa-ora-por-el-clima\\\/\",\"url\":\"https:\\\/\\\/www.24-7prayer.com\\\/es\\\/resource\\\/oracion-creativa-ora-por-el-clima\\\/\",\"name\":\"Oraci\u00f3n creativa: Ora por el Clima - 24-7 Prayer International\",\"isPartOf\":{\"@id\":\"https:\\\/\\\/www.24-7prayer.com\\\/es\\\/#website\"},\"primaryImageOfPage\":{\"@id\":\"https:\\\/\\\/www.24-7prayer.com\\\/es\\\/resource\\\/oracion-creativa-ora-por-el-clima\\\/#primaryimage\"},\"image\":{\"@id\":\"https:\\\/\\\/www.24-7prayer.com\\\/es\\\/resource\\\/oracion-creativa-ora-por-el-clima\\\/#primaryimage\"},\"thumbnailUrl\":\"https:\\\/\\\/www.24-7prayer.com\\\/wp-content\\\/uploads\\\/2021\\\/10\\\/climate_header-scaled.jpg\",\"datePublished\":\"2021-10-28T14:48:26+00:00\",\"dateModified\":\"2022-09-07T09:42:32+00:00\",\"breadcrumb\":{\"@id\":\"https:\\\/\\\/www.24-7prayer.com\\\/es\\\/resource\\\/oracion-creativa-ora-por-el-clima\\\/#breadcrumb\"},\"inLanguage\":\"es\",\"potentialAction\":[{\"@type\":\"ReadAction\",\"target\":[\"https:\\\/\\\/www.24-7prayer.com\\\/es\\\/resource\\\/oracion-creativa-ora-por-el-clima\\\/\"]}]},{\"@type\":\"ImageObject\",\"inLanguage\":\"es\",\"@id\":\"https:\\\/\\\/www.24-7prayer.com\\\/es\\\/resource\\\/oracion-creativa-ora-por-el-clima\\\/#primaryimage\",\"url\":\"https:\\\/\\\/www.24-7prayer.com\\\/wp-content\\\/uploads\\\/2021\\\/10\\\/climate_header-scaled.jpg\",\"contentUrl\":\"https:\\\/\\\/www.24-7prayer.com\\\/wp-content\\\/uploads\\\/2021\\\/10\\\/climate_header-scaled.jpg\",\"width\":2560,\"height\":1280},{\"@type\":\"BreadcrumbList\",\"@id\":\"https:\\\/\\\/www.24-7prayer.com\\\/es\\\/resource\\\/oracion-creativa-ora-por-el-clima\\\/#breadcrumb\",\"itemListElement\":[{\"@type\":\"ListItem\",\"position\":1,\"name\":\"Home\",\"item\":\"https:\\\/\\\/www.24-7prayer.com\\\/es\\\/\"},{\"@type\":\"ListItem\",\"position\":2,\"name\":\"Oraci\u00f3n creativa: Ora por el Clima\"}]},{\"@type\":\"WebSite\",\"@id\":\"https:\\\/\\\/www.24-7prayer.com\\\/es\\\/#website\",\"url\":\"https:\\\/\\\/www.24-7prayer.com\\\/es\\\/\",\"name\":\"24-7 Prayer International\",\"description\":\"Prayer Mission Justice\",\"publisher\":{\"@id\":\"https:\\\/\\\/www.24-7prayer.com\\\/es\\\/#organization\"},\"potentialAction\":[{\"@type\":\"SearchAction\",\"target\":{\"@type\":\"EntryPoint\",\"urlTemplate\":\"https:\\\/\\\/www.24-7prayer.com\\\/es\\\/?s={search_term_string}\"},\"query-input\":{\"@type\":\"PropertyValueSpecification\",\"valueRequired\":true,\"valueName\":\"search_term_string\"}}],\"inLanguage\":\"es\"},{\"@type\":\"Organization\",\"@id\":\"https:\\\/\\\/www.24-7prayer.com\\\/es\\\/#organization\",\"name\":\"24-7 Prayer\",\"url\":\"https:\\\/\\\/www.24-7prayer.com\\\/es\\\/\",\"logo\":{\"@type\":\"ImageObject\",\"inLanguage\":\"es\",\"@id\":\"https:\\\/\\\/www.24-7prayer.com\\\/es\\\/#\\\/schema\\\/logo\\\/image\\\/\",\"url\":\"https:\\\/\\\/www.24-7prayer.com\\\/wp-content\\\/uploads\\\/2022\\\/06\\\/logo.png\",\"contentUrl\":\"https:\\\/\\\/www.24-7prayer.com\\\/wp-content\\\/uploads\\\/2022\\\/06\\\/logo.png\",\"width\":302,\"height\":49,\"caption\":\"24-7 Prayer\"},\"image\":{\"@id\":\"https:\\\/\\\/www.24-7prayer.com\\\/es\\\/#\\\/schema\\\/logo\\\/image\\\/\"}}]}<\/script>\n<!-- \/ Yoast SEO plugin. -->","yoast_head_json":{"title":"Oraci\u00f3n creativa: Ora por el Clima - 24-7 Prayer International","robots":{"index":"index","follow":"follow","max-snippet":"max-snippet:-1","max-image-preview":"max-image-preview:large","max-video-preview":"max-video-preview:-1"},"canonical":"https:\/\/www.24-7prayer.com\/es\/resource\/oracion-creativa-ora-por-el-clima\/","og_locale":"es_ES","og_type":"article","og_title":"Oraci\u00f3n creativa: Ora por el Clima - 24-7 Prayer International","og_description":"Ora por el Clima Clama a Dios en nombre de los m\u00e1s afectados por el cambio clim\u00e1tico. \u00bfVas a organizar una sala de Oraci\u00f3n 24-7 o una reuni\u00f3n de oraci\u00f3n creativa en torno a cuestiones de justicia clim\u00e1tica?","og_url":"https:\/\/www.24-7prayer.com\/es\/resource\/oracion-creativa-ora-por-el-clima\/","og_site_name":"24-7 Prayer International","article_modified_time":"2022-09-07T09:42:32+00:00","og_image":[{"width":2560,"height":1280,"url":"https:\/\/www.24-7prayer.com\/wp-content\/uploads\/2021\/10\/climate_header-scaled.jpg","type":"image\/jpeg"}],"twitter_card":"summary_large_image","schema":{"@context":"https:\/\/schema.org","@graph":[{"@type":"WebPage","@id":"https:\/\/www.24-7prayer.com\/es\/resource\/oracion-creativa-ora-por-el-clima\/","url":"https:\/\/www.24-7prayer.com\/es\/resource\/oracion-creativa-ora-por-el-clima\/","name":"Oraci\u00f3n creativa: Ora por el Clima - 24-7 Prayer International","isPartOf":{"@id":"https:\/\/www.24-7prayer.com\/es\/#website"},"primaryImageOfPage":{"@id":"https:\/\/www.24-7prayer.com\/es\/resource\/oracion-creativa-ora-por-el-clima\/#primaryimage"},"image":{"@id":"https:\/\/www.24-7prayer.com\/es\/resource\/oracion-creativa-ora-por-el-clima\/#primaryimage"},"thumbnailUrl":"https:\/\/www.24-7prayer.com\/wp-content\/uploads\/2021\/10\/climate_header-scaled.jpg","datePublished":"2021-10-28T14:48:26+00:00","dateModified":"2022-09-07T09:42:32+00:00","breadcrumb":{"@id":"https:\/\/www.24-7prayer.com\/es\/resource\/oracion-creativa-ora-por-el-clima\/#breadcrumb"},"inLanguage":"es","potentialAction":[{"@type":"ReadAction","target":["https:\/\/www.24-7prayer.com\/es\/resource\/oracion-creativa-ora-por-el-clima\/"]}]},{"@type":"ImageObject","inLanguage":"es","@id":"https:\/\/www.24-7prayer.com\/es\/resource\/oracion-creativa-ora-por-el-clima\/#primaryimage","url":"https:\/\/www.24-7prayer.com\/wp-content\/uploads\/2021\/10\/climate_header-scaled.jpg","contentUrl":"https:\/\/www.24-7prayer.com\/wp-content\/uploads\/2021\/10\/climate_header-scaled.jpg","width":2560,"height":1280},{"@type":"BreadcrumbList","@id":"https:\/\/www.24-7prayer.com\/es\/resource\/oracion-creativa-ora-por-el-clima\/#breadcrumb","itemListElement":[{"@type":"ListItem","position":1,"name":"Home","item":"https:\/\/www.24-7prayer.com\/es\/"},{"@type":"ListItem","position":2,"name":"Oraci\u00f3n creativa: Ora por el Clima"}]},{"@type":"WebSite","@id":"https:\/\/www.24-7prayer.com\/es\/#website","url":"https:\/\/www.24-7prayer.com\/es\/","name":"24-7 Prayer International","description":"Prayer Mission Justice","publisher":{"@id":"https:\/\/www.24-7prayer.com\/es\/#organization"},"potentialAction":[{"@type":"SearchAction","target":{"@type":"EntryPoint","urlTemplate":"https:\/\/www.24-7prayer.com\/es\/?s={search_term_string}"},"query-input":{"@type":"PropertyValueSpecification","valueRequired":true,"valueName":"search_term_string"}}],"inLanguage":"es"},{"@type":"Organization","@id":"https:\/\/www.24-7prayer.com\/es\/#organization","name":"24-7 Prayer","url":"https:\/\/www.24-7prayer.com\/es\/","logo":{"@type":"ImageObject","inLanguage":"es","@id":"https:\/\/www.24-7prayer.com\/es\/#\/schema\/logo\/image\/","url":"https:\/\/www.24-7prayer.com\/wp-content\/uploads\/2022\/06\/logo.png","contentUrl":"https:\/\/www.24-7prayer.com\/wp-content\/uploads\/2022\/06\/logo.png","width":302,"height":49,"caption":"24-7 Prayer"},"image":{"@id":"https:\/\/www.24-7prayer.com\/es\/#\/schema\/logo\/image\/"}}]}},"_links":{"self":[{"href":"https:\/\/www.24-7prayer.com\/es\/wp-json\/wp\/v2\/resource\/3839","targetHints":{"allow":["GET"]}}],"collection":[{"href":"https:\/\/www.24-7prayer.com\/es\/wp-json\/wp\/v2\/resource"}],"about":[{"href":"https:\/\/www.24-7prayer.com\/es\/wp-json\/wp\/v2\/types\/resource"}],"version-history":[{"count":0,"href":"https:\/\/www.24-7prayer.com\/es\/wp-json\/wp\/v2\/resource\/3839\/revisions"}],"wp:featuredmedia":[{"embeddable":true,"href":"https:\/\/www.24-7prayer.com\/es\/wp-json\/wp\/v2\/media\/4052"}],"wp:attachment":[{"href":"https:\/\/www.24-7prayer.com\/es\/wp-json\/wp\/v2\/media?parent=3839"}],"wp:term":[{"taxonomy":"resource_cat","embeddable":true,"href":"https:\/\/www.24-7prayer.com\/es\/wp-json\/wp\/v2\/resource_cat?post=3839"}],"curies":[{"name":"wp","href":"https:\/\/api.w.org\/{rel}","templated":true}]}}

Oración creativa: Ora por el Clima

<p><strong>Ora por el Clima</strong></p>

<p>Clama a Dios en nombre de los más afectados por el cambio climático.</p>

<p>¿Vas a organizar una sala de Oración 24-7 o una reunión de oración creativa en torno a cuestiones de justicia climática?</p>

<div class="wp-block-buttons is-layout-flex wp-block-buttons-is-layout-flex">
<div class="wp-block-button"><a class="wp-block-button__link has-background" href="http://s3.eu-central.stackpathstorage.com/24-7downloads/pdf/Climate%20Prayer/How-To-Pray_SPANISH.pdf" style="background-color:#001835" target="_blank" rel="noreferrer noopener">Descarga orar por el cambio climático</a></div>
</div>

<!-- This site is optimized with the Yoast SEO plugin v27.4 - https://yoast.com/product/yoast-seo-wordpress/ -->
<title>Oración creativa: Ora por el Clima - 24-7 Prayer International</title>
<meta name="robots" content="index, follow, max-snippet:-1, max-image-preview:large, max-video-preview:-1" />
<link rel="canonical" href="https://www.24-7prayer.com/es/resource/oracion-creativa-ora-por-el-clima/" />
<meta property="og:locale" content="es_ES" />
<meta property="og:type" content="article" />
<meta property="og:title" content="Oración creativa: Ora por el Clima - 24-7 Prayer International" />
<meta property="og:description" content="Ora por el Clima Clama a Dios en nombre de los más afectados por el cambio climático. ¿Vas a organizar una sala de Oración 24-7 o una reunión de oración creativa en torno a cuestiones de justicia climática?" />
<meta property="og:url" content="https://www.24-7prayer.com/es/resource/oracion-creativa-ora-por-el-clima/" />
<meta property="og:site_name" content="24-7 Prayer International" />
<meta property="article:modified_time" content="2022-09-07T09:42:32+00:00" />
<meta property="og:image" content="https://www.24-7prayer.com/wp-content/uploads/2021/10/climate_header-scaled.jpg" />
	<meta property="og:image:width" content="2560" />
	<meta property="og:image:height" content="1280" />
	<meta property="og:image:type" content="image/jpeg" />
<meta name="twitter:card" content="summary_large_image" />
<script type="application/ld+json" class="yoast-schema-graph">{"@context":"https:\/\/schema.org","@graph":[{"@type":"WebPage","@id":"https:\/\/www.24-7prayer.com\/es\/resource\/oracion-creativa-ora-por-el-clima\/","url":"https:\/\/www.24-7prayer.com\/es\/resource\/oracion-creativa-ora-por-el-clima\/","name":"Oración creativa: Ora por el Clima - 24-7 Prayer International","isPartOf":{"@id":"https:\/\/www.24-7prayer.com\/es\/#website"},"primaryImageOfPage":{"@id":"https:\/\/www.24-7prayer.com\/es\/resource\/oracion-creativa-ora-por-el-clima\/#primaryimage"},"image":{"@id":"https:\/\/www.24-7prayer.com\/es\/resource\/oracion-creativa-ora-por-el-clima\/#primaryimage"},"thumbnailUrl":"https:\/\/www.24-7prayer.com\/wp-content\/uploads\/2021\/10\/climate_header-scaled.jpg","datePublished":"2021-10-28T14:48:26+00:00","dateModified":"2022-09-07T09:42:32+00:00","breadcrumb":{"@id":"https:\/\/www.24-7prayer.com\/es\/resource\/oracion-creativa-ora-por-el-clima\/#breadcrumb"},"inLanguage":"es","potentialAction":[{"@type":"ReadAction","target":["https:\/\/www.24-7prayer.com\/es\/resource\/oracion-creativa-ora-por-el-clima\/"]}]},{"@type":"ImageObject","inLanguage":"es","@id":"https:\/\/www.24-7prayer.com\/es\/resource\/oracion-creativa-ora-por-el-clima\/#primaryimage","url":"https:\/\/www.24-7prayer.com\/wp-content\/uploads\/2021\/10\/climate_header-scaled.jpg","contentUrl":"https:\/\/www.24-7prayer.com\/wp-content\/uploads\/2021\/10\/climate_header-scaled.jpg","width":2560,"height":1280},{"@type":"BreadcrumbList","@id":"https:\/\/www.24-7prayer.com\/es\/resource\/oracion-creativa-ora-por-el-clima\/#breadcrumb","itemListElement":[{"@type":"ListItem","position":1,"name":"Home","item":"https:\/\/www.24-7prayer.com\/es\/"},{"@type":"ListItem","position":2,"name":"Oración creativa: Ora por el Clima"}]},{"@type":"WebSite","@id":"https:\/\/www.24-7prayer.com\/es\/#website","url":"https:\/\/www.24-7prayer.com\/es\/","name":"24-7 Prayer International","description":"Prayer Mission Justice","publisher":{"@id":"https:\/\/www.24-7prayer.com\/es\/#organization"},"potentialAction":[{"@type":"SearchAction","target":{"@type":"EntryPoint","urlTemplate":"https:\/\/www.24-7prayer.com\/es\/?s={search_term_string}"},"query-input":{"@type":"PropertyValueSpecification","valueRequired":true,"valueName":"search_term_string"}}],"inLanguage":"es"},{"@type":"Organization","@id":"https:\/\/www.24-7prayer.com\/es\/#organization","name":"24-7 Prayer","url":"https:\/\/www.24-7prayer.com\/es\/","logo":{"@type":"ImageObject","inLanguage":"es","@id":"https:\/\/www.24-7prayer.com\/es\/#\/schema\/logo\/image\/","url":"https:\/\/www.24-7prayer.com\/wp-content\/uploads\/2022\/06\/logo.png","contentUrl":"https:\/\/www.24-7prayer.com\/wp-content\/uploads\/2022\/06\/logo.png","width":302,"height":49,"caption":"24-7 Prayer"},"image":{"@id":"https:\/\/www.24-7prayer.com\/es\/#\/schema\/logo\/image\/"}}]}</script>
<!-- / Yoast SEO plugin. -->

Oración creativa: Ora por el Clima - 24-7 Prayer International

Ora por el Clima Clama a Dios en nombre de los más afectados por el cambio climático. ¿Vas a organizar una sala de Oración 24-7 o una reunión de oración creativa en torno a cuestiones de justicia climática?
