{"id":5325,"date":"2021-11-12T17:58:27","date_gmt":"2021-11-12T17:58:27","guid":{"rendered":"https:\/\/www.24-7prayer.com\/el-crecimiento-de-los-espacios-de-oracion-en-los-colegios\/"},"modified":"2022-02-03T11:14:25","modified_gmt":"2022-02-03T11:14:25","slug":"el-crecimiento-de-los-espacios-de-oracion-en-los-colegios","status":"publish","type":"page","link":"https:\/\/www.24-7prayer.com\/es\/el-crecimiento-de-los-espacios-de-oracion-en-los-colegios\/","title":{"rendered":"El crecimiento de Los espacios de oraci\u00f3n en los colegios"},"content":{"rendered":"\n<p>Desde que comenzaron Los espacios de oraci\u00f3n en los colegios en 2007 hemos seguido y apoyado espacios de oraci\u00f3n en 31 naciones. En el \u00faltimo a\u00f1o, incluso durante la pandemia, ha habido espacios de oraci\u00f3n en Inglaterra, Irlanda, Gales, Alemania, Australia, Suiza, Malta y Austria. <\/p>\n\n\n\n<p>Gracias a la generosidad de tantas personas que nos apoyan, ahora hay p\u00e1ginas web de Los espacios de oraci\u00f3n en los colegios para el <a href=\"https:\/\/prayerspacesinschools.com\/\">Reino Unido<\/a>, <a href=\"http:\/\/www.prayerspacesinschools.com\/de\">Alemania<\/a> y <a href=\"http:\/\/www.prayerspacesinschools.com\/at\">Austria<\/a> y tambi\u00e9n hemos trabajado en colaboraci\u00f3n con la Iglesia Cat\u00f3lica en <a href=\"http:\/\/www.prayerspaces.mt\">Malta<\/a> para desarrollar la p\u00e1gina web de Los espacios de oraci\u00f3n en los colegios all\u00ed.<\/p>\n\n\n\n<p>Seguimos colaborando estrechamente con compa\u00f1eros de Estados Unidos, Los Pa\u00edses Bajos, Suiza y Australia para hacer crecer Los espacios de oraci\u00f3n en los colegios de esos pa\u00edses en los pr\u00f3ximos a\u00f1os.<\/p>\n\n\n\n<p>Tras haber nombrado a Tony Tendero como l\u00edder nacional en Estados Unidos, estamos trabajando estrechamente con \u00e9l y con los equipos de Oraci\u00f3n 24-7 Estados Unidos para:<\/p>\n\n\n\n<ul class=\"wp-block-list\"><li>Hacer pruebas piloto de Espacios de oraci\u00f3n en diferentes tipos de colegios y recabar su opini\u00f3n acerca de c\u00f3mo han funcionado esas pruebas.<\/li><li>Formar un peque\u00f1o equipo nacional.<\/li><li>Establecer una red de l\u00edderes de iglesias e instituciones educativas como consejeros y colaboradores.<\/li><li>Desarrollar la presencia en l\u00ednea para Los espacios de oraci\u00f3n en los colegios de Estados Unidos.<\/li><\/ul>\n\n\n\n<p>El apoyo financiero que recibe Oraci\u00f3n 24-7 respalda este trabajo y ha visto a m\u00e1s de 1 mill\u00f3n de ni\u00f1os pasar por un espacio de oraci\u00f3n en su colegio; queremos continuar para hacer que crezca ese n\u00famero e impactar a una generaci\u00f3n que necesita escuchar del amor de Dios, muchos por primera vez.<\/p>\n\n\n\n<div class=\"wp-block-buttons is-layout-flex wp-block-buttons-is-layout-flex\">\n<div class=\"wp-block-button is-style-outline is-style-outline--1\"><a class=\"wp-block-button__link\">Dona para apoyar este proyecto<\/a><\/div>\n<\/div>\n\n\n\n<p><\/p>\n","protected":false},"excerpt":{"rendered":"<p>Desde que comenzaron Los espacios de oraci\u00f3n en los colegios en 2007 hemos seguido y apoyado espacios de oraci\u00f3n en 31 naciones. En el \u00faltimo a\u00f1o, incluso durante la pandemia, ha habido espacios de oraci\u00f3n en Inglaterra, Irlanda, Gales, Alemania, Australia, Suiza, Malta y Austria. Gracias a la generosidad de tantas personas que nos apoyan, [&hellip;]<\/p>\n","protected":false},"author":8,"featured_media":0,"parent":0,"menu_order":157,"comment_status":"closed","ping_status":"closed","template":"","meta":{"_acf_changed":false,"inline_featured_image":false,"footnotes":""},"class_list":["post-5325","page","type-page","status-publish","hentry"],"acf":[],"yoast_head":"<!-- This site is optimized with the Yoast SEO plugin v27.4 - https:\/\/yoast.com\/product\/yoast-seo-wordpress\/ -->\n<title>El crecimiento de Los espacios de oraci\u00f3n en los colegios - 24-7 Prayer International<\/title>\n<meta name=\"robots\" content=\"index, follow, max-snippet:-1, max-image-preview:large, max-video-preview:-1\" \/>\n<link rel=\"canonical\" href=\"https:\/\/www.24-7prayer.com\/es\/el-crecimiento-de-los-espacios-de-oracion-en-los-colegios\/\" \/>\n<meta property=\"og:locale\" content=\"es_ES\" \/>\n<meta property=\"og:type\" content=\"article\" \/>\n<meta property=\"og:title\" content=\"El crecimiento de Los espacios de oraci\u00f3n en los colegios - 24-7 Prayer International\" \/>\n<meta property=\"og:description\" content=\"Desde que comenzaron Los espacios de oraci\u00f3n en los colegios en 2007 hemos seguido y apoyado espacios de oraci\u00f3n en 31 naciones. En el \u00faltimo a\u00f1o, incluso durante la pandemia, ha habido espacios de oraci\u00f3n en Inglaterra, Irlanda, Gales, Alemania, Australia, Suiza, Malta y Austria. Gracias a la generosidad de tantas personas que nos apoyan, [&hellip;]\" \/>\n<meta property=\"og:url\" content=\"https:\/\/www.24-7prayer.com\/es\/el-crecimiento-de-los-espacios-de-oracion-en-los-colegios\/\" \/>\n<meta property=\"og:site_name\" content=\"24-7 Prayer International\" \/>\n<meta property=\"article:modified_time\" content=\"2022-02-03T11:14:25+00:00\" \/>\n<meta name=\"twitter:card\" content=\"summary_large_image\" \/>\n<script type=\"application\/ld+json\" class=\"yoast-schema-graph\">{\"@context\":\"https:\\\/\\\/schema.org\",\"@graph\":[{\"@type\":\"WebPage\",\"@id\":\"https:\\\/\\\/www.24-7prayer.com\\\/es\\\/el-crecimiento-de-los-espacios-de-oracion-en-los-colegios\\\/\",\"url\":\"https:\\\/\\\/www.24-7prayer.com\\\/es\\\/el-crecimiento-de-los-espacios-de-oracion-en-los-colegios\\\/\",\"name\":\"El crecimiento de Los espacios de oraci\u00f3n en los colegios - 24-7 Prayer International\",\"isPartOf\":{\"@id\":\"https:\\\/\\\/www.24-7prayer.com\\\/es\\\/#website\"},\"datePublished\":\"2021-11-12T17:58:27+00:00\",\"dateModified\":\"2022-02-03T11:14:25+00:00\",\"breadcrumb\":{\"@id\":\"https:\\\/\\\/www.24-7prayer.com\\\/es\\\/el-crecimiento-de-los-espacios-de-oracion-en-los-colegios\\\/#breadcrumb\"},\"inLanguage\":\"es\",\"potentialAction\":[{\"@type\":\"ReadAction\",\"target\":[\"https:\\\/\\\/www.24-7prayer.com\\\/es\\\/el-crecimiento-de-los-espacios-de-oracion-en-los-colegios\\\/\"]}]},{\"@type\":\"BreadcrumbList\",\"@id\":\"https:\\\/\\\/www.24-7prayer.com\\\/es\\\/el-crecimiento-de-los-espacios-de-oracion-en-los-colegios\\\/#breadcrumb\",\"itemListElement\":[{\"@type\":\"ListItem\",\"position\":1,\"name\":\"Home\",\"item\":\"https:\\\/\\\/www.24-7prayer.com\\\/es\\\/\"},{\"@type\":\"ListItem\",\"position\":2,\"name\":\"El crecimiento de Los espacios de oraci\u00f3n en los colegios\"}]},{\"@type\":\"WebSite\",\"@id\":\"https:\\\/\\\/www.24-7prayer.com\\\/es\\\/#website\",\"url\":\"https:\\\/\\\/www.24-7prayer.com\\\/es\\\/\",\"name\":\"24-7 Prayer International\",\"description\":\"Prayer Mission Justice\",\"publisher\":{\"@id\":\"https:\\\/\\\/www.24-7prayer.com\\\/es\\\/#organization\"},\"potentialAction\":[{\"@type\":\"SearchAction\",\"target\":{\"@type\":\"EntryPoint\",\"urlTemplate\":\"https:\\\/\\\/www.24-7prayer.com\\\/es\\\/?s={search_term_string}\"},\"query-input\":{\"@type\":\"PropertyValueSpecification\",\"valueRequired\":true,\"valueName\":\"search_term_string\"}}],\"inLanguage\":\"es\"},{\"@type\":\"Organization\",\"@id\":\"https:\\\/\\\/www.24-7prayer.com\\\/es\\\/#organization\",\"name\":\"24-7 Prayer\",\"url\":\"https:\\\/\\\/www.24-7prayer.com\\\/es\\\/\",\"logo\":{\"@type\":\"ImageObject\",\"inLanguage\":\"es\",\"@id\":\"https:\\\/\\\/www.24-7prayer.com\\\/es\\\/#\\\/schema\\\/logo\\\/image\\\/\",\"url\":\"https:\\\/\\\/www.24-7prayer.com\\\/wp-content\\\/uploads\\\/2022\\\/06\\\/logo.png\",\"contentUrl\":\"https:\\\/\\\/www.24-7prayer.com\\\/wp-content\\\/uploads\\\/2022\\\/06\\\/logo.png\",\"width\":302,\"height\":49,\"caption\":\"24-7 Prayer\"},\"image\":{\"@id\":\"https:\\\/\\\/www.24-7prayer.com\\\/es\\\/#\\\/schema\\\/logo\\\/image\\\/\"}}]}<\/script>\n<!-- \/ Yoast SEO plugin. -->","yoast_head_json":{"title":"El crecimiento de Los espacios de oraci\u00f3n en los colegios - 24-7 Prayer International","robots":{"index":"index","follow":"follow","max-snippet":"max-snippet:-1","max-image-preview":"max-image-preview:large","max-video-preview":"max-video-preview:-1"},"canonical":"https:\/\/www.24-7prayer.com\/es\/el-crecimiento-de-los-espacios-de-oracion-en-los-colegios\/","og_locale":"es_ES","og_type":"article","og_title":"El crecimiento de Los espacios de oraci\u00f3n en los colegios - 24-7 Prayer International","og_description":"Desde que comenzaron Los espacios de oraci\u00f3n en los colegios en 2007 hemos seguido y apoyado espacios de oraci\u00f3n en 31 naciones. En el \u00faltimo a\u00f1o, incluso durante la pandemia, ha habido espacios de oraci\u00f3n en Inglaterra, Irlanda, Gales, Alemania, Australia, Suiza, Malta y Austria. Gracias a la generosidad de tantas personas que nos apoyan, [&hellip;]","og_url":"https:\/\/www.24-7prayer.com\/es\/el-crecimiento-de-los-espacios-de-oracion-en-los-colegios\/","og_site_name":"24-7 Prayer International","article_modified_time":"2022-02-03T11:14:25+00:00","twitter_card":"summary_large_image","schema":{"@context":"https:\/\/schema.org","@graph":[{"@type":"WebPage","@id":"https:\/\/www.24-7prayer.com\/es\/el-crecimiento-de-los-espacios-de-oracion-en-los-colegios\/","url":"https:\/\/www.24-7prayer.com\/es\/el-crecimiento-de-los-espacios-de-oracion-en-los-colegios\/","name":"El crecimiento de Los espacios de oraci\u00f3n en los colegios - 24-7 Prayer International","isPartOf":{"@id":"https:\/\/www.24-7prayer.com\/es\/#website"},"datePublished":"2021-11-12T17:58:27+00:00","dateModified":"2022-02-03T11:14:25+00:00","breadcrumb":{"@id":"https:\/\/www.24-7prayer.com\/es\/el-crecimiento-de-los-espacios-de-oracion-en-los-colegios\/#breadcrumb"},"inLanguage":"es","potentialAction":[{"@type":"ReadAction","target":["https:\/\/www.24-7prayer.com\/es\/el-crecimiento-de-los-espacios-de-oracion-en-los-colegios\/"]}]},{"@type":"BreadcrumbList","@id":"https:\/\/www.24-7prayer.com\/es\/el-crecimiento-de-los-espacios-de-oracion-en-los-colegios\/#breadcrumb","itemListElement":[{"@type":"ListItem","position":1,"name":"Home","item":"https:\/\/www.24-7prayer.com\/es\/"},{"@type":"ListItem","position":2,"name":"El crecimiento de Los espacios de oraci\u00f3n en los colegios"}]},{"@type":"WebSite","@id":"https:\/\/www.24-7prayer.com\/es\/#website","url":"https:\/\/www.24-7prayer.com\/es\/","name":"24-7 Prayer International","description":"Prayer Mission Justice","publisher":{"@id":"https:\/\/www.24-7prayer.com\/es\/#organization"},"potentialAction":[{"@type":"SearchAction","target":{"@type":"EntryPoint","urlTemplate":"https:\/\/www.24-7prayer.com\/es\/?s={search_term_string}"},"query-input":{"@type":"PropertyValueSpecification","valueRequired":true,"valueName":"search_term_string"}}],"inLanguage":"es"},{"@type":"Organization","@id":"https:\/\/www.24-7prayer.com\/es\/#organization","name":"24-7 Prayer","url":"https:\/\/www.24-7prayer.com\/es\/","logo":{"@type":"ImageObject","inLanguage":"es","@id":"https:\/\/www.24-7prayer.com\/es\/#\/schema\/logo\/image\/","url":"https:\/\/www.24-7prayer.com\/wp-content\/uploads\/2022\/06\/logo.png","contentUrl":"https:\/\/www.24-7prayer.com\/wp-content\/uploads\/2022\/06\/logo.png","width":302,"height":49,"caption":"24-7 Prayer"},"image":{"@id":"https:\/\/www.24-7prayer.com\/es\/#\/schema\/logo\/image\/"}}]}},"_links":{"self":[{"href":"https:\/\/www.24-7prayer.com\/es\/wp-json\/wp\/v2\/pages\/5325","targetHints":{"allow":["GET"]}}],"collection":[{"href":"https:\/\/www.24-7prayer.com\/es\/wp-json\/wp\/v2\/pages"}],"about":[{"href":"https:\/\/www.24-7prayer.com\/es\/wp-json\/wp\/v2\/types\/page"}],"author":[{"embeddable":true,"href":"https:\/\/www.24-7prayer.com\/es\/wp-json\/wp\/v2\/users\/8"}],"replies":[{"embeddable":true,"href":"https:\/\/www.24-7prayer.com\/es\/wp-json\/wp\/v2\/comments?post=5325"}],"version-history":[{"count":2,"href":"https:\/\/www.24-7prayer.com\/es\/wp-json\/wp\/v2\/pages\/5325\/revisions"}],"predecessor-version":[{"id":7123,"href":"https:\/\/www.24-7prayer.com\/es\/wp-json\/wp\/v2\/pages\/5325\/revisions\/7123"}],"wp:attachment":[{"href":"https:\/\/www.24-7prayer.com\/es\/wp-json\/wp\/v2\/media?parent=5325"}],"curies":[{"name":"wp","href":"https:\/\/api.w.org\/{rel}","templated":true}]}}

El crecimiento de Los espacios de oración en los colegios

<p>Desde que comenzaron Los espacios de oración en los colegios en 2007 hemos seguido y apoyado espacios de oración en 31 naciones. En el último año, incluso durante la pandemia, ha habido espacios de oración en Inglaterra, Irlanda, Gales, Alemania, Australia, Suiza, Malta y Austria. </p>



<p>Gracias a la generosidad de tantas personas que nos apoyan, ahora hay páginas web de Los espacios de oración en los colegios para el <a href="https://prayerspacesinschools.com/">Reino Unido</a>, <a href="http://www.prayerspacesinschools.com/de">Alemania</a> y <a href="http://www.prayerspacesinschools.com/at">Austria</a> y también hemos trabajado en colaboración con la Iglesia Católica en <a href="http://www.prayerspaces.mt">Malta</a> para desarrollar la página web de Los espacios de oración en los colegios allí.</p>



<p>Seguimos colaborando estrechamente con compañeros de Estados Unidos, Los Países Bajos, Suiza y Australia para hacer crecer Los espacios de oración en los colegios de esos países en los próximos años.</p>



<p>Tras haber nombrado a Tony Tendero como líder nacional en Estados Unidos, estamos trabajando estrechamente con él y con los equipos de Oración 24-7 Estados Unidos para:</p>



<ul class="wp-block-list"><li>Hacer pruebas piloto de Espacios de oración en diferentes tipos de colegios y recabar su opinión acerca de cómo han funcionado esas pruebas.</li><li>Formar un pequeño equipo nacional.</li><li>Establecer una red de líderes de iglesias e instituciones educativas como consejeros y colaboradores.</li><li>Desarrollar la presencia en línea para Los espacios de oración en los colegios de Estados Unidos.</li></ul>



<p>El apoyo financiero que recibe Oración 24-7 respalda este trabajo y ha visto a más de 1 millón de niños pasar por un espacio de oración en su colegio; queremos continuar para hacer que crezca ese número e impactar a una generación que necesita escuchar del amor de Dios, muchos por primera vez.</p>



<div class="wp-block-buttons is-layout-flex wp-block-buttons-is-layout-flex">
<div class="wp-block-button is-style-outline is-style-outline--1"><a class="wp-block-button__link">Dona para apoyar este proyecto</a></div>
</div>



<p></p>

<p>Desde que comenzaron Los espacios de oración en los colegios en 2007 hemos seguido y apoyado espacios de oración en 31 naciones. En el último año, incluso durante la pandemia, ha habido espacios de oración en Inglaterra, Irlanda, Gales, Alemania, Australia, Suiza, Malta y Austria. Gracias a la generosidad de tantas personas que nos apoyan, [&hellip;]</p>

<!-- This site is optimized with the Yoast SEO plugin v27.4 - https://yoast.com/product/yoast-seo-wordpress/ -->
<title>El crecimiento de Los espacios de oración en los colegios - 24-7 Prayer International</title>
<meta name="robots" content="index, follow, max-snippet:-1, max-image-preview:large, max-video-preview:-1" />
<link rel="canonical" href="https://www.24-7prayer.com/es/el-crecimiento-de-los-espacios-de-oracion-en-los-colegios/" />
<meta property="og:locale" content="es_ES" />
<meta property="og:type" content="article" />
<meta property="og:title" content="El crecimiento de Los espacios de oración en los colegios - 24-7 Prayer International" />
<meta property="og:description" content="Desde que comenzaron Los espacios de oración en los colegios en 2007 hemos seguido y apoyado espacios de oración en 31 naciones. En el último año, incluso durante la pandemia, ha habido espacios de oración en Inglaterra, Irlanda, Gales, Alemania, Australia, Suiza, Malta y Austria. Gracias a la generosidad de tantas personas que nos apoyan, [&hellip;]" />
<meta property="og:url" content="https://www.24-7prayer.com/es/el-crecimiento-de-los-espacios-de-oracion-en-los-colegios/" />
<meta property="og:site_name" content="24-7 Prayer International" />
<meta property="article:modified_time" content="2022-02-03T11:14:25+00:00" />
<meta name="twitter:card" content="summary_large_image" />
<script type="application/ld+json" class="yoast-schema-graph">{"@context":"https:\/\/schema.org","@graph":[{"@type":"WebPage","@id":"https:\/\/www.24-7prayer.com\/es\/el-crecimiento-de-los-espacios-de-oracion-en-los-colegios\/","url":"https:\/\/www.24-7prayer.com\/es\/el-crecimiento-de-los-espacios-de-oracion-en-los-colegios\/","name":"El crecimiento de Los espacios de oración en los colegios - 24-7 Prayer International","isPartOf":{"@id":"https:\/\/www.24-7prayer.com\/es\/#website"},"datePublished":"2021-11-12T17:58:27+00:00","dateModified":"2022-02-03T11:14:25+00:00","breadcrumb":{"@id":"https:\/\/www.24-7prayer.com\/es\/el-crecimiento-de-los-espacios-de-oracion-en-los-colegios\/#breadcrumb"},"inLanguage":"es","potentialAction":[{"@type":"ReadAction","target":["https:\/\/www.24-7prayer.com\/es\/el-crecimiento-de-los-espacios-de-oracion-en-los-colegios\/"]}]},{"@type":"BreadcrumbList","@id":"https:\/\/www.24-7prayer.com\/es\/el-crecimiento-de-los-espacios-de-oracion-en-los-colegios\/#breadcrumb","itemListElement":[{"@type":"ListItem","position":1,"name":"Home","item":"https:\/\/www.24-7prayer.com\/es\/"},{"@type":"ListItem","position":2,"name":"El crecimiento de Los espacios de oración en los colegios"}]},{"@type":"WebSite","@id":"https:\/\/www.24-7prayer.com\/es\/#website","url":"https:\/\/www.24-7prayer.com\/es\/","name":"24-7 Prayer International","description":"Prayer Mission Justice","publisher":{"@id":"https:\/\/www.24-7prayer.com\/es\/#organization"},"potentialAction":[{"@type":"SearchAction","target":{"@type":"EntryPoint","urlTemplate":"https:\/\/www.24-7prayer.com\/es\/?s={search_term_string}"},"query-input":{"@type":"PropertyValueSpecification","valueRequired":true,"valueName":"search_term_string"}}],"inLanguage":"es"},{"@type":"Organization","@id":"https:\/\/www.24-7prayer.com\/es\/#organization","name":"24-7 Prayer","url":"https:\/\/www.24-7prayer.com\/es\/","logo":{"@type":"ImageObject","inLanguage":"es","@id":"https:\/\/www.24-7prayer.com\/es\/#\/schema\/logo\/image\/","url":"https:\/\/www.24-7prayer.com\/wp-content\/uploads\/2022\/06\/logo.png","contentUrl":"https:\/\/www.24-7prayer.com\/wp-content\/uploads\/2022\/06\/logo.png","width":302,"height":49,"caption":"24-7 Prayer"},"image":{"@id":"https:\/\/www.24-7prayer.com\/es\/#\/schema\/logo\/image\/"}}]}</script>
<!-- / Yoast SEO plugin. -->

El crecimiento de Los espacios de oración en los colegios - 24-7 Prayer International

Desde que comenzaron Los espacios de oración en los colegios en 2007 hemos seguido y apoyado espacios de oración en 31 naciones. En el último año, incluso durante la pandemia, ha habido espacios de oración en Inglaterra, Irlanda, Gales, Alemania, Australia, Suiza, Malta y Austria. Gracias a la generosidad de tantas personas que nos apoyan, [&hellip;]
