{"id":172471,"date":"2026-04-24T12:30:51","date_gmt":"2026-04-24T11:30:51","guid":{"rendered":"https:\/\/www.24-7prayer.com\/gwp-promo-pack\/"},"modified":"2026-04-26T00:56:25","modified_gmt":"2026-04-25T23:56:25","slug":"gwp-promo-pack","status":"publish","type":"page","link":"https:\/\/www.24-7prayer.com\/es\/gwp-promo-pack\/","title":{"rendered":"Promueve la semana global de oraci\u00f3n"},"content":{"rendered":"\n<p>Encuentra lo que necesitas para ayudar a difundir el mensaje.<br><br>Aqu\u00ed encontrar\u00e1s v\u00eddeos listos para usar, contenido para redes sociales y material que te ayudar\u00e1 a invitar a otras personas a formar parte de la Semana global de oraci\u00f3n 24-7. Tanto si lo compartes con tu iglesia, con tu red de contactos o con un amigo de otro pa\u00eds, estas herramientas est\u00e1n aqu\u00ed para ayudarte.<\/p>\n\n\n\n<div style=\"height:15px\" aria-hidden=\"true\" class=\"wp-block-spacer\"><\/div>\n\n\n\n<div class=\"wp-block-buttons is-content-justification-center is-layout-flex wp-container-core-buttons-is-layout-a89b3969 wp-block-buttons-is-layout-flex\">\n<div class=\"wp-block-button\"><a class=\"wp-block-button__link wp-element-button\" href=\"https:\/\/24-7prayer.dash.app\/portals\/global-week-of-prayer-2026\" target=\"_blank\" rel=\"noreferrer noopener\">Explora el pack de promoci\u00f3n<\/a><\/div>\n<\/div>\n\n\n\n<p><em><em>El pack promocional est\u00e1 disponible actualmente en ingl\u00e9s, espa\u00f1ol, chino, alem\u00e1n, franc\u00e9s, checo, \u00e1rabe y sueco.<\/em><\/em><\/p>\n\n\n\n<p><\/p>\n","protected":false},"excerpt":{"rendered":"<p>Encuentra lo que necesitas para ayudar a difundir el mensaje. Aqu\u00ed encontrar\u00e1s v\u00eddeos listos para usar, contenido para redes sociales y material que te ayudar\u00e1 a invitar a otras personas a formar parte de la Semana global de oraci\u00f3n 24-7. Tanto si lo compartes con tu iglesia, con tu red de contactos o con un [&hellip;]<\/p>\n","protected":false},"author":1026,"featured_media":0,"parent":0,"menu_order":2,"comment_status":"closed","ping_status":"closed","template":"page-templates\/gwofp-page.php","meta":{"_acf_changed":false,"inline_featured_image":false,"footnotes":""},"class_list":["post-172471","page","type-page","status-publish","hentry"],"acf":[],"yoast_head":"<!-- This site is optimized with the Yoast SEO plugin v27.4 - https:\/\/yoast.com\/product\/yoast-seo-wordpress\/ -->\n<title>Promueve la semana global de oraci\u00f3n - 24-7 Prayer International<\/title>\n<meta name=\"description\" content=\"Here you\u2019ll find ready-to-use videos, social media content and branding to help you invite others to be part of the Global Week of 24-7 Prayer.\" \/>\n<meta name=\"robots\" content=\"index, follow, max-snippet:-1, max-image-preview:large, max-video-preview:-1\" \/>\n<link rel=\"canonical\" href=\"https:\/\/www.24-7prayer.com\/es\/gwp-promo-pack\/\" \/>\n<meta property=\"og:locale\" content=\"es_ES\" \/>\n<meta property=\"og:type\" content=\"article\" \/>\n<meta property=\"og:title\" content=\"Promueve la semana global de oraci\u00f3n - 24-7 Prayer International\" \/>\n<meta property=\"og:description\" content=\"Here you\u2019ll find ready-to-use videos, social media content and branding to help you invite others to be part of the Global Week of 24-7 Prayer.\" \/>\n<meta property=\"og:url\" content=\"https:\/\/www.24-7prayer.com\/es\/gwp-promo-pack\/\" \/>\n<meta property=\"og:site_name\" content=\"24-7 Prayer International\" \/>\n<meta property=\"article:modified_time\" content=\"2026-04-25T23:56:25+00:00\" \/>\n<meta name=\"twitter:card\" content=\"summary_large_image\" \/>\n<script type=\"application\/ld+json\" class=\"yoast-schema-graph\">{\"@context\":\"https:\\\/\\\/schema.org\",\"@graph\":[{\"@type\":\"WebPage\",\"@id\":\"https:\\\/\\\/www.24-7prayer.com\\\/es\\\/gwp-promo-pack\\\/\",\"url\":\"https:\\\/\\\/www.24-7prayer.com\\\/es\\\/gwp-promo-pack\\\/\",\"name\":\"Promueve la semana global de oraci\u00f3n - 24-7 Prayer International\",\"isPartOf\":{\"@id\":\"https:\\\/\\\/www.24-7prayer.com\\\/es\\\/#website\"},\"datePublished\":\"2026-04-24T11:30:51+00:00\",\"dateModified\":\"2026-04-25T23:56:25+00:00\",\"description\":\"Here you\u2019ll find ready-to-use videos, social media content and branding to help you invite others to be part of the Global Week of 24-7 Prayer.\",\"breadcrumb\":{\"@id\":\"https:\\\/\\\/www.24-7prayer.com\\\/es\\\/gwp-promo-pack\\\/#breadcrumb\"},\"inLanguage\":\"es\",\"potentialAction\":[{\"@type\":\"ReadAction\",\"target\":[\"https:\\\/\\\/www.24-7prayer.com\\\/es\\\/gwp-promo-pack\\\/\"]}]},{\"@type\":\"BreadcrumbList\",\"@id\":\"https:\\\/\\\/www.24-7prayer.com\\\/es\\\/gwp-promo-pack\\\/#breadcrumb\",\"itemListElement\":[{\"@type\":\"ListItem\",\"position\":1,\"name\":\"Home\",\"item\":\"https:\\\/\\\/www.24-7prayer.com\\\/es\\\/\"},{\"@type\":\"ListItem\",\"position\":2,\"name\":\"Promueve la semana global de oraci\u00f3n\"}]},{\"@type\":\"WebSite\",\"@id\":\"https:\\\/\\\/www.24-7prayer.com\\\/es\\\/#website\",\"url\":\"https:\\\/\\\/www.24-7prayer.com\\\/es\\\/\",\"name\":\"24-7 Prayer International\",\"description\":\"Prayer Mission Justice\",\"publisher\":{\"@id\":\"https:\\\/\\\/www.24-7prayer.com\\\/es\\\/#organization\"},\"potentialAction\":[{\"@type\":\"SearchAction\",\"target\":{\"@type\":\"EntryPoint\",\"urlTemplate\":\"https:\\\/\\\/www.24-7prayer.com\\\/es\\\/?s={search_term_string}\"},\"query-input\":{\"@type\":\"PropertyValueSpecification\",\"valueRequired\":true,\"valueName\":\"search_term_string\"}}],\"inLanguage\":\"es\"},{\"@type\":\"Organization\",\"@id\":\"https:\\\/\\\/www.24-7prayer.com\\\/es\\\/#organization\",\"name\":\"24-7 Prayer\",\"url\":\"https:\\\/\\\/www.24-7prayer.com\\\/es\\\/\",\"logo\":{\"@type\":\"ImageObject\",\"inLanguage\":\"es\",\"@id\":\"https:\\\/\\\/www.24-7prayer.com\\\/es\\\/#\\\/schema\\\/logo\\\/image\\\/\",\"url\":\"https:\\\/\\\/www.24-7prayer.com\\\/wp-content\\\/uploads\\\/2022\\\/06\\\/logo.png\",\"contentUrl\":\"https:\\\/\\\/www.24-7prayer.com\\\/wp-content\\\/uploads\\\/2022\\\/06\\\/logo.png\",\"width\":302,\"height\":49,\"caption\":\"24-7 Prayer\"},\"image\":{\"@id\":\"https:\\\/\\\/www.24-7prayer.com\\\/es\\\/#\\\/schema\\\/logo\\\/image\\\/\"}}]}<\/script>\n<!-- \/ Yoast SEO plugin. -->","yoast_head_json":{"title":"Promueve la semana global de oraci\u00f3n - 24-7 Prayer International","description":"Here you\u2019ll find ready-to-use videos, social media content and branding to help you invite others to be part of the Global Week of 24-7 Prayer.","robots":{"index":"index","follow":"follow","max-snippet":"max-snippet:-1","max-image-preview":"max-image-preview:large","max-video-preview":"max-video-preview:-1"},"canonical":"https:\/\/www.24-7prayer.com\/es\/gwp-promo-pack\/","og_locale":"es_ES","og_type":"article","og_title":"Promueve la semana global de oraci\u00f3n - 24-7 Prayer International","og_description":"Here you\u2019ll find ready-to-use videos, social media content and branding to help you invite others to be part of the Global Week of 24-7 Prayer.","og_url":"https:\/\/www.24-7prayer.com\/es\/gwp-promo-pack\/","og_site_name":"24-7 Prayer International","article_modified_time":"2026-04-25T23:56:25+00:00","twitter_card":"summary_large_image","schema":{"@context":"https:\/\/schema.org","@graph":[{"@type":"WebPage","@id":"https:\/\/www.24-7prayer.com\/es\/gwp-promo-pack\/","url":"https:\/\/www.24-7prayer.com\/es\/gwp-promo-pack\/","name":"Promueve la semana global de oraci\u00f3n - 24-7 Prayer International","isPartOf":{"@id":"https:\/\/www.24-7prayer.com\/es\/#website"},"datePublished":"2026-04-24T11:30:51+00:00","dateModified":"2026-04-25T23:56:25+00:00","description":"Here you\u2019ll find ready-to-use videos, social media content and branding to help you invite others to be part of the Global Week of 24-7 Prayer.","breadcrumb":{"@id":"https:\/\/www.24-7prayer.com\/es\/gwp-promo-pack\/#breadcrumb"},"inLanguage":"es","potentialAction":[{"@type":"ReadAction","target":["https:\/\/www.24-7prayer.com\/es\/gwp-promo-pack\/"]}]},{"@type":"BreadcrumbList","@id":"https:\/\/www.24-7prayer.com\/es\/gwp-promo-pack\/#breadcrumb","itemListElement":[{"@type":"ListItem","position":1,"name":"Home","item":"https:\/\/www.24-7prayer.com\/es\/"},{"@type":"ListItem","position":2,"name":"Promueve la semana global de oraci\u00f3n"}]},{"@type":"WebSite","@id":"https:\/\/www.24-7prayer.com\/es\/#website","url":"https:\/\/www.24-7prayer.com\/es\/","name":"24-7 Prayer International","description":"Prayer Mission Justice","publisher":{"@id":"https:\/\/www.24-7prayer.com\/es\/#organization"},"potentialAction":[{"@type":"SearchAction","target":{"@type":"EntryPoint","urlTemplate":"https:\/\/www.24-7prayer.com\/es\/?s={search_term_string}"},"query-input":{"@type":"PropertyValueSpecification","valueRequired":true,"valueName":"search_term_string"}}],"inLanguage":"es"},{"@type":"Organization","@id":"https:\/\/www.24-7prayer.com\/es\/#organization","name":"24-7 Prayer","url":"https:\/\/www.24-7prayer.com\/es\/","logo":{"@type":"ImageObject","inLanguage":"es","@id":"https:\/\/www.24-7prayer.com\/es\/#\/schema\/logo\/image\/","url":"https:\/\/www.24-7prayer.com\/wp-content\/uploads\/2022\/06\/logo.png","contentUrl":"https:\/\/www.24-7prayer.com\/wp-content\/uploads\/2022\/06\/logo.png","width":302,"height":49,"caption":"24-7 Prayer"},"image":{"@id":"https:\/\/www.24-7prayer.com\/es\/#\/schema\/logo\/image\/"}}]}},"_links":{"self":[{"href":"https:\/\/www.24-7prayer.com\/es\/wp-json\/wp\/v2\/pages\/172471","targetHints":{"allow":["GET"]}}],"collection":[{"href":"https:\/\/www.24-7prayer.com\/es\/wp-json\/wp\/v2\/pages"}],"about":[{"href":"https:\/\/www.24-7prayer.com\/es\/wp-json\/wp\/v2\/types\/page"}],"author":[{"embeddable":true,"href":"https:\/\/www.24-7prayer.com\/es\/wp-json\/wp\/v2\/users\/1026"}],"replies":[{"embeddable":true,"href":"https:\/\/www.24-7prayer.com\/es\/wp-json\/wp\/v2\/comments?post=172471"}],"version-history":[{"count":1,"href":"https:\/\/www.24-7prayer.com\/es\/wp-json\/wp\/v2\/pages\/172471\/revisions"}],"predecessor-version":[{"id":172473,"href":"https:\/\/www.24-7prayer.com\/es\/wp-json\/wp\/v2\/pages\/172471\/revisions\/172473"}],"wp:attachment":[{"href":"https:\/\/www.24-7prayer.com\/es\/wp-json\/wp\/v2\/media?parent=172471"}],"curies":[{"name":"wp","href":"https:\/\/api.w.org\/{rel}","templated":true}]}}

Promueve la semana global de oración

<p>Encuentra lo que necesitas para ayudar a difundir el mensaje.<br><br>Aquí encontrarás vídeos listos para usar, contenido para redes sociales y material que te ayudará a invitar a otras personas a formar parte de la Semana global de oración 24-7. Tanto si lo compartes con tu iglesia, con tu red de contactos o con un amigo de otro país, estas herramientas están aquí para ayudarte.</p>



<div style="height:15px" aria-hidden="true" class="wp-block-spacer"></div>



<div class="wp-block-buttons is-content-justification-center is-layout-flex wp-container-core-buttons-is-layout-a89b3969 wp-block-buttons-is-layout-flex">
<div class="wp-block-button"><a class="wp-block-button__link wp-element-button" href="https://24-7prayer.dash.app/portals/global-week-of-prayer-2026" target="_blank" rel="noreferrer noopener">Explora el pack de promoción</a></div>
</div>



<p><em><em>El pack promocional está disponible actualmente en inglés, español, chino, alemán, francés, checo, árabe y sueco.</em></em></p>



<p></p>

<p>Encuentra lo que necesitas para ayudar a difundir el mensaje. Aquí encontrarás vídeos listos para usar, contenido para redes sociales y material que te ayudará a invitar a otras personas a formar parte de la Semana global de oración 24-7. Tanto si lo compartes con tu iglesia, con tu red de contactos o con un [&hellip;]</p>

<!-- This site is optimized with the Yoast SEO plugin v27.4 - https://yoast.com/product/yoast-seo-wordpress/ -->
<title>Promueve la semana global de oración - 24-7 Prayer International</title>
<meta name="description" content="Here you’ll find ready-to-use videos, social media content and branding to help you invite others to be part of the Global Week of 24-7 Prayer." />
<meta name="robots" content="index, follow, max-snippet:-1, max-image-preview:large, max-video-preview:-1" />
<link rel="canonical" href="https://www.24-7prayer.com/es/gwp-promo-pack/" />
<meta property="og:locale" content="es_ES" />
<meta property="og:type" content="article" />
<meta property="og:title" content="Promueve la semana global de oración - 24-7 Prayer International" />
<meta property="og:description" content="Here you’ll find ready-to-use videos, social media content and branding to help you invite others to be part of the Global Week of 24-7 Prayer." />
<meta property="og:url" content="https://www.24-7prayer.com/es/gwp-promo-pack/" />
<meta property="og:site_name" content="24-7 Prayer International" />
<meta property="article:modified_time" content="2026-04-25T23:56:25+00:00" />
<meta name="twitter:card" content="summary_large_image" />
<script type="application/ld+json" class="yoast-schema-graph">{"@context":"https:\/\/schema.org","@graph":[{"@type":"WebPage","@id":"https:\/\/www.24-7prayer.com\/es\/gwp-promo-pack\/","url":"https:\/\/www.24-7prayer.com\/es\/gwp-promo-pack\/","name":"Promueve la semana global de oración - 24-7 Prayer International","isPartOf":{"@id":"https:\/\/www.24-7prayer.com\/es\/#website"},"datePublished":"2026-04-24T11:30:51+00:00","dateModified":"2026-04-25T23:56:25+00:00","description":"Here you’ll find ready-to-use videos, social media content and branding to help you invite others to be part of the Global Week of 24-7 Prayer.","breadcrumb":{"@id":"https:\/\/www.24-7prayer.com\/es\/gwp-promo-pack\/#breadcrumb"},"inLanguage":"es","potentialAction":[{"@type":"ReadAction","target":["https:\/\/www.24-7prayer.com\/es\/gwp-promo-pack\/"]}]},{"@type":"BreadcrumbList","@id":"https:\/\/www.24-7prayer.com\/es\/gwp-promo-pack\/#breadcrumb","itemListElement":[{"@type":"ListItem","position":1,"name":"Home","item":"https:\/\/www.24-7prayer.com\/es\/"},{"@type":"ListItem","position":2,"name":"Promueve la semana global de oración"}]},{"@type":"WebSite","@id":"https:\/\/www.24-7prayer.com\/es\/#website","url":"https:\/\/www.24-7prayer.com\/es\/","name":"24-7 Prayer International","description":"Prayer Mission Justice","publisher":{"@id":"https:\/\/www.24-7prayer.com\/es\/#organization"},"potentialAction":[{"@type":"SearchAction","target":{"@type":"EntryPoint","urlTemplate":"https:\/\/www.24-7prayer.com\/es\/?s={search_term_string}"},"query-input":{"@type":"PropertyValueSpecification","valueRequired":true,"valueName":"search_term_string"}}],"inLanguage":"es"},{"@type":"Organization","@id":"https:\/\/www.24-7prayer.com\/es\/#organization","name":"24-7 Prayer","url":"https:\/\/www.24-7prayer.com\/es\/","logo":{"@type":"ImageObject","inLanguage":"es","@id":"https:\/\/www.24-7prayer.com\/es\/#\/schema\/logo\/image\/","url":"https:\/\/www.24-7prayer.com\/wp-content\/uploads\/2022\/06\/logo.png","contentUrl":"https:\/\/www.24-7prayer.com\/wp-content\/uploads\/2022\/06\/logo.png","width":302,"height":49,"caption":"24-7 Prayer"},"image":{"@id":"https:\/\/www.24-7prayer.com\/es\/#\/schema\/logo\/image\/"}}]}</script>
<!-- / Yoast SEO plugin. -->

Promueve la semana global de oración - 24-7 Prayer International
