{"id":69653,"date":"2023-10-20T17:17:50","date_gmt":"2023-10-20T16:17:50","guid":{"rendered":"https:\/\/www.24-7prayer.com\/event\/the-gathering-23\/"},"modified":"2023-10-25T09:20:04","modified_gmt":"2023-10-25T08:20:04","slug":"the-gathering-23","status":"publish","type":"mec-events","link":"https:\/\/www.24-7prayer.com\/es\/event\/the-gathering-23\/","title":{"rendered":"The Gathering &#8217;23"},"content":{"rendered":"\n<p>*<em>\u00bfC\u00f3mo, entonces, pueden invocar a aquel en quien no han cre\u00eddo? \u00bfY c\u00f3mo pueden creer en aquel de quien no han o\u00eddo hablar? \u00bfY c\u00f3mo pueden escuchar sin que alguien les predique? \u00bfY c\u00f3mo puede alguien predicar si no es enviado? Como est\u00e1 escrito: \u00ab\u00a1Qu\u00e9 hermosos son los pies de los que traen buenas noticias!\u00bb.<\/em><\/p>\n\n\n\n<p>Romanos 10:14-15<\/p>\n\n\n\n<p>Estamos muy contentos de volver a la hermosa ciudad de Viena con motivo de The Gathering &#8217;23. El movimiento de Oraci\u00f3n 24-7 se ha extendido por todo el mundo, por lo que esta oportunidad de conectar, aprender unos de otros y discernir lo que Dios est\u00e1 haciendo en nosotros y en el mundo es tan vital y siempre muy alentadora. Este a\u00f1o retomaremos el tema de la misi\u00f3n. \u00bfQu\u00e9 significa para nosotros ser \u00abportadores de buenas noticias\u00bb?<\/p>\n\n\n\n<div style=\"height:10px\" aria-hidden=\"true\" class=\"wp-block-spacer\"><\/div>\n\n\n\n<p>El Encuentro de Oraci\u00f3n 24-7 estar\u00e1 repleto de alabanza, oraci\u00f3n, ense\u00f1anza y tiempo juntos en la presencia de Dios. Tanto si llevas a\u00f1os con nosotros como si nunca has estado en The Gathering, eres bienvenido.<br><br>*Puedes inscribirte gratis para ver  las sesiones on line. Selecciona la opci\u00f3n: \u00abEntrada en l\u00ednea\u00bb.<\/p>\n\n\n\n<div style=\"height:10px\" aria-hidden=\"true\" class=\"wp-block-spacer\"><\/div>\n\n\n\n<figure class=\"wp-block-embed is-type-video is-provider-youtube wp-block-embed-youtube wp-embed-aspect-16-9 wp-has-aspect-ratio\"><div class=\"wp-block-embed__wrapper\">\n<iframe loading=\"lazy\" title=\"The Gathering &#039;23: Vienna | 24-7 Prayer\" width=\"500\" height=\"281\" src=\"https:\/\/www.youtube.com\/embed\/ucqD41XJfIE?feature=oembed\" frameborder=\"0\" allow=\"accelerometer; autoplay; clipboard-write; encrypted-media; gyroscope; picture-in-picture; web-share\" referrerpolicy=\"strict-origin-when-cross-origin\" allowfullscreen><\/iframe>\n<\/div><\/figure>\n\n\n\n<h3 class=\"wp-block-heading\">\u00bfPor qu\u00e9 Viena?<\/h3>\n\n\n\n<p>Esta ser\u00e1 la tercera vez que nos juntamos en Viena. Cada vez que hemos celebrado un Gathering all\u00ed en el pasado, ha marcado un punto de inflexi\u00f3n significativo en la historia de Oraci\u00f3n 24-7. Estamos llenos de expectaci\u00f3n por lo que Dios nos hablar\u00e1 este a\u00f1o.<\/p>\n","protected":false},"excerpt":{"rendered":"<p>*\u00bfC\u00f3mo, entonces, pueden invocar a aquel en quien no han cre\u00eddo? \u00bfY c\u00f3mo pueden creer en aquel de quien no han o\u00eddo hablar? \u00bfY c\u00f3mo pueden escuchar sin que alguien les predique? \u00bfY c\u00f3mo puede alguien predicar si no es enviado? Como est\u00e1 escrito: \u00ab\u00a1Qu\u00e9 hermosos son los pies de los que traen buenas noticias!\u00bb. [&hellip;]<\/p>\n","protected":false},"author":607,"featured_media":71612,"comment_status":"closed","ping_status":"closed","template":"","tags":[],"mec_category":[],"class_list":["post-69653","mec-events","type-mec-events","status-publish","has-post-thumbnail","hentry"],"acf":[],"yoast_head":"<!-- This site is optimized with the Yoast SEO plugin v27.4 - https:\/\/yoast.com\/product\/yoast-seo-wordpress\/ -->\n<title>The Gathering &#039;23 - 24-7 Prayer International<\/title>\n<meta name=\"description\" content=\"El Encuentro de Oraci\u00f3n 24-7 estar\u00e1 repleto de alabanza, oraci\u00f3n, ense\u00f1anza y tiempo juntos en la presencia de Dios.\" \/>\n<meta name=\"robots\" content=\"index, follow, max-snippet:-1, max-image-preview:large, max-video-preview:-1\" \/>\n<link rel=\"canonical\" href=\"https:\/\/www.24-7prayer.com\/es\/event\/the-gathering-23\/\" \/>\n<meta property=\"og:locale\" content=\"es_ES\" \/>\n<meta property=\"og:type\" content=\"article\" \/>\n<meta property=\"og:title\" content=\"The Gathering &#039;23 - 24-7 Prayer International\" \/>\n<meta property=\"og:description\" content=\"El Encuentro de Oraci\u00f3n 24-7 estar\u00e1 repleto de alabanza, oraci\u00f3n, ense\u00f1anza y tiempo juntos en la presencia de Dios.\" \/>\n<meta property=\"og:url\" content=\"https:\/\/www.24-7prayer.com\/es\/event\/the-gathering-23\/\" \/>\n<meta property=\"og:site_name\" content=\"24-7 Prayer International\" \/>\n<meta property=\"article:modified_time\" content=\"2023-10-25T08:20:04+00:00\" \/>\n<meta property=\"og:image\" content=\"https:\/\/www.24-7prayer.com\/wp-content\/uploads\/2023\/10\/social_square_1080x1080_ES.jpg\" \/>\n\t<meta property=\"og:image:width\" content=\"1080\" \/>\n\t<meta property=\"og:image:height\" content=\"1080\" \/>\n\t<meta property=\"og:image:type\" content=\"image\/jpeg\" \/>\n<meta name=\"twitter:card\" content=\"summary_large_image\" \/>\n<script type=\"application\/ld+json\" class=\"yoast-schema-graph\">{\"@context\":\"https:\\\/\\\/schema.org\",\"@graph\":[{\"@type\":\"WebPage\",\"@id\":\"https:\\\/\\\/www.24-7prayer.com\\\/es\\\/event\\\/the-gathering-23\\\/\",\"url\":\"https:\\\/\\\/www.24-7prayer.com\\\/es\\\/event\\\/the-gathering-23\\\/\",\"name\":\"The Gathering '23 - 24-7 Prayer International\",\"isPartOf\":{\"@id\":\"https:\\\/\\\/www.24-7prayer.com\\\/es\\\/#website\"},\"primaryImageOfPage\":{\"@id\":\"https:\\\/\\\/www.24-7prayer.com\\\/es\\\/event\\\/the-gathering-23\\\/#primaryimage\"},\"image\":{\"@id\":\"https:\\\/\\\/www.24-7prayer.com\\\/es\\\/event\\\/the-gathering-23\\\/#primaryimage\"},\"thumbnailUrl\":\"https:\\\/\\\/www.24-7prayer.com\\\/wp-content\\\/uploads\\\/2023\\\/10\\\/social_square_1080x1080_ES.jpg\",\"datePublished\":\"2023-10-20T16:17:50+00:00\",\"dateModified\":\"2023-10-25T08:20:04+00:00\",\"description\":\"El Encuentro de Oraci\u00f3n 24-7 estar\u00e1 repleto de alabanza, oraci\u00f3n, ense\u00f1anza y tiempo juntos en la presencia de Dios.\",\"breadcrumb\":{\"@id\":\"https:\\\/\\\/www.24-7prayer.com\\\/es\\\/event\\\/the-gathering-23\\\/#breadcrumb\"},\"inLanguage\":\"es\",\"potentialAction\":[{\"@type\":\"ReadAction\",\"target\":[\"https:\\\/\\\/www.24-7prayer.com\\\/es\\\/event\\\/the-gathering-23\\\/\"]}]},{\"@type\":\"ImageObject\",\"inLanguage\":\"es\",\"@id\":\"https:\\\/\\\/www.24-7prayer.com\\\/es\\\/event\\\/the-gathering-23\\\/#primaryimage\",\"url\":\"https:\\\/\\\/www.24-7prayer.com\\\/wp-content\\\/uploads\\\/2023\\\/10\\\/social_square_1080x1080_ES.jpg\",\"contentUrl\":\"https:\\\/\\\/www.24-7prayer.com\\\/wp-content\\\/uploads\\\/2023\\\/10\\\/social_square_1080x1080_ES.jpg\",\"width\":1080,\"height\":1080},{\"@type\":\"BreadcrumbList\",\"@id\":\"https:\\\/\\\/www.24-7prayer.com\\\/es\\\/event\\\/the-gathering-23\\\/#breadcrumb\",\"itemListElement\":[{\"@type\":\"ListItem\",\"position\":1,\"name\":\"Home\",\"item\":\"https:\\\/\\\/www.24-7prayer.com\\\/es\\\/\"},{\"@type\":\"ListItem\",\"position\":2,\"name\":\"The Gathering &#8217;23\"}]},{\"@type\":\"WebSite\",\"@id\":\"https:\\\/\\\/www.24-7prayer.com\\\/es\\\/#website\",\"url\":\"https:\\\/\\\/www.24-7prayer.com\\\/es\\\/\",\"name\":\"24-7 Prayer International\",\"description\":\"Prayer Mission Justice\",\"publisher\":{\"@id\":\"https:\\\/\\\/www.24-7prayer.com\\\/es\\\/#organization\"},\"potentialAction\":[{\"@type\":\"SearchAction\",\"target\":{\"@type\":\"EntryPoint\",\"urlTemplate\":\"https:\\\/\\\/www.24-7prayer.com\\\/es\\\/?s={search_term_string}\"},\"query-input\":{\"@type\":\"PropertyValueSpecification\",\"valueRequired\":true,\"valueName\":\"search_term_string\"}}],\"inLanguage\":\"es\"},{\"@type\":\"Organization\",\"@id\":\"https:\\\/\\\/www.24-7prayer.com\\\/es\\\/#organization\",\"name\":\"24-7 Prayer\",\"url\":\"https:\\\/\\\/www.24-7prayer.com\\\/es\\\/\",\"logo\":{\"@type\":\"ImageObject\",\"inLanguage\":\"es\",\"@id\":\"https:\\\/\\\/www.24-7prayer.com\\\/es\\\/#\\\/schema\\\/logo\\\/image\\\/\",\"url\":\"https:\\\/\\\/www.24-7prayer.com\\\/wp-content\\\/uploads\\\/2022\\\/06\\\/logo.png\",\"contentUrl\":\"https:\\\/\\\/www.24-7prayer.com\\\/wp-content\\\/uploads\\\/2022\\\/06\\\/logo.png\",\"width\":302,\"height\":49,\"caption\":\"24-7 Prayer\"},\"image\":{\"@id\":\"https:\\\/\\\/www.24-7prayer.com\\\/es\\\/#\\\/schema\\\/logo\\\/image\\\/\"}}]}<\/script>\n<!-- \/ Yoast SEO plugin. -->","yoast_head_json":{"title":"The Gathering '23 - 24-7 Prayer International","description":"El Encuentro de Oraci\u00f3n 24-7 estar\u00e1 repleto de alabanza, oraci\u00f3n, ense\u00f1anza y tiempo juntos en la presencia de Dios.","robots":{"index":"index","follow":"follow","max-snippet":"max-snippet:-1","max-image-preview":"max-image-preview:large","max-video-preview":"max-video-preview:-1"},"canonical":"https:\/\/www.24-7prayer.com\/es\/event\/the-gathering-23\/","og_locale":"es_ES","og_type":"article","og_title":"The Gathering '23 - 24-7 Prayer International","og_description":"El Encuentro de Oraci\u00f3n 24-7 estar\u00e1 repleto de alabanza, oraci\u00f3n, ense\u00f1anza y tiempo juntos en la presencia de Dios.","og_url":"https:\/\/www.24-7prayer.com\/es\/event\/the-gathering-23\/","og_site_name":"24-7 Prayer International","article_modified_time":"2023-10-25T08:20:04+00:00","og_image":[{"width":1080,"height":1080,"url":"https:\/\/www.24-7prayer.com\/wp-content\/uploads\/2023\/10\/social_square_1080x1080_ES.jpg","type":"image\/jpeg"}],"twitter_card":"summary_large_image","schema":{"@context":"https:\/\/schema.org","@graph":[{"@type":"WebPage","@id":"https:\/\/www.24-7prayer.com\/es\/event\/the-gathering-23\/","url":"https:\/\/www.24-7prayer.com\/es\/event\/the-gathering-23\/","name":"The Gathering '23 - 24-7 Prayer International","isPartOf":{"@id":"https:\/\/www.24-7prayer.com\/es\/#website"},"primaryImageOfPage":{"@id":"https:\/\/www.24-7prayer.com\/es\/event\/the-gathering-23\/#primaryimage"},"image":{"@id":"https:\/\/www.24-7prayer.com\/es\/event\/the-gathering-23\/#primaryimage"},"thumbnailUrl":"https:\/\/www.24-7prayer.com\/wp-content\/uploads\/2023\/10\/social_square_1080x1080_ES.jpg","datePublished":"2023-10-20T16:17:50+00:00","dateModified":"2023-10-25T08:20:04+00:00","description":"El Encuentro de Oraci\u00f3n 24-7 estar\u00e1 repleto de alabanza, oraci\u00f3n, ense\u00f1anza y tiempo juntos en la presencia de Dios.","breadcrumb":{"@id":"https:\/\/www.24-7prayer.com\/es\/event\/the-gathering-23\/#breadcrumb"},"inLanguage":"es","potentialAction":[{"@type":"ReadAction","target":["https:\/\/www.24-7prayer.com\/es\/event\/the-gathering-23\/"]}]},{"@type":"ImageObject","inLanguage":"es","@id":"https:\/\/www.24-7prayer.com\/es\/event\/the-gathering-23\/#primaryimage","url":"https:\/\/www.24-7prayer.com\/wp-content\/uploads\/2023\/10\/social_square_1080x1080_ES.jpg","contentUrl":"https:\/\/www.24-7prayer.com\/wp-content\/uploads\/2023\/10\/social_square_1080x1080_ES.jpg","width":1080,"height":1080},{"@type":"BreadcrumbList","@id":"https:\/\/www.24-7prayer.com\/es\/event\/the-gathering-23\/#breadcrumb","itemListElement":[{"@type":"ListItem","position":1,"name":"Home","item":"https:\/\/www.24-7prayer.com\/es\/"},{"@type":"ListItem","position":2,"name":"The Gathering &#8217;23"}]},{"@type":"WebSite","@id":"https:\/\/www.24-7prayer.com\/es\/#website","url":"https:\/\/www.24-7prayer.com\/es\/","name":"24-7 Prayer International","description":"Prayer Mission Justice","publisher":{"@id":"https:\/\/www.24-7prayer.com\/es\/#organization"},"potentialAction":[{"@type":"SearchAction","target":{"@type":"EntryPoint","urlTemplate":"https:\/\/www.24-7prayer.com\/es\/?s={search_term_string}"},"query-input":{"@type":"PropertyValueSpecification","valueRequired":true,"valueName":"search_term_string"}}],"inLanguage":"es"},{"@type":"Organization","@id":"https:\/\/www.24-7prayer.com\/es\/#organization","name":"24-7 Prayer","url":"https:\/\/www.24-7prayer.com\/es\/","logo":{"@type":"ImageObject","inLanguage":"es","@id":"https:\/\/www.24-7prayer.com\/es\/#\/schema\/logo\/image\/","url":"https:\/\/www.24-7prayer.com\/wp-content\/uploads\/2022\/06\/logo.png","contentUrl":"https:\/\/www.24-7prayer.com\/wp-content\/uploads\/2022\/06\/logo.png","width":302,"height":49,"caption":"24-7 Prayer"},"image":{"@id":"https:\/\/www.24-7prayer.com\/es\/#\/schema\/logo\/image\/"}}]}},"_links":{"self":[{"href":"https:\/\/www.24-7prayer.com\/es\/wp-json\/wp\/v2\/mec-events\/69653","targetHints":{"allow":["GET"]}}],"collection":[{"href":"https:\/\/www.24-7prayer.com\/es\/wp-json\/wp\/v2\/mec-events"}],"about":[{"href":"https:\/\/www.24-7prayer.com\/es\/wp-json\/wp\/v2\/types\/mec-events"}],"author":[{"embeddable":true,"href":"https:\/\/www.24-7prayer.com\/es\/wp-json\/wp\/v2\/users\/607"}],"replies":[{"embeddable":true,"href":"https:\/\/www.24-7prayer.com\/es\/wp-json\/wp\/v2\/comments?post=69653"}],"wp:featuredmedia":[{"embeddable":true,"href":"https:\/\/www.24-7prayer.com\/es\/wp-json\/wp\/v2\/media\/71612"}],"wp:attachment":[{"href":"https:\/\/www.24-7prayer.com\/es\/wp-json\/wp\/v2\/media?parent=69653"}],"wp:term":[{"taxonomy":"post_tag","embeddable":true,"href":"https:\/\/www.24-7prayer.com\/es\/wp-json\/wp\/v2\/tags?post=69653"},{"taxonomy":"mec_category","embeddable":true,"href":"https:\/\/www.24-7prayer.com\/es\/wp-json\/wp\/v2\/mec_category?post=69653"}],"curies":[{"name":"wp","href":"https:\/\/api.w.org\/{rel}","templated":true}]}}

<p>*<em>¿Cómo, entonces, pueden invocar a aquel en quien no han creído? ¿Y cómo pueden creer en aquel de quien no han oído hablar? ¿Y cómo pueden escuchar sin que alguien les predique? ¿Y cómo puede alguien predicar si no es enviado? Como está escrito: «¡Qué hermosos son los pies de los que traen buenas noticias!».</em></p>



<p>Romanos 10:14-15</p>



<p>Estamos muy contentos de volver a la hermosa ciudad de Viena con motivo de The Gathering &#8217;23. El movimiento de Oración 24-7 se ha extendido por todo el mundo, por lo que esta oportunidad de conectar, aprender unos de otros y discernir lo que Dios está haciendo en nosotros y en el mundo es tan vital y siempre muy alentadora. Este año retomaremos el tema de la misión. ¿Qué significa para nosotros ser «portadores de buenas noticias»?</p>



<div style="height:10px" aria-hidden="true" class="wp-block-spacer"></div>



<p>El Encuentro de Oración 24-7 estará repleto de alabanza, oración, enseñanza y tiempo juntos en la presencia de Dios. Tanto si llevas años con nosotros como si nunca has estado en The Gathering, eres bienvenido.<br><br>*Puedes inscribirte gratis para ver  las sesiones on line. Selecciona la opción: «Entrada en línea».</p>



<div style="height:10px" aria-hidden="true" class="wp-block-spacer"></div>



<figure class="wp-block-embed is-type-video is-provider-youtube wp-block-embed-youtube wp-embed-aspect-16-9 wp-has-aspect-ratio"><div class="wp-block-embed__wrapper">
<iframe loading="lazy" title="The Gathering &#039;23: Vienna | 24-7 Prayer" width="500" height="281" src="https://www.youtube.com/embed/ucqD41XJfIE?feature=oembed" frameborder="0" allow="accelerometer; autoplay; clipboard-write; encrypted-media; gyroscope; picture-in-picture; web-share" referrerpolicy="strict-origin-when-cross-origin" allowfullscreen></iframe>
</div></figure>



<h3 class="wp-block-heading">¿Por qué Viena?</h3>



<p>Esta será la tercera vez que nos juntamos en Viena. Cada vez que hemos celebrado un Gathering allí en el pasado, ha marcado un punto de inflexión significativo en la historia de Oración 24-7. Estamos llenos de expectación por lo que Dios nos hablará este año.</p>

<p>*¿Cómo, entonces, pueden invocar a aquel en quien no han creído? ¿Y cómo pueden creer en aquel de quien no han oído hablar? ¿Y cómo pueden escuchar sin que alguien les predique? ¿Y cómo puede alguien predicar si no es enviado? Como está escrito: «¡Qué hermosos son los pies de los que traen buenas noticias!». [&hellip;]</p>

<!-- This site is optimized with the Yoast SEO plugin v27.4 - https://yoast.com/product/yoast-seo-wordpress/ -->
<title>The Gathering &#039;23 - 24-7 Prayer International</title>
<meta name="description" content="El Encuentro de Oración 24-7 estará repleto de alabanza, oración, enseñanza y tiempo juntos en la presencia de Dios." />
<meta name="robots" content="index, follow, max-snippet:-1, max-image-preview:large, max-video-preview:-1" />
<link rel="canonical" href="https://www.24-7prayer.com/es/event/the-gathering-23/" />
<meta property="og:locale" content="es_ES" />
<meta property="og:type" content="article" />
<meta property="og:title" content="The Gathering &#039;23 - 24-7 Prayer International" />
<meta property="og:description" content="El Encuentro de Oración 24-7 estará repleto de alabanza, oración, enseñanza y tiempo juntos en la presencia de Dios." />
<meta property="og:url" content="https://www.24-7prayer.com/es/event/the-gathering-23/" />
<meta property="og:site_name" content="24-7 Prayer International" />
<meta property="article:modified_time" content="2023-10-25T08:20:04+00:00" />
<meta property="og:image" content="https://www.24-7prayer.com/wp-content/uploads/2023/10/social_square_1080x1080_ES.jpg" />
	<meta property="og:image:width" content="1080" />
	<meta property="og:image:height" content="1080" />
	<meta property="og:image:type" content="image/jpeg" />
<meta name="twitter:card" content="summary_large_image" />
<script type="application/ld+json" class="yoast-schema-graph">{"@context":"https:\/\/schema.org","@graph":[{"@type":"WebPage","@id":"https:\/\/www.24-7prayer.com\/es\/event\/the-gathering-23\/","url":"https:\/\/www.24-7prayer.com\/es\/event\/the-gathering-23\/","name":"The Gathering '23 - 24-7 Prayer International","isPartOf":{"@id":"https:\/\/www.24-7prayer.com\/es\/#website"},"primaryImageOfPage":{"@id":"https:\/\/www.24-7prayer.com\/es\/event\/the-gathering-23\/#primaryimage"},"image":{"@id":"https:\/\/www.24-7prayer.com\/es\/event\/the-gathering-23\/#primaryimage"},"thumbnailUrl":"https:\/\/www.24-7prayer.com\/wp-content\/uploads\/2023\/10\/social_square_1080x1080_ES.jpg","datePublished":"2023-10-20T16:17:50+00:00","dateModified":"2023-10-25T08:20:04+00:00","description":"El Encuentro de Oración 24-7 estará repleto de alabanza, oración, enseñanza y tiempo juntos en la presencia de Dios.","breadcrumb":{"@id":"https:\/\/www.24-7prayer.com\/es\/event\/the-gathering-23\/#breadcrumb"},"inLanguage":"es","potentialAction":[{"@type":"ReadAction","target":["https:\/\/www.24-7prayer.com\/es\/event\/the-gathering-23\/"]}]},{"@type":"ImageObject","inLanguage":"es","@id":"https:\/\/www.24-7prayer.com\/es\/event\/the-gathering-23\/#primaryimage","url":"https:\/\/www.24-7prayer.com\/wp-content\/uploads\/2023\/10\/social_square_1080x1080_ES.jpg","contentUrl":"https:\/\/www.24-7prayer.com\/wp-content\/uploads\/2023\/10\/social_square_1080x1080_ES.jpg","width":1080,"height":1080},{"@type":"BreadcrumbList","@id":"https:\/\/www.24-7prayer.com\/es\/event\/the-gathering-23\/#breadcrumb","itemListElement":[{"@type":"ListItem","position":1,"name":"Home","item":"https:\/\/www.24-7prayer.com\/es\/"},{"@type":"ListItem","position":2,"name":"The Gathering &#8217;23"}]},{"@type":"WebSite","@id":"https:\/\/www.24-7prayer.com\/es\/#website","url":"https:\/\/www.24-7prayer.com\/es\/","name":"24-7 Prayer International","description":"Prayer Mission Justice","publisher":{"@id":"https:\/\/www.24-7prayer.com\/es\/#organization"},"potentialAction":[{"@type":"SearchAction","target":{"@type":"EntryPoint","urlTemplate":"https:\/\/www.24-7prayer.com\/es\/?s={search_term_string}"},"query-input":{"@type":"PropertyValueSpecification","valueRequired":true,"valueName":"search_term_string"}}],"inLanguage":"es"},{"@type":"Organization","@id":"https:\/\/www.24-7prayer.com\/es\/#organization","name":"24-7 Prayer","url":"https:\/\/www.24-7prayer.com\/es\/","logo":{"@type":"ImageObject","inLanguage":"es","@id":"https:\/\/www.24-7prayer.com\/es\/#\/schema\/logo\/image\/","url":"https:\/\/www.24-7prayer.com\/wp-content\/uploads\/2022\/06\/logo.png","contentUrl":"https:\/\/www.24-7prayer.com\/wp-content\/uploads\/2022\/06\/logo.png","width":302,"height":49,"caption":"24-7 Prayer"},"image":{"@id":"https:\/\/www.24-7prayer.com\/es\/#\/schema\/logo\/image\/"}}]}</script>
<!-- / Yoast SEO plugin. -->

El Encuentro de Oración 24-7 estará repleto de alabanza, oración, enseñanza y tiempo juntos en la presencia de Dios.
