{"id":143755,"date":"2025-02-26T17:03:33","date_gmt":"2025-02-26T17:03:33","guid":{"rendered":"https:\/\/www.24-7prayer.com\/?post_type=mec-events&#038;p=143755"},"modified":"2025-02-26T17:03:40","modified_gmt":"2025-02-26T17:03:40","slug":"the-gathering-de-oracion-24-7-peru","status":"publish","type":"mec-events","link":"https:\/\/www.24-7prayer.com\/es\/event\/the-gathering-de-oracion-24-7-peru\/","title":{"rendered":"\u201cThe Gathering\u201d de Oraci\u00f3n 24-7 Per\u00fa"},"content":{"rendered":"\n<p>The Gathering es un encuentro espiritual lleno de adoraci\u00f3n, oraci\u00f3n, ense\u00f1anza y tiempo de compartir y divertirnos en la presencia de Dios.<\/p>\n\n\n\n<p>El tema de esta conferencia es \u201cAcerqu\u00e9monos a Dios\u201d, basado en Santiago 4:8 (NTV) \u201cAc\u00e9rquense a Dios, y Dios se acercar\u00e1 a ustedes\u2026\u201d. Nuestro coraz\u00f3n es servir a la iglesia local entrenando y equipando a las personas en una vida de oraci\u00f3n para traer avivamiento y dar forma a la cultura del Reino de Dios aqu\u00ed en la tierra.<\/p>\n\n\n\n<p><strong>Horario:<br><\/strong>Nuestra conferencia se llevar\u00e1 a cabo los d\u00edas:&nbsp;<\/p>\n\n\n\n<p>Viernes 13 de junio de 2025 de 5:00 p.m.&nbsp; a&nbsp; 8:00 p.m.<br>S\u00e1bado 14 de junio de 2025 de 8:00 a.m. a&nbsp; 9:00 p.m.<br>Domingo 15 de junio de 2025 de 9:00 a.m. a&nbsp; 1:00 p. m.<\/p>\n\n\n\n<p><strong>Expositores:<br><\/strong>Junto a Andy y Helen Taylor, Directores de Oraci\u00f3n 24-7 Per\u00fa, escucharemos a invitados como Brian Heasley, Director Internacional de Oraci\u00f3n 24-7; Juan Pablo Daza y Maria Reyes, de Oraci\u00f3n 24-7 Colombia; Pastor Americo Ramos, pastor principal de Iglesia CORASON, entre otros importantes exponentes.<\/p>\n\n\n\n<p><strong>Lugar:<br><\/strong>El lugar del evento se realizar\u00e1 en el auditorio de la Iglesia CORASON, ubicada en Patron San Sebastian,&nbsp; Av. Jerusal\u00e9n N\u00b0 700, Cusco, Peru. Puedes venir en su propio carro pues contamos con estacionamiento y guardian\u00eda, o bien optar por un taxi. Adem\u00e1s, dispondremos de un servicio de transporte desde Agua Buena,&nbsp; que estar\u00e1 disponible 20 minutos antes del inicio de las actividades de la conferencia.<\/p>\n","protected":false},"excerpt":{"rendered":"<p>The Gathering es un encuentro espiritual lleno de adoraci\u00f3n, oraci\u00f3n, ense\u00f1anza y tiempo de compartir y divertirnos en la presencia de Dios. El tema de esta conferencia es \u201cAcerqu\u00e9monos a Dios\u201d, basado en Santiago 4:8 (NTV) \u201cAc\u00e9rquense a Dios, y Dios se acercar\u00e1 a ustedes\u2026\u201d. Nuestro coraz\u00f3n es servir a la iglesia local entrenando y [&hellip;]<\/p>\n","protected":false},"author":1026,"featured_media":143754,"comment_status":"closed","ping_status":"closed","template":"","tags":[812],"mec_category":[959],"class_list":["post-143755","mec-events","type-mec-events","status-publish","has-post-thumbnail","hentry","tag-encuentros","mec_category-encuentro-nacional"],"acf":[],"yoast_head":"<!-- This site is optimized with the Yoast SEO plugin v27.4 - https:\/\/yoast.com\/product\/yoast-seo-wordpress\/ -->\n<title>\u201cThe Gathering\u201d de Oraci\u00f3n 24-7 Per\u00fa - 24-7 Prayer International<\/title>\n<meta name=\"robots\" content=\"index, follow, max-snippet:-1, max-image-preview:large, max-video-preview:-1\" \/>\n<link rel=\"canonical\" href=\"https:\/\/www.24-7prayer.com\/es\/event\/the-gathering-de-oracion-24-7-peru\/\" \/>\n<meta property=\"og:locale\" content=\"es_ES\" \/>\n<meta property=\"og:type\" content=\"article\" \/>\n<meta property=\"og:title\" content=\"\u201cThe Gathering\u201d de Oraci\u00f3n 24-7 Per\u00fa - 24-7 Prayer International\" \/>\n<meta property=\"og:description\" content=\"The Gathering es un encuentro espiritual lleno de adoraci\u00f3n, oraci\u00f3n, ense\u00f1anza y tiempo de compartir y divertirnos en la presencia de Dios. El tema de esta conferencia es \u201cAcerqu\u00e9monos a Dios\u201d, basado en Santiago 4:8 (NTV) \u201cAc\u00e9rquense a Dios, y Dios se acercar\u00e1 a ustedes\u2026\u201d. Nuestro coraz\u00f3n es servir a la iglesia local entrenando y [&hellip;]\" \/>\n<meta property=\"og:url\" content=\"https:\/\/www.24-7prayer.com\/es\/event\/the-gathering-de-oracion-24-7-peru\/\" \/>\n<meta property=\"og:site_name\" content=\"24-7 Prayer International\" \/>\n<meta property=\"article:modified_time\" content=\"2025-02-26T17:03:40+00:00\" \/>\n<meta property=\"og:image\" content=\"https:\/\/www.24-7prayer.com\/wp-content\/uploads\/2025\/02\/Cover_Launch-video.png\" \/>\n\t<meta property=\"og:image:width\" content=\"1082\" \/>\n\t<meta property=\"og:image:height\" content=\"1921\" \/>\n\t<meta property=\"og:image:type\" content=\"image\/png\" \/>\n<meta name=\"twitter:card\" content=\"summary_large_image\" \/>\n<script type=\"application\/ld+json\" class=\"yoast-schema-graph\">{\"@context\":\"https:\\\/\\\/schema.org\",\"@graph\":[{\"@type\":\"WebPage\",\"@id\":\"https:\\\/\\\/www.24-7prayer.com\\\/es\\\/event\\\/the-gathering-de-oracion-24-7-peru\\\/\",\"url\":\"https:\\\/\\\/www.24-7prayer.com\\\/es\\\/event\\\/the-gathering-de-oracion-24-7-peru\\\/\",\"name\":\"\u201cThe Gathering\u201d de Oraci\u00f3n 24-7 Per\u00fa - 24-7 Prayer International\",\"isPartOf\":{\"@id\":\"https:\\\/\\\/www.24-7prayer.com\\\/es\\\/#website\"},\"primaryImageOfPage\":{\"@id\":\"https:\\\/\\\/www.24-7prayer.com\\\/es\\\/event\\\/the-gathering-de-oracion-24-7-peru\\\/#primaryimage\"},\"image\":{\"@id\":\"https:\\\/\\\/www.24-7prayer.com\\\/es\\\/event\\\/the-gathering-de-oracion-24-7-peru\\\/#primaryimage\"},\"thumbnailUrl\":\"https:\\\/\\\/www.24-7prayer.com\\\/wp-content\\\/uploads\\\/2025\\\/02\\\/Cover_Launch-video.png\",\"datePublished\":\"2025-02-26T17:03:33+00:00\",\"dateModified\":\"2025-02-26T17:03:40+00:00\",\"breadcrumb\":{\"@id\":\"https:\\\/\\\/www.24-7prayer.com\\\/es\\\/event\\\/the-gathering-de-oracion-24-7-peru\\\/#breadcrumb\"},\"inLanguage\":\"es\",\"potentialAction\":[{\"@type\":\"ReadAction\",\"target\":[\"https:\\\/\\\/www.24-7prayer.com\\\/es\\\/event\\\/the-gathering-de-oracion-24-7-peru\\\/\"]}]},{\"@type\":\"ImageObject\",\"inLanguage\":\"es\",\"@id\":\"https:\\\/\\\/www.24-7prayer.com\\\/es\\\/event\\\/the-gathering-de-oracion-24-7-peru\\\/#primaryimage\",\"url\":\"https:\\\/\\\/www.24-7prayer.com\\\/wp-content\\\/uploads\\\/2025\\\/02\\\/Cover_Launch-video.png\",\"contentUrl\":\"https:\\\/\\\/www.24-7prayer.com\\\/wp-content\\\/uploads\\\/2025\\\/02\\\/Cover_Launch-video.png\",\"width\":1082,\"height\":1921},{\"@type\":\"BreadcrumbList\",\"@id\":\"https:\\\/\\\/www.24-7prayer.com\\\/es\\\/event\\\/the-gathering-de-oracion-24-7-peru\\\/#breadcrumb\",\"itemListElement\":[{\"@type\":\"ListItem\",\"position\":1,\"name\":\"Home\",\"item\":\"https:\\\/\\\/www.24-7prayer.com\\\/es\\\/\"},{\"@type\":\"ListItem\",\"position\":2,\"name\":\"\u201cThe Gathering\u201d de Oraci\u00f3n 24-7 Per\u00fa\"}]},{\"@type\":\"WebSite\",\"@id\":\"https:\\\/\\\/www.24-7prayer.com\\\/es\\\/#website\",\"url\":\"https:\\\/\\\/www.24-7prayer.com\\\/es\\\/\",\"name\":\"24-7 Prayer International\",\"description\":\"Prayer Mission Justice\",\"publisher\":{\"@id\":\"https:\\\/\\\/www.24-7prayer.com\\\/es\\\/#organization\"},\"potentialAction\":[{\"@type\":\"SearchAction\",\"target\":{\"@type\":\"EntryPoint\",\"urlTemplate\":\"https:\\\/\\\/www.24-7prayer.com\\\/es\\\/?s={search_term_string}\"},\"query-input\":{\"@type\":\"PropertyValueSpecification\",\"valueRequired\":true,\"valueName\":\"search_term_string\"}}],\"inLanguage\":\"es\"},{\"@type\":\"Organization\",\"@id\":\"https:\\\/\\\/www.24-7prayer.com\\\/es\\\/#organization\",\"name\":\"24-7 Prayer\",\"url\":\"https:\\\/\\\/www.24-7prayer.com\\\/es\\\/\",\"logo\":{\"@type\":\"ImageObject\",\"inLanguage\":\"es\",\"@id\":\"https:\\\/\\\/www.24-7prayer.com\\\/es\\\/#\\\/schema\\\/logo\\\/image\\\/\",\"url\":\"https:\\\/\\\/www.24-7prayer.com\\\/wp-content\\\/uploads\\\/2022\\\/06\\\/logo.png\",\"contentUrl\":\"https:\\\/\\\/www.24-7prayer.com\\\/wp-content\\\/uploads\\\/2022\\\/06\\\/logo.png\",\"width\":302,\"height\":49,\"caption\":\"24-7 Prayer\"},\"image\":{\"@id\":\"https:\\\/\\\/www.24-7prayer.com\\\/es\\\/#\\\/schema\\\/logo\\\/image\\\/\"}}]}<\/script>\n<!-- \/ Yoast SEO plugin. -->","yoast_head_json":{"title":"\u201cThe Gathering\u201d de Oraci\u00f3n 24-7 Per\u00fa - 24-7 Prayer International","robots":{"index":"index","follow":"follow","max-snippet":"max-snippet:-1","max-image-preview":"max-image-preview:large","max-video-preview":"max-video-preview:-1"},"canonical":"https:\/\/www.24-7prayer.com\/es\/event\/the-gathering-de-oracion-24-7-peru\/","og_locale":"es_ES","og_type":"article","og_title":"\u201cThe Gathering\u201d de Oraci\u00f3n 24-7 Per\u00fa - 24-7 Prayer International","og_description":"The Gathering es un encuentro espiritual lleno de adoraci\u00f3n, oraci\u00f3n, ense\u00f1anza y tiempo de compartir y divertirnos en la presencia de Dios. El tema de esta conferencia es \u201cAcerqu\u00e9monos a Dios\u201d, basado en Santiago 4:8 (NTV) \u201cAc\u00e9rquense a Dios, y Dios se acercar\u00e1 a ustedes\u2026\u201d. Nuestro coraz\u00f3n es servir a la iglesia local entrenando y [&hellip;]","og_url":"https:\/\/www.24-7prayer.com\/es\/event\/the-gathering-de-oracion-24-7-peru\/","og_site_name":"24-7 Prayer International","article_modified_time":"2025-02-26T17:03:40+00:00","og_image":[{"width":1082,"height":1921,"url":"https:\/\/www.24-7prayer.com\/wp-content\/uploads\/2025\/02\/Cover_Launch-video.png","type":"image\/png"}],"twitter_card":"summary_large_image","schema":{"@context":"https:\/\/schema.org","@graph":[{"@type":"WebPage","@id":"https:\/\/www.24-7prayer.com\/es\/event\/the-gathering-de-oracion-24-7-peru\/","url":"https:\/\/www.24-7prayer.com\/es\/event\/the-gathering-de-oracion-24-7-peru\/","name":"\u201cThe Gathering\u201d de Oraci\u00f3n 24-7 Per\u00fa - 24-7 Prayer International","isPartOf":{"@id":"https:\/\/www.24-7prayer.com\/es\/#website"},"primaryImageOfPage":{"@id":"https:\/\/www.24-7prayer.com\/es\/event\/the-gathering-de-oracion-24-7-peru\/#primaryimage"},"image":{"@id":"https:\/\/www.24-7prayer.com\/es\/event\/the-gathering-de-oracion-24-7-peru\/#primaryimage"},"thumbnailUrl":"https:\/\/www.24-7prayer.com\/wp-content\/uploads\/2025\/02\/Cover_Launch-video.png","datePublished":"2025-02-26T17:03:33+00:00","dateModified":"2025-02-26T17:03:40+00:00","breadcrumb":{"@id":"https:\/\/www.24-7prayer.com\/es\/event\/the-gathering-de-oracion-24-7-peru\/#breadcrumb"},"inLanguage":"es","potentialAction":[{"@type":"ReadAction","target":["https:\/\/www.24-7prayer.com\/es\/event\/the-gathering-de-oracion-24-7-peru\/"]}]},{"@type":"ImageObject","inLanguage":"es","@id":"https:\/\/www.24-7prayer.com\/es\/event\/the-gathering-de-oracion-24-7-peru\/#primaryimage","url":"https:\/\/www.24-7prayer.com\/wp-content\/uploads\/2025\/02\/Cover_Launch-video.png","contentUrl":"https:\/\/www.24-7prayer.com\/wp-content\/uploads\/2025\/02\/Cover_Launch-video.png","width":1082,"height":1921},{"@type":"BreadcrumbList","@id":"https:\/\/www.24-7prayer.com\/es\/event\/the-gathering-de-oracion-24-7-peru\/#breadcrumb","itemListElement":[{"@type":"ListItem","position":1,"name":"Home","item":"https:\/\/www.24-7prayer.com\/es\/"},{"@type":"ListItem","position":2,"name":"\u201cThe Gathering\u201d de Oraci\u00f3n 24-7 Per\u00fa"}]},{"@type":"WebSite","@id":"https:\/\/www.24-7prayer.com\/es\/#website","url":"https:\/\/www.24-7prayer.com\/es\/","name":"24-7 Prayer International","description":"Prayer Mission Justice","publisher":{"@id":"https:\/\/www.24-7prayer.com\/es\/#organization"},"potentialAction":[{"@type":"SearchAction","target":{"@type":"EntryPoint","urlTemplate":"https:\/\/www.24-7prayer.com\/es\/?s={search_term_string}"},"query-input":{"@type":"PropertyValueSpecification","valueRequired":true,"valueName":"search_term_string"}}],"inLanguage":"es"},{"@type":"Organization","@id":"https:\/\/www.24-7prayer.com\/es\/#organization","name":"24-7 Prayer","url":"https:\/\/www.24-7prayer.com\/es\/","logo":{"@type":"ImageObject","inLanguage":"es","@id":"https:\/\/www.24-7prayer.com\/es\/#\/schema\/logo\/image\/","url":"https:\/\/www.24-7prayer.com\/wp-content\/uploads\/2022\/06\/logo.png","contentUrl":"https:\/\/www.24-7prayer.com\/wp-content\/uploads\/2022\/06\/logo.png","width":302,"height":49,"caption":"24-7 Prayer"},"image":{"@id":"https:\/\/www.24-7prayer.com\/es\/#\/schema\/logo\/image\/"}}]}},"_links":{"self":[{"href":"https:\/\/www.24-7prayer.com\/es\/wp-json\/wp\/v2\/mec-events\/143755","targetHints":{"allow":["GET"]}}],"collection":[{"href":"https:\/\/www.24-7prayer.com\/es\/wp-json\/wp\/v2\/mec-events"}],"about":[{"href":"https:\/\/www.24-7prayer.com\/es\/wp-json\/wp\/v2\/types\/mec-events"}],"author":[{"embeddable":true,"href":"https:\/\/www.24-7prayer.com\/es\/wp-json\/wp\/v2\/users\/1026"}],"replies":[{"embeddable":true,"href":"https:\/\/www.24-7prayer.com\/es\/wp-json\/wp\/v2\/comments?post=143755"}],"wp:featuredmedia":[{"embeddable":true,"href":"https:\/\/www.24-7prayer.com\/es\/wp-json\/wp\/v2\/media\/143754"}],"wp:attachment":[{"href":"https:\/\/www.24-7prayer.com\/es\/wp-json\/wp\/v2\/media?parent=143755"}],"wp:term":[{"taxonomy":"post_tag","embeddable":true,"href":"https:\/\/www.24-7prayer.com\/es\/wp-json\/wp\/v2\/tags?post=143755"},{"taxonomy":"mec_category","embeddable":true,"href":"https:\/\/www.24-7prayer.com\/es\/wp-json\/wp\/v2\/mec_category?post=143755"}],"curies":[{"name":"wp","href":"https:\/\/api.w.org\/{rel}","templated":true}]}}

“The Gathering” de Oración 24-7 Perú

<p>The Gathering es un encuentro espiritual lleno de adoración, oración, enseñanza y tiempo de compartir y divertirnos en la presencia de Dios.</p>



<p>El tema de esta conferencia es “Acerquémonos a Dios”, basado en Santiago 4:8 (NTV) “Acérquense a Dios, y Dios se acercará a ustedes…”. Nuestro corazón es servir a la iglesia local entrenando y equipando a las personas en una vida de oración para traer avivamiento y dar forma a la cultura del Reino de Dios aquí en la tierra.</p>



<p><strong>Horario:<br></strong>Nuestra conferencia se llevará a cabo los días:&nbsp;</p>



<p>Viernes 13 de junio de 2025 de 5:00 p.m.&nbsp; a&nbsp; 8:00 p.m.<br>Sábado 14 de junio de 2025 de 8:00 a.m. a&nbsp; 9:00 p.m.<br>Domingo 15 de junio de 2025 de 9:00 a.m. a&nbsp; 1:00 p. m.</p>



<p><strong>Expositores:<br></strong>Junto a Andy y Helen Taylor, Directores de Oración 24-7 Perú, escucharemos a invitados como Brian Heasley, Director Internacional de Oración 24-7; Juan Pablo Daza y Maria Reyes, de Oración 24-7 Colombia; Pastor Americo Ramos, pastor principal de Iglesia CORASON, entre otros importantes exponentes.</p>



<p><strong>Lugar:<br></strong>El lugar del evento se realizará en el auditorio de la Iglesia CORASON, ubicada en Patron San Sebastian,&nbsp; Av. Jerusalén N° 700, Cusco, Peru. Puedes venir en su propio carro pues contamos con estacionamiento y guardianía, o bien optar por un taxi. Además, dispondremos de un servicio de transporte desde Agua Buena,&nbsp; que estará disponible 20 minutos antes del inicio de las actividades de la conferencia.</p>

<p>The Gathering es un encuentro espiritual lleno de adoración, oración, enseñanza y tiempo de compartir y divertirnos en la presencia de Dios. El tema de esta conferencia es “Acerquémonos a Dios”, basado en Santiago 4:8 (NTV) “Acérquense a Dios, y Dios se acercará a ustedes…”. Nuestro corazón es servir a la iglesia local entrenando y [&hellip;]</p>

<!-- This site is optimized with the Yoast SEO plugin v27.4 - https://yoast.com/product/yoast-seo-wordpress/ -->
<title>“The Gathering” de Oración 24-7 Perú - 24-7 Prayer International</title>
<meta name="robots" content="index, follow, max-snippet:-1, max-image-preview:large, max-video-preview:-1" />
<link rel="canonical" href="https://www.24-7prayer.com/es/event/the-gathering-de-oracion-24-7-peru/" />
<meta property="og:locale" content="es_ES" />
<meta property="og:type" content="article" />
<meta property="og:title" content="“The Gathering” de Oración 24-7 Perú - 24-7 Prayer International" />
<meta property="og:description" content="The Gathering es un encuentro espiritual lleno de adoración, oración, enseñanza y tiempo de compartir y divertirnos en la presencia de Dios. El tema de esta conferencia es “Acerquémonos a Dios”, basado en Santiago 4:8 (NTV) “Acérquense a Dios, y Dios se acercará a ustedes…”. Nuestro corazón es servir a la iglesia local entrenando y [&hellip;]" />
<meta property="og:url" content="https://www.24-7prayer.com/es/event/the-gathering-de-oracion-24-7-peru/" />
<meta property="og:site_name" content="24-7 Prayer International" />
<meta property="article:modified_time" content="2025-02-26T17:03:40+00:00" />
<meta property="og:image" content="https://www.24-7prayer.com/wp-content/uploads/2025/02/Cover_Launch-video.png" />
	<meta property="og:image:width" content="1082" />
	<meta property="og:image:height" content="1921" />
	<meta property="og:image:type" content="image/png" />
<meta name="twitter:card" content="summary_large_image" />
<script type="application/ld+json" class="yoast-schema-graph">{"@context":"https:\/\/schema.org","@graph":[{"@type":"WebPage","@id":"https:\/\/www.24-7prayer.com\/es\/event\/the-gathering-de-oracion-24-7-peru\/","url":"https:\/\/www.24-7prayer.com\/es\/event\/the-gathering-de-oracion-24-7-peru\/","name":"“The Gathering” de Oración 24-7 Perú - 24-7 Prayer International","isPartOf":{"@id":"https:\/\/www.24-7prayer.com\/es\/#website"},"primaryImageOfPage":{"@id":"https:\/\/www.24-7prayer.com\/es\/event\/the-gathering-de-oracion-24-7-peru\/#primaryimage"},"image":{"@id":"https:\/\/www.24-7prayer.com\/es\/event\/the-gathering-de-oracion-24-7-peru\/#primaryimage"},"thumbnailUrl":"https:\/\/www.24-7prayer.com\/wp-content\/uploads\/2025\/02\/Cover_Launch-video.png","datePublished":"2025-02-26T17:03:33+00:00","dateModified":"2025-02-26T17:03:40+00:00","breadcrumb":{"@id":"https:\/\/www.24-7prayer.com\/es\/event\/the-gathering-de-oracion-24-7-peru\/#breadcrumb"},"inLanguage":"es","potentialAction":[{"@type":"ReadAction","target":["https:\/\/www.24-7prayer.com\/es\/event\/the-gathering-de-oracion-24-7-peru\/"]}]},{"@type":"ImageObject","inLanguage":"es","@id":"https:\/\/www.24-7prayer.com\/es\/event\/the-gathering-de-oracion-24-7-peru\/#primaryimage","url":"https:\/\/www.24-7prayer.com\/wp-content\/uploads\/2025\/02\/Cover_Launch-video.png","contentUrl":"https:\/\/www.24-7prayer.com\/wp-content\/uploads\/2025\/02\/Cover_Launch-video.png","width":1082,"height":1921},{"@type":"BreadcrumbList","@id":"https:\/\/www.24-7prayer.com\/es\/event\/the-gathering-de-oracion-24-7-peru\/#breadcrumb","itemListElement":[{"@type":"ListItem","position":1,"name":"Home","item":"https:\/\/www.24-7prayer.com\/es\/"},{"@type":"ListItem","position":2,"name":"“The Gathering” de Oración 24-7 Perú"}]},{"@type":"WebSite","@id":"https:\/\/www.24-7prayer.com\/es\/#website","url":"https:\/\/www.24-7prayer.com\/es\/","name":"24-7 Prayer International","description":"Prayer Mission Justice","publisher":{"@id":"https:\/\/www.24-7prayer.com\/es\/#organization"},"potentialAction":[{"@type":"SearchAction","target":{"@type":"EntryPoint","urlTemplate":"https:\/\/www.24-7prayer.com\/es\/?s={search_term_string}"},"query-input":{"@type":"PropertyValueSpecification","valueRequired":true,"valueName":"search_term_string"}}],"inLanguage":"es"},{"@type":"Organization","@id":"https:\/\/www.24-7prayer.com\/es\/#organization","name":"24-7 Prayer","url":"https:\/\/www.24-7prayer.com\/es\/","logo":{"@type":"ImageObject","inLanguage":"es","@id":"https:\/\/www.24-7prayer.com\/es\/#\/schema\/logo\/image\/","url":"https:\/\/www.24-7prayer.com\/wp-content\/uploads\/2022\/06\/logo.png","contentUrl":"https:\/\/www.24-7prayer.com\/wp-content\/uploads\/2022\/06\/logo.png","width":302,"height":49,"caption":"24-7 Prayer"},"image":{"@id":"https:\/\/www.24-7prayer.com\/es\/#\/schema\/logo\/image\/"}}]}</script>
<!-- / Yoast SEO plugin. -->

“The Gathering” de Oración 24-7 Perú - 24-7 Prayer International

The Gathering es un encuentro espiritual lleno de adoración, oración, enseñanza y tiempo de compartir y divertirnos en la presencia de Dios. El tema de esta conferencia es “Acerquémonos a Dios”, basado en Santiago 4:8 (NTV) “Acérquense a Dios, y Dios se acercará a ustedes…”. Nuestro corazón es servir a la iglesia local entrenando y [&hellip;]
