{"id":18318,"date":"2022-10-12T18:57:37","date_gmt":"2022-10-12T17:57:37","guid":{"rendered":"https:\/\/www.24-7prayer.com\/contributor\/sabine-sramek\/"},"modified":"2022-10-12T19:02:52","modified_gmt":"2022-10-12T18:02:52","slug":"sabine-sramek","status":"publish","type":"contributor","link":"https:\/\/www.24-7prayer.com\/es\/contributor\/sabine-sramek\/","title":{"rendered":"Sabine Sramek"},"content":{"rendered":"\n<p>Sabine coordina Oraci\u00f3n 24-7 Alemania junto a Steffi. Vive con su familia en el hermoso sur de Alemania, cerca de T\u00fcbingen.<\/p>\n\n<p>Se form\u00f3 como soci\u00f3loga y ha servido en la asociaci\u00f3n alemana de misiones evang\u00e9licas y en el equipo alem\u00e1n de Fresh Expressions, donde dirige el programa de pr\u00e1cticas y el alcance a los j\u00f3venes adultos. Tiene un coraz\u00f3n para el discipulado, la misi\u00f3n y la exploraci\u00f3n de los lugares donde el cielo toca la tierra.<\/p>\n\n<p>En su tiempo libre le gusta leer novelas de Discworld de Terry Pratchett, peregrinar a caballo y viajar.<\/p>\n","protected":false},"featured_media":15914,"template":"","class_list":["post-18318","contributor","type-contributor","status-publish","has-post-thumbnail","hentry"],"acf":[],"yoast_head":"<!-- This site is optimized with the Yoast SEO plugin v27.4 - https:\/\/yoast.com\/product\/yoast-seo-wordpress\/ -->\n<title>Sabine Sramek - 24-7 Prayer International<\/title>\n<meta name=\"robots\" content=\"noindex, follow\" \/>\n<meta property=\"og:locale\" content=\"es_ES\" \/>\n<meta property=\"og:type\" content=\"article\" \/>\n<meta property=\"og:title\" content=\"Sabine Sramek - 24-7 Prayer International\" \/>\n<meta property=\"og:description\" content=\"Sabine coordina Oraci\u00f3n 24-7 Alemania junto a Steffi. Vive con su familia en el hermoso sur de Alemania, cerca de T\u00fcbingen. Se form\u00f3 como soci\u00f3loga y ha servido en la asociaci\u00f3n alemana de misiones evang\u00e9licas y en el equipo alem\u00e1n de Fresh Expressions, donde dirige el programa de pr\u00e1cticas y el alcance a los j\u00f3venes [&hellip;]\" \/>\n<meta property=\"og:url\" content=\"https:\/\/www.24-7prayer.com\/es\/contributor\/sabine-sramek\/\" \/>\n<meta property=\"og:site_name\" content=\"24-7 Prayer International\" \/>\n<meta property=\"article:modified_time\" content=\"2022-10-12T18:02:52+00:00\" \/>\n<meta property=\"og:image\" content=\"https:\/\/www.24-7prayer.com\/wp-content\/uploads\/2022\/09\/Sabine.jpg\" \/>\n\t<meta property=\"og:image:width\" content=\"495\" \/>\n\t<meta property=\"og:image:height\" content=\"330\" \/>\n\t<meta property=\"og:image:type\" content=\"image\/jpeg\" \/>\n<meta name=\"twitter:card\" content=\"summary_large_image\" \/>\n<script type=\"application\/ld+json\" class=\"yoast-schema-graph\">{\"@context\":\"https:\\\/\\\/schema.org\",\"@graph\":[{\"@type\":\"WebPage\",\"@id\":\"https:\\\/\\\/www.24-7prayer.com\\\/es\\\/contributor\\\/sabine-sramek\\\/\",\"url\":\"https:\\\/\\\/www.24-7prayer.com\\\/es\\\/contributor\\\/sabine-sramek\\\/\",\"name\":\"Sabine Sramek - 24-7 Prayer International\",\"isPartOf\":{\"@id\":\"https:\\\/\\\/www.24-7prayer.com\\\/es\\\/#website\"},\"primaryImageOfPage\":{\"@id\":\"https:\\\/\\\/www.24-7prayer.com\\\/es\\\/contributor\\\/sabine-sramek\\\/#primaryimage\"},\"image\":{\"@id\":\"https:\\\/\\\/www.24-7prayer.com\\\/es\\\/contributor\\\/sabine-sramek\\\/#primaryimage\"},\"thumbnailUrl\":\"https:\\\/\\\/www.24-7prayer.com\\\/wp-content\\\/uploads\\\/2022\\\/09\\\/Sabine.jpg\",\"datePublished\":\"2022-10-12T17:57:37+00:00\",\"dateModified\":\"2022-10-12T18:02:52+00:00\",\"breadcrumb\":{\"@id\":\"https:\\\/\\\/www.24-7prayer.com\\\/es\\\/contributor\\\/sabine-sramek\\\/#breadcrumb\"},\"inLanguage\":\"es\",\"potentialAction\":[{\"@type\":\"ReadAction\",\"target\":[\"https:\\\/\\\/www.24-7prayer.com\\\/es\\\/contributor\\\/sabine-sramek\\\/\"]}]},{\"@type\":\"ImageObject\",\"inLanguage\":\"es\",\"@id\":\"https:\\\/\\\/www.24-7prayer.com\\\/es\\\/contributor\\\/sabine-sramek\\\/#primaryimage\",\"url\":\"https:\\\/\\\/www.24-7prayer.com\\\/wp-content\\\/uploads\\\/2022\\\/09\\\/Sabine.jpg\",\"contentUrl\":\"https:\\\/\\\/www.24-7prayer.com\\\/wp-content\\\/uploads\\\/2022\\\/09\\\/Sabine.jpg\",\"width\":495,\"height\":330},{\"@type\":\"BreadcrumbList\",\"@id\":\"https:\\\/\\\/www.24-7prayer.com\\\/es\\\/contributor\\\/sabine-sramek\\\/#breadcrumb\",\"itemListElement\":[{\"@type\":\"ListItem\",\"position\":1,\"name\":\"Home\",\"item\":\"https:\\\/\\\/www.24-7prayer.com\\\/es\\\/\"},{\"@type\":\"ListItem\",\"position\":2,\"name\":\"Sabine Sramek\"}]},{\"@type\":\"WebSite\",\"@id\":\"https:\\\/\\\/www.24-7prayer.com\\\/es\\\/#website\",\"url\":\"https:\\\/\\\/www.24-7prayer.com\\\/es\\\/\",\"name\":\"24-7 Prayer International\",\"description\":\"Prayer Mission Justice\",\"publisher\":{\"@id\":\"https:\\\/\\\/www.24-7prayer.com\\\/es\\\/#organization\"},\"potentialAction\":[{\"@type\":\"SearchAction\",\"target\":{\"@type\":\"EntryPoint\",\"urlTemplate\":\"https:\\\/\\\/www.24-7prayer.com\\\/es\\\/?s={search_term_string}\"},\"query-input\":{\"@type\":\"PropertyValueSpecification\",\"valueRequired\":true,\"valueName\":\"search_term_string\"}}],\"inLanguage\":\"es\"},{\"@type\":\"Organization\",\"@id\":\"https:\\\/\\\/www.24-7prayer.com\\\/es\\\/#organization\",\"name\":\"24-7 Prayer\",\"url\":\"https:\\\/\\\/www.24-7prayer.com\\\/es\\\/\",\"logo\":{\"@type\":\"ImageObject\",\"inLanguage\":\"es\",\"@id\":\"https:\\\/\\\/www.24-7prayer.com\\\/es\\\/#\\\/schema\\\/logo\\\/image\\\/\",\"url\":\"https:\\\/\\\/www.24-7prayer.com\\\/wp-content\\\/uploads\\\/2022\\\/06\\\/logo.png\",\"contentUrl\":\"https:\\\/\\\/www.24-7prayer.com\\\/wp-content\\\/uploads\\\/2022\\\/06\\\/logo.png\",\"width\":302,\"height\":49,\"caption\":\"24-7 Prayer\"},\"image\":{\"@id\":\"https:\\\/\\\/www.24-7prayer.com\\\/es\\\/#\\\/schema\\\/logo\\\/image\\\/\"}}]}<\/script>\n<!-- \/ Yoast SEO plugin. -->","yoast_head_json":{"title":"Sabine Sramek - 24-7 Prayer International","robots":{"index":"noindex","follow":"follow"},"og_locale":"es_ES","og_type":"article","og_title":"Sabine Sramek - 24-7 Prayer International","og_description":"Sabine coordina Oraci\u00f3n 24-7 Alemania junto a Steffi. Vive con su familia en el hermoso sur de Alemania, cerca de T\u00fcbingen. Se form\u00f3 como soci\u00f3loga y ha servido en la asociaci\u00f3n alemana de misiones evang\u00e9licas y en el equipo alem\u00e1n de Fresh Expressions, donde dirige el programa de pr\u00e1cticas y el alcance a los j\u00f3venes [&hellip;]","og_url":"https:\/\/www.24-7prayer.com\/es\/contributor\/sabine-sramek\/","og_site_name":"24-7 Prayer International","article_modified_time":"2022-10-12T18:02:52+00:00","og_image":[{"width":495,"height":330,"url":"https:\/\/www.24-7prayer.com\/wp-content\/uploads\/2022\/09\/Sabine.jpg","type":"image\/jpeg"}],"twitter_card":"summary_large_image","schema":{"@context":"https:\/\/schema.org","@graph":[{"@type":"WebPage","@id":"https:\/\/www.24-7prayer.com\/es\/contributor\/sabine-sramek\/","url":"https:\/\/www.24-7prayer.com\/es\/contributor\/sabine-sramek\/","name":"Sabine Sramek - 24-7 Prayer International","isPartOf":{"@id":"https:\/\/www.24-7prayer.com\/es\/#website"},"primaryImageOfPage":{"@id":"https:\/\/www.24-7prayer.com\/es\/contributor\/sabine-sramek\/#primaryimage"},"image":{"@id":"https:\/\/www.24-7prayer.com\/es\/contributor\/sabine-sramek\/#primaryimage"},"thumbnailUrl":"https:\/\/www.24-7prayer.com\/wp-content\/uploads\/2022\/09\/Sabine.jpg","datePublished":"2022-10-12T17:57:37+00:00","dateModified":"2022-10-12T18:02:52+00:00","breadcrumb":{"@id":"https:\/\/www.24-7prayer.com\/es\/contributor\/sabine-sramek\/#breadcrumb"},"inLanguage":"es","potentialAction":[{"@type":"ReadAction","target":["https:\/\/www.24-7prayer.com\/es\/contributor\/sabine-sramek\/"]}]},{"@type":"ImageObject","inLanguage":"es","@id":"https:\/\/www.24-7prayer.com\/es\/contributor\/sabine-sramek\/#primaryimage","url":"https:\/\/www.24-7prayer.com\/wp-content\/uploads\/2022\/09\/Sabine.jpg","contentUrl":"https:\/\/www.24-7prayer.com\/wp-content\/uploads\/2022\/09\/Sabine.jpg","width":495,"height":330},{"@type":"BreadcrumbList","@id":"https:\/\/www.24-7prayer.com\/es\/contributor\/sabine-sramek\/#breadcrumb","itemListElement":[{"@type":"ListItem","position":1,"name":"Home","item":"https:\/\/www.24-7prayer.com\/es\/"},{"@type":"ListItem","position":2,"name":"Sabine Sramek"}]},{"@type":"WebSite","@id":"https:\/\/www.24-7prayer.com\/es\/#website","url":"https:\/\/www.24-7prayer.com\/es\/","name":"24-7 Prayer International","description":"Prayer Mission Justice","publisher":{"@id":"https:\/\/www.24-7prayer.com\/es\/#organization"},"potentialAction":[{"@type":"SearchAction","target":{"@type":"EntryPoint","urlTemplate":"https:\/\/www.24-7prayer.com\/es\/?s={search_term_string}"},"query-input":{"@type":"PropertyValueSpecification","valueRequired":true,"valueName":"search_term_string"}}],"inLanguage":"es"},{"@type":"Organization","@id":"https:\/\/www.24-7prayer.com\/es\/#organization","name":"24-7 Prayer","url":"https:\/\/www.24-7prayer.com\/es\/","logo":{"@type":"ImageObject","inLanguage":"es","@id":"https:\/\/www.24-7prayer.com\/es\/#\/schema\/logo\/image\/","url":"https:\/\/www.24-7prayer.com\/wp-content\/uploads\/2022\/06\/logo.png","contentUrl":"https:\/\/www.24-7prayer.com\/wp-content\/uploads\/2022\/06\/logo.png","width":302,"height":49,"caption":"24-7 Prayer"},"image":{"@id":"https:\/\/www.24-7prayer.com\/es\/#\/schema\/logo\/image\/"}}]}},"_links":{"self":[{"href":"https:\/\/www.24-7prayer.com\/es\/wp-json\/wp\/v2\/contributor\/18318","targetHints":{"allow":["GET"]}}],"collection":[{"href":"https:\/\/www.24-7prayer.com\/es\/wp-json\/wp\/v2\/contributor"}],"about":[{"href":"https:\/\/www.24-7prayer.com\/es\/wp-json\/wp\/v2\/types\/contributor"}],"wp:featuredmedia":[{"embeddable":true,"href":"https:\/\/www.24-7prayer.com\/es\/wp-json\/wp\/v2\/media\/15914"}],"wp:attachment":[{"href":"https:\/\/www.24-7prayer.com\/es\/wp-json\/wp\/v2\/media?parent=18318"}],"curies":[{"name":"wp","href":"https:\/\/api.w.org\/{rel}","templated":true}]}}

<p>Sabine coordina Oración 24-7 Alemania junto a Steffi. Vive con su familia en el hermoso sur de Alemania, cerca de Tübingen.</p>

<p>Se formó como socióloga y ha servido en la asociación alemana de misiones evangélicas y en el equipo alemán de Fresh Expressions, donde dirige el programa de prácticas y el alcance a los jóvenes adultos. Tiene un corazón para el discipulado, la misión y la exploración de los lugares donde el cielo toca la tierra.</p>

<p>En su tiempo libre le gusta leer novelas de Discworld de Terry Pratchett, peregrinar a caballo y viajar.</p>

<!-- This site is optimized with the Yoast SEO plugin v27.4 - https://yoast.com/product/yoast-seo-wordpress/ -->
<title>Sabine Sramek - 24-7 Prayer International</title>
<meta name="robots" content="noindex, follow" />
<meta property="og:locale" content="es_ES" />
<meta property="og:type" content="article" />
<meta property="og:title" content="Sabine Sramek - 24-7 Prayer International" />
<meta property="og:description" content="Sabine coordina Oración 24-7 Alemania junto a Steffi. Vive con su familia en el hermoso sur de Alemania, cerca de Tübingen. Se formó como socióloga y ha servido en la asociación alemana de misiones evangélicas y en el equipo alemán de Fresh Expressions, donde dirige el programa de prácticas y el alcance a los jóvenes [&hellip;]" />
<meta property="og:url" content="https://www.24-7prayer.com/es/contributor/sabine-sramek/" />
<meta property="og:site_name" content="24-7 Prayer International" />
<meta property="article:modified_time" content="2022-10-12T18:02:52+00:00" />
<meta property="og:image" content="https://www.24-7prayer.com/wp-content/uploads/2022/09/Sabine.jpg" />
	<meta property="og:image:width" content="495" />
	<meta property="og:image:height" content="330" />
	<meta property="og:image:type" content="image/jpeg" />
<meta name="twitter:card" content="summary_large_image" />
<script type="application/ld+json" class="yoast-schema-graph">{"@context":"https:\/\/schema.org","@graph":[{"@type":"WebPage","@id":"https:\/\/www.24-7prayer.com\/es\/contributor\/sabine-sramek\/","url":"https:\/\/www.24-7prayer.com\/es\/contributor\/sabine-sramek\/","name":"Sabine Sramek - 24-7 Prayer International","isPartOf":{"@id":"https:\/\/www.24-7prayer.com\/es\/#website"},"primaryImageOfPage":{"@id":"https:\/\/www.24-7prayer.com\/es\/contributor\/sabine-sramek\/#primaryimage"},"image":{"@id":"https:\/\/www.24-7prayer.com\/es\/contributor\/sabine-sramek\/#primaryimage"},"thumbnailUrl":"https:\/\/www.24-7prayer.com\/wp-content\/uploads\/2022\/09\/Sabine.jpg","datePublished":"2022-10-12T17:57:37+00:00","dateModified":"2022-10-12T18:02:52+00:00","breadcrumb":{"@id":"https:\/\/www.24-7prayer.com\/es\/contributor\/sabine-sramek\/#breadcrumb"},"inLanguage":"es","potentialAction":[{"@type":"ReadAction","target":["https:\/\/www.24-7prayer.com\/es\/contributor\/sabine-sramek\/"]}]},{"@type":"ImageObject","inLanguage":"es","@id":"https:\/\/www.24-7prayer.com\/es\/contributor\/sabine-sramek\/#primaryimage","url":"https:\/\/www.24-7prayer.com\/wp-content\/uploads\/2022\/09\/Sabine.jpg","contentUrl":"https:\/\/www.24-7prayer.com\/wp-content\/uploads\/2022\/09\/Sabine.jpg","width":495,"height":330},{"@type":"BreadcrumbList","@id":"https:\/\/www.24-7prayer.com\/es\/contributor\/sabine-sramek\/#breadcrumb","itemListElement":[{"@type":"ListItem","position":1,"name":"Home","item":"https:\/\/www.24-7prayer.com\/es\/"},{"@type":"ListItem","position":2,"name":"Sabine Sramek"}]},{"@type":"WebSite","@id":"https:\/\/www.24-7prayer.com\/es\/#website","url":"https:\/\/www.24-7prayer.com\/es\/","name":"24-7 Prayer International","description":"Prayer Mission Justice","publisher":{"@id":"https:\/\/www.24-7prayer.com\/es\/#organization"},"potentialAction":[{"@type":"SearchAction","target":{"@type":"EntryPoint","urlTemplate":"https:\/\/www.24-7prayer.com\/es\/?s={search_term_string}"},"query-input":{"@type":"PropertyValueSpecification","valueRequired":true,"valueName":"search_term_string"}}],"inLanguage":"es"},{"@type":"Organization","@id":"https:\/\/www.24-7prayer.com\/es\/#organization","name":"24-7 Prayer","url":"https:\/\/www.24-7prayer.com\/es\/","logo":{"@type":"ImageObject","inLanguage":"es","@id":"https:\/\/www.24-7prayer.com\/es\/#\/schema\/logo\/image\/","url":"https:\/\/www.24-7prayer.com\/wp-content\/uploads\/2022\/06\/logo.png","contentUrl":"https:\/\/www.24-7prayer.com\/wp-content\/uploads\/2022\/06\/logo.png","width":302,"height":49,"caption":"24-7 Prayer"},"image":{"@id":"https:\/\/www.24-7prayer.com\/es\/#\/schema\/logo\/image\/"}}]}</script>
<!-- / Yoast SEO plugin. -->

Sabine coordina Oración 24-7 Alemania junto a Steffi. Vive con su familia en el hermoso sur de Alemania, cerca de Tübingen. Se formó como socióloga y ha servido en la asociación alemana de misiones evangélicas y en el equipo alemán de Fresh Expressions, donde dirige el programa de prácticas y el alcance a los jóvenes [&hellip;]
