{"id":15519,"date":"2022-09-06T11:10:37","date_gmt":"2022-09-06T10:10:37","guid":{"rendered":"https:\/\/www.24-7prayer.com\/contributor\/sarah-breuel\/"},"modified":"2022-09-06T11:10:38","modified_gmt":"2022-09-06T10:10:38","slug":"sarah-breuel","status":"publish","type":"contributor","link":"https:\/\/www.24-7prayer.com\/es\/contributor\/sarah-breuel\/","title":{"rendered":"Sarah Breuel"},"content":{"rendered":"\n<p>Sarah Breuel es la directora de Revive Europa y <a>la coordinadora de entrenamiento de evangelismo para IFES Europa. <\/a>Incluida en la lista de l\u00edderes \u00ab33 con menos de 33\u00bb de Christianity Today, Sarah fue presidenta del Encuentro mundial de l\u00edderes de j\u00f3venes de Lausana 2016. Originaria de Brasil y residente en Roma, Sarah ha trabajado para IFES en cuatro movimientos nacionales en los \u00faltimos 17 a\u00f1os (Brasil, Canad\u00e1, Noruega e Italia) y actualmente trabaja en la regi\u00f3n europea. Es licenciada en empresariales, tiene un MDiv del Regent College y sirve a nivel mundial en la junta directiva de Lausanne. Sarah est\u00e1 casada con Ren\u00e9. Han plantado una iglesia vibrante en Roma y tienen dos hijos: Pietro y Matteo.<\/p>\n","protected":false},"featured_media":14408,"template":"","class_list":["post-15519","contributor","type-contributor","status-publish","has-post-thumbnail","hentry"],"acf":[],"yoast_head":"<!-- This site is optimized with the Yoast SEO plugin v27.4 - https:\/\/yoast.com\/product\/yoast-seo-wordpress\/ -->\n<title>Sarah Breuel - 24-7 Prayer International<\/title>\n<meta name=\"robots\" content=\"noindex, follow\" \/>\n<meta property=\"og:locale\" content=\"es_ES\" \/>\n<meta property=\"og:type\" content=\"article\" \/>\n<meta property=\"og:title\" content=\"Sarah Breuel - 24-7 Prayer International\" \/>\n<meta property=\"og:description\" content=\"Sarah Breuel es la directora de Revive Europa y la coordinadora de entrenamiento de evangelismo para IFES Europa. Incluida en la lista de l\u00edderes \u00ab33 con menos de 33\u00bb de Christianity Today, Sarah fue presidenta del Encuentro mundial de l\u00edderes de j\u00f3venes de Lausana 2016. Originaria de Brasil y residente en Roma, Sarah ha trabajado [&hellip;]\" \/>\n<meta property=\"og:url\" content=\"https:\/\/www.24-7prayer.com\/es\/contributor\/sarah-breuel\/\" \/>\n<meta property=\"og:site_name\" content=\"24-7 Prayer International\" \/>\n<meta property=\"article:modified_time\" content=\"2022-09-06T10:10:38+00:00\" \/>\n<meta property=\"og:image\" content=\"https:\/\/www.24-7prayer.com\/wp-content\/uploads\/2022\/08\/Sarahbio3.jpg\" \/>\n\t<meta property=\"og:image:width\" content=\"300\" \/>\n\t<meta property=\"og:image:height\" content=\"300\" \/>\n\t<meta property=\"og:image:type\" content=\"image\/jpeg\" \/>\n<meta name=\"twitter:card\" content=\"summary_large_image\" \/>\n<script type=\"application\/ld+json\" class=\"yoast-schema-graph\">{\"@context\":\"https:\\\/\\\/schema.org\",\"@graph\":[{\"@type\":\"WebPage\",\"@id\":\"https:\\\/\\\/www.24-7prayer.com\\\/es\\\/contributor\\\/sarah-breuel\\\/\",\"url\":\"https:\\\/\\\/www.24-7prayer.com\\\/es\\\/contributor\\\/sarah-breuel\\\/\",\"name\":\"Sarah Breuel - 24-7 Prayer International\",\"isPartOf\":{\"@id\":\"https:\\\/\\\/www.24-7prayer.com\\\/es\\\/#website\"},\"primaryImageOfPage\":{\"@id\":\"https:\\\/\\\/www.24-7prayer.com\\\/es\\\/contributor\\\/sarah-breuel\\\/#primaryimage\"},\"image\":{\"@id\":\"https:\\\/\\\/www.24-7prayer.com\\\/es\\\/contributor\\\/sarah-breuel\\\/#primaryimage\"},\"thumbnailUrl\":\"https:\\\/\\\/www.24-7prayer.com\\\/wp-content\\\/uploads\\\/2022\\\/08\\\/Sarahbio3.jpg\",\"datePublished\":\"2022-09-06T10:10:37+00:00\",\"dateModified\":\"2022-09-06T10:10:38+00:00\",\"breadcrumb\":{\"@id\":\"https:\\\/\\\/www.24-7prayer.com\\\/es\\\/contributor\\\/sarah-breuel\\\/#breadcrumb\"},\"inLanguage\":\"es\",\"potentialAction\":[{\"@type\":\"ReadAction\",\"target\":[\"https:\\\/\\\/www.24-7prayer.com\\\/es\\\/contributor\\\/sarah-breuel\\\/\"]}]},{\"@type\":\"ImageObject\",\"inLanguage\":\"es\",\"@id\":\"https:\\\/\\\/www.24-7prayer.com\\\/es\\\/contributor\\\/sarah-breuel\\\/#primaryimage\",\"url\":\"https:\\\/\\\/www.24-7prayer.com\\\/wp-content\\\/uploads\\\/2022\\\/08\\\/Sarahbio3.jpg\",\"contentUrl\":\"https:\\\/\\\/www.24-7prayer.com\\\/wp-content\\\/uploads\\\/2022\\\/08\\\/Sarahbio3.jpg\",\"width\":300,\"height\":300},{\"@type\":\"BreadcrumbList\",\"@id\":\"https:\\\/\\\/www.24-7prayer.com\\\/es\\\/contributor\\\/sarah-breuel\\\/#breadcrumb\",\"itemListElement\":[{\"@type\":\"ListItem\",\"position\":1,\"name\":\"Home\",\"item\":\"https:\\\/\\\/www.24-7prayer.com\\\/es\\\/\"},{\"@type\":\"ListItem\",\"position\":2,\"name\":\"Sarah Breuel\"}]},{\"@type\":\"WebSite\",\"@id\":\"https:\\\/\\\/www.24-7prayer.com\\\/es\\\/#website\",\"url\":\"https:\\\/\\\/www.24-7prayer.com\\\/es\\\/\",\"name\":\"24-7 Prayer International\",\"description\":\"Prayer Mission Justice\",\"publisher\":{\"@id\":\"https:\\\/\\\/www.24-7prayer.com\\\/es\\\/#organization\"},\"potentialAction\":[{\"@type\":\"SearchAction\",\"target\":{\"@type\":\"EntryPoint\",\"urlTemplate\":\"https:\\\/\\\/www.24-7prayer.com\\\/es\\\/?s={search_term_string}\"},\"query-input\":{\"@type\":\"PropertyValueSpecification\",\"valueRequired\":true,\"valueName\":\"search_term_string\"}}],\"inLanguage\":\"es\"},{\"@type\":\"Organization\",\"@id\":\"https:\\\/\\\/www.24-7prayer.com\\\/es\\\/#organization\",\"name\":\"24-7 Prayer\",\"url\":\"https:\\\/\\\/www.24-7prayer.com\\\/es\\\/\",\"logo\":{\"@type\":\"ImageObject\",\"inLanguage\":\"es\",\"@id\":\"https:\\\/\\\/www.24-7prayer.com\\\/es\\\/#\\\/schema\\\/logo\\\/image\\\/\",\"url\":\"https:\\\/\\\/www.24-7prayer.com\\\/wp-content\\\/uploads\\\/2022\\\/06\\\/logo.png\",\"contentUrl\":\"https:\\\/\\\/www.24-7prayer.com\\\/wp-content\\\/uploads\\\/2022\\\/06\\\/logo.png\",\"width\":302,\"height\":49,\"caption\":\"24-7 Prayer\"},\"image\":{\"@id\":\"https:\\\/\\\/www.24-7prayer.com\\\/es\\\/#\\\/schema\\\/logo\\\/image\\\/\"}}]}<\/script>\n<!-- \/ Yoast SEO plugin. -->","yoast_head_json":{"title":"Sarah Breuel - 24-7 Prayer International","robots":{"index":"noindex","follow":"follow"},"og_locale":"es_ES","og_type":"article","og_title":"Sarah Breuel - 24-7 Prayer International","og_description":"Sarah Breuel es la directora de Revive Europa y la coordinadora de entrenamiento de evangelismo para IFES Europa. Incluida en la lista de l\u00edderes \u00ab33 con menos de 33\u00bb de Christianity Today, Sarah fue presidenta del Encuentro mundial de l\u00edderes de j\u00f3venes de Lausana 2016. Originaria de Brasil y residente en Roma, Sarah ha trabajado [&hellip;]","og_url":"https:\/\/www.24-7prayer.com\/es\/contributor\/sarah-breuel\/","og_site_name":"24-7 Prayer International","article_modified_time":"2022-09-06T10:10:38+00:00","og_image":[{"width":300,"height":300,"url":"https:\/\/www.24-7prayer.com\/wp-content\/uploads\/2022\/08\/Sarahbio3.jpg","type":"image\/jpeg"}],"twitter_card":"summary_large_image","schema":{"@context":"https:\/\/schema.org","@graph":[{"@type":"WebPage","@id":"https:\/\/www.24-7prayer.com\/es\/contributor\/sarah-breuel\/","url":"https:\/\/www.24-7prayer.com\/es\/contributor\/sarah-breuel\/","name":"Sarah Breuel - 24-7 Prayer International","isPartOf":{"@id":"https:\/\/www.24-7prayer.com\/es\/#website"},"primaryImageOfPage":{"@id":"https:\/\/www.24-7prayer.com\/es\/contributor\/sarah-breuel\/#primaryimage"},"image":{"@id":"https:\/\/www.24-7prayer.com\/es\/contributor\/sarah-breuel\/#primaryimage"},"thumbnailUrl":"https:\/\/www.24-7prayer.com\/wp-content\/uploads\/2022\/08\/Sarahbio3.jpg","datePublished":"2022-09-06T10:10:37+00:00","dateModified":"2022-09-06T10:10:38+00:00","breadcrumb":{"@id":"https:\/\/www.24-7prayer.com\/es\/contributor\/sarah-breuel\/#breadcrumb"},"inLanguage":"es","potentialAction":[{"@type":"ReadAction","target":["https:\/\/www.24-7prayer.com\/es\/contributor\/sarah-breuel\/"]}]},{"@type":"ImageObject","inLanguage":"es","@id":"https:\/\/www.24-7prayer.com\/es\/contributor\/sarah-breuel\/#primaryimage","url":"https:\/\/www.24-7prayer.com\/wp-content\/uploads\/2022\/08\/Sarahbio3.jpg","contentUrl":"https:\/\/www.24-7prayer.com\/wp-content\/uploads\/2022\/08\/Sarahbio3.jpg","width":300,"height":300},{"@type":"BreadcrumbList","@id":"https:\/\/www.24-7prayer.com\/es\/contributor\/sarah-breuel\/#breadcrumb","itemListElement":[{"@type":"ListItem","position":1,"name":"Home","item":"https:\/\/www.24-7prayer.com\/es\/"},{"@type":"ListItem","position":2,"name":"Sarah Breuel"}]},{"@type":"WebSite","@id":"https:\/\/www.24-7prayer.com\/es\/#website","url":"https:\/\/www.24-7prayer.com\/es\/","name":"24-7 Prayer International","description":"Prayer Mission Justice","publisher":{"@id":"https:\/\/www.24-7prayer.com\/es\/#organization"},"potentialAction":[{"@type":"SearchAction","target":{"@type":"EntryPoint","urlTemplate":"https:\/\/www.24-7prayer.com\/es\/?s={search_term_string}"},"query-input":{"@type":"PropertyValueSpecification","valueRequired":true,"valueName":"search_term_string"}}],"inLanguage":"es"},{"@type":"Organization","@id":"https:\/\/www.24-7prayer.com\/es\/#organization","name":"24-7 Prayer","url":"https:\/\/www.24-7prayer.com\/es\/","logo":{"@type":"ImageObject","inLanguage":"es","@id":"https:\/\/www.24-7prayer.com\/es\/#\/schema\/logo\/image\/","url":"https:\/\/www.24-7prayer.com\/wp-content\/uploads\/2022\/06\/logo.png","contentUrl":"https:\/\/www.24-7prayer.com\/wp-content\/uploads\/2022\/06\/logo.png","width":302,"height":49,"caption":"24-7 Prayer"},"image":{"@id":"https:\/\/www.24-7prayer.com\/es\/#\/schema\/logo\/image\/"}}]}},"_links":{"self":[{"href":"https:\/\/www.24-7prayer.com\/es\/wp-json\/wp\/v2\/contributor\/15519","targetHints":{"allow":["GET"]}}],"collection":[{"href":"https:\/\/www.24-7prayer.com\/es\/wp-json\/wp\/v2\/contributor"}],"about":[{"href":"https:\/\/www.24-7prayer.com\/es\/wp-json\/wp\/v2\/types\/contributor"}],"wp:featuredmedia":[{"embeddable":true,"href":"https:\/\/www.24-7prayer.com\/es\/wp-json\/wp\/v2\/media\/14408"}],"wp:attachment":[{"href":"https:\/\/www.24-7prayer.com\/es\/wp-json\/wp\/v2\/media?parent=15519"}],"curies":[{"name":"wp","href":"https:\/\/api.w.org\/{rel}","templated":true}]}}

<p>Sarah Breuel es la directora de Revive Europa y <a>la coordinadora de entrenamiento de evangelismo para IFES Europa. </a>Incluida en la lista de líderes «33 con menos de 33» de Christianity Today, Sarah fue presidenta del Encuentro mundial de líderes de jóvenes de Lausana 2016. Originaria de Brasil y residente en Roma, Sarah ha trabajado para IFES en cuatro movimientos nacionales en los últimos 17 años (Brasil, Canadá, Noruega e Italia) y actualmente trabaja en la región europea. Es licenciada en empresariales, tiene un MDiv del Regent College y sirve a nivel mundial en la junta directiva de Lausanne. Sarah está casada con René. Han plantado una iglesia vibrante en Roma y tienen dos hijos: Pietro y Matteo.</p>

<!-- This site is optimized with the Yoast SEO plugin v27.4 - https://yoast.com/product/yoast-seo-wordpress/ -->
<title>Sarah Breuel - 24-7 Prayer International</title>
<meta name="robots" content="noindex, follow" />
<meta property="og:locale" content="es_ES" />
<meta property="og:type" content="article" />
<meta property="og:title" content="Sarah Breuel - 24-7 Prayer International" />
<meta property="og:description" content="Sarah Breuel es la directora de Revive Europa y la coordinadora de entrenamiento de evangelismo para IFES Europa. Incluida en la lista de líderes «33 con menos de 33» de Christianity Today, Sarah fue presidenta del Encuentro mundial de líderes de jóvenes de Lausana 2016. Originaria de Brasil y residente en Roma, Sarah ha trabajado [&hellip;]" />
<meta property="og:url" content="https://www.24-7prayer.com/es/contributor/sarah-breuel/" />
<meta property="og:site_name" content="24-7 Prayer International" />
<meta property="article:modified_time" content="2022-09-06T10:10:38+00:00" />
<meta property="og:image" content="https://www.24-7prayer.com/wp-content/uploads/2022/08/Sarahbio3.jpg" />
	<meta property="og:image:width" content="300" />
	<meta property="og:image:height" content="300" />
	<meta property="og:image:type" content="image/jpeg" />
<meta name="twitter:card" content="summary_large_image" />
<script type="application/ld+json" class="yoast-schema-graph">{"@context":"https:\/\/schema.org","@graph":[{"@type":"WebPage","@id":"https:\/\/www.24-7prayer.com\/es\/contributor\/sarah-breuel\/","url":"https:\/\/www.24-7prayer.com\/es\/contributor\/sarah-breuel\/","name":"Sarah Breuel - 24-7 Prayer International","isPartOf":{"@id":"https:\/\/www.24-7prayer.com\/es\/#website"},"primaryImageOfPage":{"@id":"https:\/\/www.24-7prayer.com\/es\/contributor\/sarah-breuel\/#primaryimage"},"image":{"@id":"https:\/\/www.24-7prayer.com\/es\/contributor\/sarah-breuel\/#primaryimage"},"thumbnailUrl":"https:\/\/www.24-7prayer.com\/wp-content\/uploads\/2022\/08\/Sarahbio3.jpg","datePublished":"2022-09-06T10:10:37+00:00","dateModified":"2022-09-06T10:10:38+00:00","breadcrumb":{"@id":"https:\/\/www.24-7prayer.com\/es\/contributor\/sarah-breuel\/#breadcrumb"},"inLanguage":"es","potentialAction":[{"@type":"ReadAction","target":["https:\/\/www.24-7prayer.com\/es\/contributor\/sarah-breuel\/"]}]},{"@type":"ImageObject","inLanguage":"es","@id":"https:\/\/www.24-7prayer.com\/es\/contributor\/sarah-breuel\/#primaryimage","url":"https:\/\/www.24-7prayer.com\/wp-content\/uploads\/2022\/08\/Sarahbio3.jpg","contentUrl":"https:\/\/www.24-7prayer.com\/wp-content\/uploads\/2022\/08\/Sarahbio3.jpg","width":300,"height":300},{"@type":"BreadcrumbList","@id":"https:\/\/www.24-7prayer.com\/es\/contributor\/sarah-breuel\/#breadcrumb","itemListElement":[{"@type":"ListItem","position":1,"name":"Home","item":"https:\/\/www.24-7prayer.com\/es\/"},{"@type":"ListItem","position":2,"name":"Sarah Breuel"}]},{"@type":"WebSite","@id":"https:\/\/www.24-7prayer.com\/es\/#website","url":"https:\/\/www.24-7prayer.com\/es\/","name":"24-7 Prayer International","description":"Prayer Mission Justice","publisher":{"@id":"https:\/\/www.24-7prayer.com\/es\/#organization"},"potentialAction":[{"@type":"SearchAction","target":{"@type":"EntryPoint","urlTemplate":"https:\/\/www.24-7prayer.com\/es\/?s={search_term_string}"},"query-input":{"@type":"PropertyValueSpecification","valueRequired":true,"valueName":"search_term_string"}}],"inLanguage":"es"},{"@type":"Organization","@id":"https:\/\/www.24-7prayer.com\/es\/#organization","name":"24-7 Prayer","url":"https:\/\/www.24-7prayer.com\/es\/","logo":{"@type":"ImageObject","inLanguage":"es","@id":"https:\/\/www.24-7prayer.com\/es\/#\/schema\/logo\/image\/","url":"https:\/\/www.24-7prayer.com\/wp-content\/uploads\/2022\/06\/logo.png","contentUrl":"https:\/\/www.24-7prayer.com\/wp-content\/uploads\/2022\/06\/logo.png","width":302,"height":49,"caption":"24-7 Prayer"},"image":{"@id":"https:\/\/www.24-7prayer.com\/es\/#\/schema\/logo\/image\/"}}]}</script>
<!-- / Yoast SEO plugin. -->

Sarah Breuel es la directora de Revive Europa y la coordinadora de entrenamiento de evangelismo para IFES Europa. Incluida en la lista de líderes «33 con menos de 33» de Christianity Today, Sarah fue presidenta del Encuentro mundial de líderes de jóvenes de Lausana 2016. Originaria de Brasil y residente en Roma, Sarah ha trabajado [&hellip;]
