{"id":15510,"date":"2022-09-06T10:21:23","date_gmt":"2022-09-06T09:21:23","guid":{"rendered":"https:\/\/www.24-7prayer.com\/contributor\/aitor-y-loida\/"},"modified":"2022-10-12T18:30:43","modified_gmt":"2022-10-12T17:30:43","slug":"aitor-y-loida","status":"publish","type":"contributor","link":"https:\/\/www.24-7prayer.com\/es\/contributor\/aitor-y-loida\/","title":{"rendered":"Aitor y Loida"},"content":{"rendered":"\n<p>Aitor y Loida dirigen <a href=\"https:\/\/www.oracion24-7.com\/\">Oraci\u00f3n 24-7 Espa\u00f1a<\/a>, desarrollan y adaptan recursos de Oraci\u00f3n 24-7 para todo el mundo de habla hispana. Entre estos recursos se encuentran <a href=\"https:\/\/elcursodeoracion.com\/\">El curso de oraci\u00f3n<\/a>, y la versi\u00f3n en espa\u00f1ol de <a href=\"https:\/\/www.oracion24-7.com\/category\/lectio365\/\">Lectio 365<\/a>. <\/p>\n\n<p>Aitor y Loida siempre han estado vinculados a la alabanza y tienen su propio proyecto musical llamado <a href=\"https:\/\/open.spotify.com\/artist\/1oR2yI5ezRXSrrzyU1VA4V?si=77Q4E4_GRneJfgj8rdec7Q&amp;dl_branch=1\">Rad\u00e4r<\/a>.<\/p>\n\n<p>Les encanta pasear por la playa, la monta\u00f1a y disfrutar de buena comida con amigos y su comunidad.<\/p>\n\n<p>Aitor, Loida y la peque\u00f1a Meghan viven en el norte de Espa\u00f1a, en Santander. <\/p>\n","protected":false},"featured_media":3553,"template":"","class_list":["post-15510","contributor","type-contributor","status-publish","has-post-thumbnail","hentry"],"acf":[],"yoast_head":"<!-- This site is optimized with the Yoast SEO plugin v27.4 - https:\/\/yoast.com\/product\/yoast-seo-wordpress\/ -->\n<title>Aitor y Loida - 24-7 Prayer International<\/title>\n<meta name=\"robots\" content=\"noindex, follow\" \/>\n<meta property=\"og:locale\" content=\"es_ES\" \/>\n<meta property=\"og:type\" content=\"article\" \/>\n<meta property=\"og:title\" content=\"Aitor y Loida - 24-7 Prayer International\" \/>\n<meta property=\"og:description\" content=\"Aitor y Loida dirigen Oraci\u00f3n 24-7 Espa\u00f1a, desarrollan y adaptan recursos de Oraci\u00f3n 24-7 para todo el mundo de habla hispana. Entre estos recursos se encuentran El curso de oraci\u00f3n, y la versi\u00f3n en espa\u00f1ol de Lectio 365. Aitor y Loida siempre han estado vinculados a la alabanza y tienen su propio proyecto musical llamado [&hellip;]\" \/>\n<meta property=\"og:url\" content=\"https:\/\/www.24-7prayer.com\/es\/contributor\/aitor-y-loida\/\" \/>\n<meta property=\"og:site_name\" content=\"24-7 Prayer International\" \/>\n<meta property=\"article:modified_time\" content=\"2022-10-12T17:30:43+00:00\" \/>\n<meta property=\"og:image\" content=\"https:\/\/www.24-7prayer.com\/wp-content\/uploads\/2021\/10\/aitor.jpg\" \/>\n\t<meta property=\"og:image:width\" content=\"1040\" \/>\n\t<meta property=\"og:image:height\" content=\"1356\" \/>\n\t<meta property=\"og:image:type\" content=\"image\/jpeg\" \/>\n<meta name=\"twitter:card\" content=\"summary_large_image\" \/>\n<script type=\"application\/ld+json\" class=\"yoast-schema-graph\">{\"@context\":\"https:\\\/\\\/schema.org\",\"@graph\":[{\"@type\":\"WebPage\",\"@id\":\"https:\\\/\\\/www.24-7prayer.com\\\/es\\\/contributor\\\/aitor-y-loida\\\/\",\"url\":\"https:\\\/\\\/www.24-7prayer.com\\\/es\\\/contributor\\\/aitor-y-loida\\\/\",\"name\":\"Aitor y Loida - 24-7 Prayer International\",\"isPartOf\":{\"@id\":\"https:\\\/\\\/www.24-7prayer.com\\\/es\\\/#website\"},\"primaryImageOfPage\":{\"@id\":\"https:\\\/\\\/www.24-7prayer.com\\\/es\\\/contributor\\\/aitor-y-loida\\\/#primaryimage\"},\"image\":{\"@id\":\"https:\\\/\\\/www.24-7prayer.com\\\/es\\\/contributor\\\/aitor-y-loida\\\/#primaryimage\"},\"thumbnailUrl\":\"https:\\\/\\\/www.24-7prayer.com\\\/wp-content\\\/uploads\\\/2021\\\/10\\\/aitor.jpg\",\"datePublished\":\"2022-09-06T09:21:23+00:00\",\"dateModified\":\"2022-10-12T17:30:43+00:00\",\"breadcrumb\":{\"@id\":\"https:\\\/\\\/www.24-7prayer.com\\\/es\\\/contributor\\\/aitor-y-loida\\\/#breadcrumb\"},\"inLanguage\":\"es\",\"potentialAction\":[{\"@type\":\"ReadAction\",\"target\":[\"https:\\\/\\\/www.24-7prayer.com\\\/es\\\/contributor\\\/aitor-y-loida\\\/\"]}]},{\"@type\":\"ImageObject\",\"inLanguage\":\"es\",\"@id\":\"https:\\\/\\\/www.24-7prayer.com\\\/es\\\/contributor\\\/aitor-y-loida\\\/#primaryimage\",\"url\":\"https:\\\/\\\/www.24-7prayer.com\\\/wp-content\\\/uploads\\\/2021\\\/10\\\/aitor.jpg\",\"contentUrl\":\"https:\\\/\\\/www.24-7prayer.com\\\/wp-content\\\/uploads\\\/2021\\\/10\\\/aitor.jpg\",\"width\":1040,\"height\":1356},{\"@type\":\"BreadcrumbList\",\"@id\":\"https:\\\/\\\/www.24-7prayer.com\\\/es\\\/contributor\\\/aitor-y-loida\\\/#breadcrumb\",\"itemListElement\":[{\"@type\":\"ListItem\",\"position\":1,\"name\":\"Home\",\"item\":\"https:\\\/\\\/www.24-7prayer.com\\\/es\\\/\"},{\"@type\":\"ListItem\",\"position\":2,\"name\":\"Aitor y Loida\"}]},{\"@type\":\"WebSite\",\"@id\":\"https:\\\/\\\/www.24-7prayer.com\\\/es\\\/#website\",\"url\":\"https:\\\/\\\/www.24-7prayer.com\\\/es\\\/\",\"name\":\"24-7 Prayer International\",\"description\":\"Prayer Mission Justice\",\"publisher\":{\"@id\":\"https:\\\/\\\/www.24-7prayer.com\\\/es\\\/#organization\"},\"potentialAction\":[{\"@type\":\"SearchAction\",\"target\":{\"@type\":\"EntryPoint\",\"urlTemplate\":\"https:\\\/\\\/www.24-7prayer.com\\\/es\\\/?s={search_term_string}\"},\"query-input\":{\"@type\":\"PropertyValueSpecification\",\"valueRequired\":true,\"valueName\":\"search_term_string\"}}],\"inLanguage\":\"es\"},{\"@type\":\"Organization\",\"@id\":\"https:\\\/\\\/www.24-7prayer.com\\\/es\\\/#organization\",\"name\":\"24-7 Prayer\",\"url\":\"https:\\\/\\\/www.24-7prayer.com\\\/es\\\/\",\"logo\":{\"@type\":\"ImageObject\",\"inLanguage\":\"es\",\"@id\":\"https:\\\/\\\/www.24-7prayer.com\\\/es\\\/#\\\/schema\\\/logo\\\/image\\\/\",\"url\":\"https:\\\/\\\/www.24-7prayer.com\\\/wp-content\\\/uploads\\\/2022\\\/06\\\/logo.png\",\"contentUrl\":\"https:\\\/\\\/www.24-7prayer.com\\\/wp-content\\\/uploads\\\/2022\\\/06\\\/logo.png\",\"width\":302,\"height\":49,\"caption\":\"24-7 Prayer\"},\"image\":{\"@id\":\"https:\\\/\\\/www.24-7prayer.com\\\/es\\\/#\\\/schema\\\/logo\\\/image\\\/\"}}]}<\/script>\n<!-- \/ Yoast SEO plugin. -->","yoast_head_json":{"title":"Aitor y Loida - 24-7 Prayer International","robots":{"index":"noindex","follow":"follow"},"og_locale":"es_ES","og_type":"article","og_title":"Aitor y Loida - 24-7 Prayer International","og_description":"Aitor y Loida dirigen Oraci\u00f3n 24-7 Espa\u00f1a, desarrollan y adaptan recursos de Oraci\u00f3n 24-7 para todo el mundo de habla hispana. Entre estos recursos se encuentran El curso de oraci\u00f3n, y la versi\u00f3n en espa\u00f1ol de Lectio 365. Aitor y Loida siempre han estado vinculados a la alabanza y tienen su propio proyecto musical llamado [&hellip;]","og_url":"https:\/\/www.24-7prayer.com\/es\/contributor\/aitor-y-loida\/","og_site_name":"24-7 Prayer International","article_modified_time":"2022-10-12T17:30:43+00:00","og_image":[{"width":1040,"height":1356,"url":"https:\/\/www.24-7prayer.com\/wp-content\/uploads\/2021\/10\/aitor.jpg","type":"image\/jpeg"}],"twitter_card":"summary_large_image","schema":{"@context":"https:\/\/schema.org","@graph":[{"@type":"WebPage","@id":"https:\/\/www.24-7prayer.com\/es\/contributor\/aitor-y-loida\/","url":"https:\/\/www.24-7prayer.com\/es\/contributor\/aitor-y-loida\/","name":"Aitor y Loida - 24-7 Prayer International","isPartOf":{"@id":"https:\/\/www.24-7prayer.com\/es\/#website"},"primaryImageOfPage":{"@id":"https:\/\/www.24-7prayer.com\/es\/contributor\/aitor-y-loida\/#primaryimage"},"image":{"@id":"https:\/\/www.24-7prayer.com\/es\/contributor\/aitor-y-loida\/#primaryimage"},"thumbnailUrl":"https:\/\/www.24-7prayer.com\/wp-content\/uploads\/2021\/10\/aitor.jpg","datePublished":"2022-09-06T09:21:23+00:00","dateModified":"2022-10-12T17:30:43+00:00","breadcrumb":{"@id":"https:\/\/www.24-7prayer.com\/es\/contributor\/aitor-y-loida\/#breadcrumb"},"inLanguage":"es","potentialAction":[{"@type":"ReadAction","target":["https:\/\/www.24-7prayer.com\/es\/contributor\/aitor-y-loida\/"]}]},{"@type":"ImageObject","inLanguage":"es","@id":"https:\/\/www.24-7prayer.com\/es\/contributor\/aitor-y-loida\/#primaryimage","url":"https:\/\/www.24-7prayer.com\/wp-content\/uploads\/2021\/10\/aitor.jpg","contentUrl":"https:\/\/www.24-7prayer.com\/wp-content\/uploads\/2021\/10\/aitor.jpg","width":1040,"height":1356},{"@type":"BreadcrumbList","@id":"https:\/\/www.24-7prayer.com\/es\/contributor\/aitor-y-loida\/#breadcrumb","itemListElement":[{"@type":"ListItem","position":1,"name":"Home","item":"https:\/\/www.24-7prayer.com\/es\/"},{"@type":"ListItem","position":2,"name":"Aitor y Loida"}]},{"@type":"WebSite","@id":"https:\/\/www.24-7prayer.com\/es\/#website","url":"https:\/\/www.24-7prayer.com\/es\/","name":"24-7 Prayer International","description":"Prayer Mission Justice","publisher":{"@id":"https:\/\/www.24-7prayer.com\/es\/#organization"},"potentialAction":[{"@type":"SearchAction","target":{"@type":"EntryPoint","urlTemplate":"https:\/\/www.24-7prayer.com\/es\/?s={search_term_string}"},"query-input":{"@type":"PropertyValueSpecification","valueRequired":true,"valueName":"search_term_string"}}],"inLanguage":"es"},{"@type":"Organization","@id":"https:\/\/www.24-7prayer.com\/es\/#organization","name":"24-7 Prayer","url":"https:\/\/www.24-7prayer.com\/es\/","logo":{"@type":"ImageObject","inLanguage":"es","@id":"https:\/\/www.24-7prayer.com\/es\/#\/schema\/logo\/image\/","url":"https:\/\/www.24-7prayer.com\/wp-content\/uploads\/2022\/06\/logo.png","contentUrl":"https:\/\/www.24-7prayer.com\/wp-content\/uploads\/2022\/06\/logo.png","width":302,"height":49,"caption":"24-7 Prayer"},"image":{"@id":"https:\/\/www.24-7prayer.com\/es\/#\/schema\/logo\/image\/"}}]}},"_links":{"self":[{"href":"https:\/\/www.24-7prayer.com\/es\/wp-json\/wp\/v2\/contributor\/15510","targetHints":{"allow":["GET"]}}],"collection":[{"href":"https:\/\/www.24-7prayer.com\/es\/wp-json\/wp\/v2\/contributor"}],"about":[{"href":"https:\/\/www.24-7prayer.com\/es\/wp-json\/wp\/v2\/types\/contributor"}],"wp:featuredmedia":[{"embeddable":true,"href":"https:\/\/www.24-7prayer.com\/es\/wp-json\/wp\/v2\/media\/3553"}],"wp:attachment":[{"href":"https:\/\/www.24-7prayer.com\/es\/wp-json\/wp\/v2\/media?parent=15510"}],"curies":[{"name":"wp","href":"https:\/\/api.w.org\/{rel}","templated":true}]}}

<p>Aitor y Loida dirigen <a href="https://www.oracion24-7.com/">Oración 24-7 España</a>, desarrollan y adaptan recursos de Oración 24-7 para todo el mundo de habla hispana. Entre estos recursos se encuentran <a href="https://elcursodeoracion.com/">El curso de oración</a>, y la versión en español de <a href="https://www.oracion24-7.com/category/lectio365/">Lectio 365</a>. </p>

<p>Aitor y Loida siempre han estado vinculados a la alabanza y tienen su propio proyecto musical llamado <a href="https://open.spotify.com/artist/1oR2yI5ezRXSrrzyU1VA4V?si=77Q4E4_GRneJfgj8rdec7Q&amp;dl_branch=1">Radär</a>.</p>

<p>Les encanta pasear por la playa, la montaña y disfrutar de buena comida con amigos y su comunidad.</p>

<p>Aitor, Loida y la pequeña Meghan viven en el norte de España, en Santander. </p>

<!-- This site is optimized with the Yoast SEO plugin v27.4 - https://yoast.com/product/yoast-seo-wordpress/ -->
<title>Aitor y Loida - 24-7 Prayer International</title>
<meta name="robots" content="noindex, follow" />
<meta property="og:locale" content="es_ES" />
<meta property="og:type" content="article" />
<meta property="og:title" content="Aitor y Loida - 24-7 Prayer International" />
<meta property="og:description" content="Aitor y Loida dirigen Oración 24-7 España, desarrollan y adaptan recursos de Oración 24-7 para todo el mundo de habla hispana. Entre estos recursos se encuentran El curso de oración, y la versión en español de Lectio 365. Aitor y Loida siempre han estado vinculados a la alabanza y tienen su propio proyecto musical llamado [&hellip;]" />
<meta property="og:url" content="https://www.24-7prayer.com/es/contributor/aitor-y-loida/" />
<meta property="og:site_name" content="24-7 Prayer International" />
<meta property="article:modified_time" content="2022-10-12T17:30:43+00:00" />
<meta property="og:image" content="https://www.24-7prayer.com/wp-content/uploads/2021/10/aitor.jpg" />
	<meta property="og:image:width" content="1040" />
	<meta property="og:image:height" content="1356" />
	<meta property="og:image:type" content="image/jpeg" />
<meta name="twitter:card" content="summary_large_image" />
<script type="application/ld+json" class="yoast-schema-graph">{"@context":"https:\/\/schema.org","@graph":[{"@type":"WebPage","@id":"https:\/\/www.24-7prayer.com\/es\/contributor\/aitor-y-loida\/","url":"https:\/\/www.24-7prayer.com\/es\/contributor\/aitor-y-loida\/","name":"Aitor y Loida - 24-7 Prayer International","isPartOf":{"@id":"https:\/\/www.24-7prayer.com\/es\/#website"},"primaryImageOfPage":{"@id":"https:\/\/www.24-7prayer.com\/es\/contributor\/aitor-y-loida\/#primaryimage"},"image":{"@id":"https:\/\/www.24-7prayer.com\/es\/contributor\/aitor-y-loida\/#primaryimage"},"thumbnailUrl":"https:\/\/www.24-7prayer.com\/wp-content\/uploads\/2021\/10\/aitor.jpg","datePublished":"2022-09-06T09:21:23+00:00","dateModified":"2022-10-12T17:30:43+00:00","breadcrumb":{"@id":"https:\/\/www.24-7prayer.com\/es\/contributor\/aitor-y-loida\/#breadcrumb"},"inLanguage":"es","potentialAction":[{"@type":"ReadAction","target":["https:\/\/www.24-7prayer.com\/es\/contributor\/aitor-y-loida\/"]}]},{"@type":"ImageObject","inLanguage":"es","@id":"https:\/\/www.24-7prayer.com\/es\/contributor\/aitor-y-loida\/#primaryimage","url":"https:\/\/www.24-7prayer.com\/wp-content\/uploads\/2021\/10\/aitor.jpg","contentUrl":"https:\/\/www.24-7prayer.com\/wp-content\/uploads\/2021\/10\/aitor.jpg","width":1040,"height":1356},{"@type":"BreadcrumbList","@id":"https:\/\/www.24-7prayer.com\/es\/contributor\/aitor-y-loida\/#breadcrumb","itemListElement":[{"@type":"ListItem","position":1,"name":"Home","item":"https:\/\/www.24-7prayer.com\/es\/"},{"@type":"ListItem","position":2,"name":"Aitor y Loida"}]},{"@type":"WebSite","@id":"https:\/\/www.24-7prayer.com\/es\/#website","url":"https:\/\/www.24-7prayer.com\/es\/","name":"24-7 Prayer International","description":"Prayer Mission Justice","publisher":{"@id":"https:\/\/www.24-7prayer.com\/es\/#organization"},"potentialAction":[{"@type":"SearchAction","target":{"@type":"EntryPoint","urlTemplate":"https:\/\/www.24-7prayer.com\/es\/?s={search_term_string}"},"query-input":{"@type":"PropertyValueSpecification","valueRequired":true,"valueName":"search_term_string"}}],"inLanguage":"es"},{"@type":"Organization","@id":"https:\/\/www.24-7prayer.com\/es\/#organization","name":"24-7 Prayer","url":"https:\/\/www.24-7prayer.com\/es\/","logo":{"@type":"ImageObject","inLanguage":"es","@id":"https:\/\/www.24-7prayer.com\/es\/#\/schema\/logo\/image\/","url":"https:\/\/www.24-7prayer.com\/wp-content\/uploads\/2022\/06\/logo.png","contentUrl":"https:\/\/www.24-7prayer.com\/wp-content\/uploads\/2022\/06\/logo.png","width":302,"height":49,"caption":"24-7 Prayer"},"image":{"@id":"https:\/\/www.24-7prayer.com\/es\/#\/schema\/logo\/image\/"}}]}</script>
<!-- / Yoast SEO plugin. -->

Aitor y Loida dirigen Oración 24-7 España, desarrollan y adaptan recursos de Oración 24-7 para todo el mundo de habla hispana. Entre estos recursos se encuentran El curso de oración, y la versión en español de Lectio 365. Aitor y Loida siempre han estado vinculados a la alabanza y tienen su propio proyecto musical llamado [&hellip;]
