{"id":153458,"date":"2025-09-12T16:20:17","date_gmt":"2025-09-12T15:20:17","guid":{"rendered":"https:\/\/www.24-7prayer.com\/contributor\/jana-nimmo\/"},"modified":"2025-09-19T18:09:02","modified_gmt":"2025-09-19T17:09:02","slug":"jana-nimmo","status":"publish","type":"contributor","link":"https:\/\/www.24-7prayer.com\/es\/contributor\/jana-nimmo\/","title":{"rendered":"Jana Nimmo"},"content":{"rendered":"\n<p>Jana vive en Marburgo con su marido, Johnny, y sus dos hijos. Tras visitar el Reino Unido en 2010, puso en marcha Prayerspaces in Schulen en Alemania, que desde entonces se ha convertido en una organizaci\u00f3n ben\u00e9fica independiente y una red nacional. El a\u00f1o pasado hab\u00eda m\u00e1s de 50 espacios de oraci\u00f3n en colegios de Alemania. Jana y Johnny tambi\u00e9n cofundaron la Central Church en Richtsberg y forman parte del equipo directivo de la Yovel Network.<\/p>\n","protected":false},"featured_media":152724,"template":"","class_list":["post-153458","contributor","type-contributor","status-publish","has-post-thumbnail","hentry"],"acf":[],"yoast_head":"<!-- This site is optimized with the Yoast SEO plugin v27.4 - https:\/\/yoast.com\/product\/yoast-seo-wordpress\/ -->\n<title>Jana Nimmo - 24-7 Prayer International<\/title>\n<meta name=\"robots\" content=\"noindex, follow\" \/>\n<meta property=\"og:locale\" content=\"es_ES\" \/>\n<meta property=\"og:type\" content=\"article\" \/>\n<meta property=\"og:title\" content=\"Jana Nimmo - 24-7 Prayer International\" \/>\n<meta property=\"og:description\" content=\"Jana vive en Marburgo con su marido, Johnny, y sus dos hijos. Tras visitar el Reino Unido en 2010, puso en marcha Prayerspaces in Schulen en Alemania, que desde entonces se ha convertido en una organizaci\u00f3n ben\u00e9fica independiente y una red nacional. El a\u00f1o pasado hab\u00eda m\u00e1s de 50 espacios de oraci\u00f3n en colegios de [&hellip;]\" \/>\n<meta property=\"og:url\" content=\"https:\/\/www.24-7prayer.com\/es\/contributor\/jana-nimmo\/\" \/>\n<meta property=\"og:site_name\" content=\"24-7 Prayer International\" \/>\n<meta property=\"article:modified_time\" content=\"2025-09-19T17:09:02+00:00\" \/>\n<meta property=\"og:image\" content=\"https:\/\/www.24-7prayer.com\/wp-content\/uploads\/2025\/09\/Jana-Nimmo.jpeg\" \/>\n\t<meta property=\"og:image:width\" content=\"226\" \/>\n\t<meta property=\"og:image:height\" content=\"320\" \/>\n\t<meta property=\"og:image:type\" content=\"image\/jpeg\" \/>\n<meta name=\"twitter:card\" content=\"summary_large_image\" \/>\n<script type=\"application\/ld+json\" class=\"yoast-schema-graph\">{\"@context\":\"https:\\\/\\\/schema.org\",\"@graph\":[{\"@type\":\"WebPage\",\"@id\":\"https:\\\/\\\/www.24-7prayer.com\\\/es\\\/contributor\\\/jana-nimmo\\\/\",\"url\":\"https:\\\/\\\/www.24-7prayer.com\\\/es\\\/contributor\\\/jana-nimmo\\\/\",\"name\":\"Jana Nimmo - 24-7 Prayer International\",\"isPartOf\":{\"@id\":\"https:\\\/\\\/www.24-7prayer.com\\\/es\\\/#website\"},\"primaryImageOfPage\":{\"@id\":\"https:\\\/\\\/www.24-7prayer.com\\\/es\\\/contributor\\\/jana-nimmo\\\/#primaryimage\"},\"image\":{\"@id\":\"https:\\\/\\\/www.24-7prayer.com\\\/es\\\/contributor\\\/jana-nimmo\\\/#primaryimage\"},\"thumbnailUrl\":\"https:\\\/\\\/www.24-7prayer.com\\\/wp-content\\\/uploads\\\/2025\\\/09\\\/Jana-Nimmo.jpeg\",\"datePublished\":\"2025-09-12T15:20:17+00:00\",\"dateModified\":\"2025-09-19T17:09:02+00:00\",\"breadcrumb\":{\"@id\":\"https:\\\/\\\/www.24-7prayer.com\\\/es\\\/contributor\\\/jana-nimmo\\\/#breadcrumb\"},\"inLanguage\":\"es\",\"potentialAction\":[{\"@type\":\"ReadAction\",\"target\":[\"https:\\\/\\\/www.24-7prayer.com\\\/es\\\/contributor\\\/jana-nimmo\\\/\"]}]},{\"@type\":\"ImageObject\",\"inLanguage\":\"es\",\"@id\":\"https:\\\/\\\/www.24-7prayer.com\\\/es\\\/contributor\\\/jana-nimmo\\\/#primaryimage\",\"url\":\"https:\\\/\\\/www.24-7prayer.com\\\/wp-content\\\/uploads\\\/2025\\\/09\\\/Jana-Nimmo.jpeg\",\"contentUrl\":\"https:\\\/\\\/www.24-7prayer.com\\\/wp-content\\\/uploads\\\/2025\\\/09\\\/Jana-Nimmo.jpeg\",\"width\":226,\"height\":320},{\"@type\":\"BreadcrumbList\",\"@id\":\"https:\\\/\\\/www.24-7prayer.com\\\/es\\\/contributor\\\/jana-nimmo\\\/#breadcrumb\",\"itemListElement\":[{\"@type\":\"ListItem\",\"position\":1,\"name\":\"Home\",\"item\":\"https:\\\/\\\/www.24-7prayer.com\\\/es\\\/\"},{\"@type\":\"ListItem\",\"position\":2,\"name\":\"Jana Nimmo\"}]},{\"@type\":\"WebSite\",\"@id\":\"https:\\\/\\\/www.24-7prayer.com\\\/es\\\/#website\",\"url\":\"https:\\\/\\\/www.24-7prayer.com\\\/es\\\/\",\"name\":\"24-7 Prayer International\",\"description\":\"Prayer Mission Justice\",\"publisher\":{\"@id\":\"https:\\\/\\\/www.24-7prayer.com\\\/es\\\/#organization\"},\"potentialAction\":[{\"@type\":\"SearchAction\",\"target\":{\"@type\":\"EntryPoint\",\"urlTemplate\":\"https:\\\/\\\/www.24-7prayer.com\\\/es\\\/?s={search_term_string}\"},\"query-input\":{\"@type\":\"PropertyValueSpecification\",\"valueRequired\":true,\"valueName\":\"search_term_string\"}}],\"inLanguage\":\"es\"},{\"@type\":\"Organization\",\"@id\":\"https:\\\/\\\/www.24-7prayer.com\\\/es\\\/#organization\",\"name\":\"24-7 Prayer\",\"url\":\"https:\\\/\\\/www.24-7prayer.com\\\/es\\\/\",\"logo\":{\"@type\":\"ImageObject\",\"inLanguage\":\"es\",\"@id\":\"https:\\\/\\\/www.24-7prayer.com\\\/es\\\/#\\\/schema\\\/logo\\\/image\\\/\",\"url\":\"https:\\\/\\\/www.24-7prayer.com\\\/wp-content\\\/uploads\\\/2022\\\/06\\\/logo.png\",\"contentUrl\":\"https:\\\/\\\/www.24-7prayer.com\\\/wp-content\\\/uploads\\\/2022\\\/06\\\/logo.png\",\"width\":302,\"height\":49,\"caption\":\"24-7 Prayer\"},\"image\":{\"@id\":\"https:\\\/\\\/www.24-7prayer.com\\\/es\\\/#\\\/schema\\\/logo\\\/image\\\/\"}}]}<\/script>\n<!-- \/ Yoast SEO plugin. -->","yoast_head_json":{"title":"Jana Nimmo - 24-7 Prayer International","robots":{"index":"noindex","follow":"follow"},"og_locale":"es_ES","og_type":"article","og_title":"Jana Nimmo - 24-7 Prayer International","og_description":"Jana vive en Marburgo con su marido, Johnny, y sus dos hijos. Tras visitar el Reino Unido en 2010, puso en marcha Prayerspaces in Schulen en Alemania, que desde entonces se ha convertido en una organizaci\u00f3n ben\u00e9fica independiente y una red nacional. El a\u00f1o pasado hab\u00eda m\u00e1s de 50 espacios de oraci\u00f3n en colegios de [&hellip;]","og_url":"https:\/\/www.24-7prayer.com\/es\/contributor\/jana-nimmo\/","og_site_name":"24-7 Prayer International","article_modified_time":"2025-09-19T17:09:02+00:00","og_image":[{"width":226,"height":320,"url":"https:\/\/www.24-7prayer.com\/wp-content\/uploads\/2025\/09\/Jana-Nimmo.jpeg","type":"image\/jpeg"}],"twitter_card":"summary_large_image","schema":{"@context":"https:\/\/schema.org","@graph":[{"@type":"WebPage","@id":"https:\/\/www.24-7prayer.com\/es\/contributor\/jana-nimmo\/","url":"https:\/\/www.24-7prayer.com\/es\/contributor\/jana-nimmo\/","name":"Jana Nimmo - 24-7 Prayer International","isPartOf":{"@id":"https:\/\/www.24-7prayer.com\/es\/#website"},"primaryImageOfPage":{"@id":"https:\/\/www.24-7prayer.com\/es\/contributor\/jana-nimmo\/#primaryimage"},"image":{"@id":"https:\/\/www.24-7prayer.com\/es\/contributor\/jana-nimmo\/#primaryimage"},"thumbnailUrl":"https:\/\/www.24-7prayer.com\/wp-content\/uploads\/2025\/09\/Jana-Nimmo.jpeg","datePublished":"2025-09-12T15:20:17+00:00","dateModified":"2025-09-19T17:09:02+00:00","breadcrumb":{"@id":"https:\/\/www.24-7prayer.com\/es\/contributor\/jana-nimmo\/#breadcrumb"},"inLanguage":"es","potentialAction":[{"@type":"ReadAction","target":["https:\/\/www.24-7prayer.com\/es\/contributor\/jana-nimmo\/"]}]},{"@type":"ImageObject","inLanguage":"es","@id":"https:\/\/www.24-7prayer.com\/es\/contributor\/jana-nimmo\/#primaryimage","url":"https:\/\/www.24-7prayer.com\/wp-content\/uploads\/2025\/09\/Jana-Nimmo.jpeg","contentUrl":"https:\/\/www.24-7prayer.com\/wp-content\/uploads\/2025\/09\/Jana-Nimmo.jpeg","width":226,"height":320},{"@type":"BreadcrumbList","@id":"https:\/\/www.24-7prayer.com\/es\/contributor\/jana-nimmo\/#breadcrumb","itemListElement":[{"@type":"ListItem","position":1,"name":"Home","item":"https:\/\/www.24-7prayer.com\/es\/"},{"@type":"ListItem","position":2,"name":"Jana Nimmo"}]},{"@type":"WebSite","@id":"https:\/\/www.24-7prayer.com\/es\/#website","url":"https:\/\/www.24-7prayer.com\/es\/","name":"24-7 Prayer International","description":"Prayer Mission Justice","publisher":{"@id":"https:\/\/www.24-7prayer.com\/es\/#organization"},"potentialAction":[{"@type":"SearchAction","target":{"@type":"EntryPoint","urlTemplate":"https:\/\/www.24-7prayer.com\/es\/?s={search_term_string}"},"query-input":{"@type":"PropertyValueSpecification","valueRequired":true,"valueName":"search_term_string"}}],"inLanguage":"es"},{"@type":"Organization","@id":"https:\/\/www.24-7prayer.com\/es\/#organization","name":"24-7 Prayer","url":"https:\/\/www.24-7prayer.com\/es\/","logo":{"@type":"ImageObject","inLanguage":"es","@id":"https:\/\/www.24-7prayer.com\/es\/#\/schema\/logo\/image\/","url":"https:\/\/www.24-7prayer.com\/wp-content\/uploads\/2022\/06\/logo.png","contentUrl":"https:\/\/www.24-7prayer.com\/wp-content\/uploads\/2022\/06\/logo.png","width":302,"height":49,"caption":"24-7 Prayer"},"image":{"@id":"https:\/\/www.24-7prayer.com\/es\/#\/schema\/logo\/image\/"}}]}},"_links":{"self":[{"href":"https:\/\/www.24-7prayer.com\/es\/wp-json\/wp\/v2\/contributor\/153458","targetHints":{"allow":["GET"]}}],"collection":[{"href":"https:\/\/www.24-7prayer.com\/es\/wp-json\/wp\/v2\/contributor"}],"about":[{"href":"https:\/\/www.24-7prayer.com\/es\/wp-json\/wp\/v2\/types\/contributor"}],"wp:featuredmedia":[{"embeddable":true,"href":"https:\/\/www.24-7prayer.com\/es\/wp-json\/wp\/v2\/media\/152724"}],"wp:attachment":[{"href":"https:\/\/www.24-7prayer.com\/es\/wp-json\/wp\/v2\/media?parent=153458"}],"curies":[{"name":"wp","href":"https:\/\/api.w.org\/{rel}","templated":true}]}}

<p>Jana vive en Marburgo con su marido, Johnny, y sus dos hijos. Tras visitar el Reino Unido en 2010, puso en marcha Prayerspaces in Schulen en Alemania, que desde entonces se ha convertido en una organización benéfica independiente y una red nacional. El año pasado había más de 50 espacios de oración en colegios de Alemania. Jana y Johnny también cofundaron la Central Church en Richtsberg y forman parte del equipo directivo de la Yovel Network.</p>

<!-- This site is optimized with the Yoast SEO plugin v27.4 - https://yoast.com/product/yoast-seo-wordpress/ -->
<title>Jana Nimmo - 24-7 Prayer International</title>
<meta name="robots" content="noindex, follow" />
<meta property="og:locale" content="es_ES" />
<meta property="og:type" content="article" />
<meta property="og:title" content="Jana Nimmo - 24-7 Prayer International" />
<meta property="og:description" content="Jana vive en Marburgo con su marido, Johnny, y sus dos hijos. Tras visitar el Reino Unido en 2010, puso en marcha Prayerspaces in Schulen en Alemania, que desde entonces se ha convertido en una organización benéfica independiente y una red nacional. El año pasado había más de 50 espacios de oración en colegios de [&hellip;]" />
<meta property="og:url" content="https://www.24-7prayer.com/es/contributor/jana-nimmo/" />
<meta property="og:site_name" content="24-7 Prayer International" />
<meta property="article:modified_time" content="2025-09-19T17:09:02+00:00" />
<meta property="og:image" content="https://www.24-7prayer.com/wp-content/uploads/2025/09/Jana-Nimmo.jpeg" />
	<meta property="og:image:width" content="226" />
	<meta property="og:image:height" content="320" />
	<meta property="og:image:type" content="image/jpeg" />
<meta name="twitter:card" content="summary_large_image" />
<script type="application/ld+json" class="yoast-schema-graph">{"@context":"https:\/\/schema.org","@graph":[{"@type":"WebPage","@id":"https:\/\/www.24-7prayer.com\/es\/contributor\/jana-nimmo\/","url":"https:\/\/www.24-7prayer.com\/es\/contributor\/jana-nimmo\/","name":"Jana Nimmo - 24-7 Prayer International","isPartOf":{"@id":"https:\/\/www.24-7prayer.com\/es\/#website"},"primaryImageOfPage":{"@id":"https:\/\/www.24-7prayer.com\/es\/contributor\/jana-nimmo\/#primaryimage"},"image":{"@id":"https:\/\/www.24-7prayer.com\/es\/contributor\/jana-nimmo\/#primaryimage"},"thumbnailUrl":"https:\/\/www.24-7prayer.com\/wp-content\/uploads\/2025\/09\/Jana-Nimmo.jpeg","datePublished":"2025-09-12T15:20:17+00:00","dateModified":"2025-09-19T17:09:02+00:00","breadcrumb":{"@id":"https:\/\/www.24-7prayer.com\/es\/contributor\/jana-nimmo\/#breadcrumb"},"inLanguage":"es","potentialAction":[{"@type":"ReadAction","target":["https:\/\/www.24-7prayer.com\/es\/contributor\/jana-nimmo\/"]}]},{"@type":"ImageObject","inLanguage":"es","@id":"https:\/\/www.24-7prayer.com\/es\/contributor\/jana-nimmo\/#primaryimage","url":"https:\/\/www.24-7prayer.com\/wp-content\/uploads\/2025\/09\/Jana-Nimmo.jpeg","contentUrl":"https:\/\/www.24-7prayer.com\/wp-content\/uploads\/2025\/09\/Jana-Nimmo.jpeg","width":226,"height":320},{"@type":"BreadcrumbList","@id":"https:\/\/www.24-7prayer.com\/es\/contributor\/jana-nimmo\/#breadcrumb","itemListElement":[{"@type":"ListItem","position":1,"name":"Home","item":"https:\/\/www.24-7prayer.com\/es\/"},{"@type":"ListItem","position":2,"name":"Jana Nimmo"}]},{"@type":"WebSite","@id":"https:\/\/www.24-7prayer.com\/es\/#website","url":"https:\/\/www.24-7prayer.com\/es\/","name":"24-7 Prayer International","description":"Prayer Mission Justice","publisher":{"@id":"https:\/\/www.24-7prayer.com\/es\/#organization"},"potentialAction":[{"@type":"SearchAction","target":{"@type":"EntryPoint","urlTemplate":"https:\/\/www.24-7prayer.com\/es\/?s={search_term_string}"},"query-input":{"@type":"PropertyValueSpecification","valueRequired":true,"valueName":"search_term_string"}}],"inLanguage":"es"},{"@type":"Organization","@id":"https:\/\/www.24-7prayer.com\/es\/#organization","name":"24-7 Prayer","url":"https:\/\/www.24-7prayer.com\/es\/","logo":{"@type":"ImageObject","inLanguage":"es","@id":"https:\/\/www.24-7prayer.com\/es\/#\/schema\/logo\/image\/","url":"https:\/\/www.24-7prayer.com\/wp-content\/uploads\/2022\/06\/logo.png","contentUrl":"https:\/\/www.24-7prayer.com\/wp-content\/uploads\/2022\/06\/logo.png","width":302,"height":49,"caption":"24-7 Prayer"},"image":{"@id":"https:\/\/www.24-7prayer.com\/es\/#\/schema\/logo\/image\/"}}]}</script>
<!-- / Yoast SEO plugin. -->

Jana vive en Marburgo con su marido, Johnny, y sus dos hijos. Tras visitar el Reino Unido en 2010, puso en marcha Prayerspaces in Schulen en Alemania, que desde entonces se ha convertido en una organización benéfica independiente y una red nacional. El año pasado había más de 50 espacios de oración en colegios de [&hellip;]
