{"id":10007,"date":"2022-06-20T16:26:16","date_gmt":"2022-06-20T15:26:16","guid":{"rendered":"https:\/\/www.24-7prayer.com\/contributor\/roger-ellis\/"},"modified":"2022-06-20T16:27:08","modified_gmt":"2022-06-20T15:27:08","slug":"roger-ellis","status":"publish","type":"contributor","link":"https:\/\/www.24-7prayer.com\/es\/contributor\/roger-ellis\/","title":{"rendered":"Roger Ellis"},"content":{"rendered":"\n<p>Roger trabaja en la supervisi\u00f3n de las diferentes iglesias y comunidades que forman la red de iglesias y comunidades de Oraci\u00f3n 24-7. Tambi\u00e9n es responsable del itinerario de liderazgo de Oraci\u00f3n 24-7. Roger es l\u00edder y mentor empresarial, adem\u00e1s de formar parte de la junta del Centro Teol\u00f3gico de Westminster, y ser uno de los l\u00edderes en la iglesia Revelation Family, en Chichester. Est\u00e1 casado con Maggie y tienen dos hijos adultos.<\/p>\n","protected":false},"featured_media":112409,"template":"","class_list":["post-10007","contributor","type-contributor","status-publish","has-post-thumbnail","hentry"],"acf":[],"yoast_head":"<!-- This site is optimized with the Yoast SEO plugin v27.4 - https:\/\/yoast.com\/product\/yoast-seo-wordpress\/ -->\n<title>Roger Ellis - 24-7 Prayer International<\/title>\n<meta name=\"robots\" content=\"noindex, follow\" \/>\n<meta property=\"og:locale\" content=\"es_ES\" \/>\n<meta property=\"og:type\" content=\"article\" \/>\n<meta property=\"og:title\" content=\"Roger Ellis - 24-7 Prayer International\" \/>\n<meta property=\"og:description\" content=\"Roger trabaja en la supervisi\u00f3n de las diferentes iglesias y comunidades que forman la red de iglesias y comunidades de Oraci\u00f3n 24-7. Tambi\u00e9n es responsable del itinerario de liderazgo de Oraci\u00f3n 24-7. Roger es l\u00edder y mentor empresarial, adem\u00e1s de formar parte de la junta del Centro Teol\u00f3gico de Westminster, y ser uno de los [&hellip;]\" \/>\n<meta property=\"og:url\" content=\"https:\/\/www.24-7prayer.com\/es\/contributor\/roger-ellis\/\" \/>\n<meta property=\"og:site_name\" content=\"24-7 Prayer International\" \/>\n<meta property=\"article:modified_time\" content=\"2022-06-20T15:27:08+00:00\" \/>\n<meta property=\"og:image\" content=\"https:\/\/www.24-7prayer.com\/wp-content\/uploads\/2021\/10\/roger-1.jpg\" \/>\n\t<meta property=\"og:image:width\" content=\"1040\" \/>\n\t<meta property=\"og:image:height\" content=\"1356\" \/>\n\t<meta property=\"og:image:type\" content=\"image\/jpeg\" \/>\n<meta name=\"twitter:card\" content=\"summary_large_image\" \/>\n<script type=\"application\/ld+json\" class=\"yoast-schema-graph\">{\"@context\":\"https:\\\/\\\/schema.org\",\"@graph\":[{\"@type\":\"WebPage\",\"@id\":\"https:\\\/\\\/www.24-7prayer.com\\\/es\\\/contributor\\\/roger-ellis\\\/\",\"url\":\"https:\\\/\\\/www.24-7prayer.com\\\/es\\\/contributor\\\/roger-ellis\\\/\",\"name\":\"Roger Ellis - 24-7 Prayer International\",\"isPartOf\":{\"@id\":\"https:\\\/\\\/www.24-7prayer.com\\\/es\\\/#website\"},\"primaryImageOfPage\":{\"@id\":\"https:\\\/\\\/www.24-7prayer.com\\\/es\\\/contributor\\\/roger-ellis\\\/#primaryimage\"},\"image\":{\"@id\":\"https:\\\/\\\/www.24-7prayer.com\\\/es\\\/contributor\\\/roger-ellis\\\/#primaryimage\"},\"thumbnailUrl\":\"https:\\\/\\\/www.24-7prayer.com\\\/wp-content\\\/uploads\\\/2022\\\/06\\\/IMG_8973.jpg\",\"datePublished\":\"2022-06-20T15:26:16+00:00\",\"dateModified\":\"2022-06-20T15:27:08+00:00\",\"breadcrumb\":{\"@id\":\"https:\\\/\\\/www.24-7prayer.com\\\/es\\\/contributor\\\/roger-ellis\\\/#breadcrumb\"},\"inLanguage\":\"es\",\"potentialAction\":[{\"@type\":\"ReadAction\",\"target\":[\"https:\\\/\\\/www.24-7prayer.com\\\/es\\\/contributor\\\/roger-ellis\\\/\"]}]},{\"@type\":\"ImageObject\",\"inLanguage\":\"es\",\"@id\":\"https:\\\/\\\/www.24-7prayer.com\\\/es\\\/contributor\\\/roger-ellis\\\/#primaryimage\",\"url\":\"https:\\\/\\\/www.24-7prayer.com\\\/wp-content\\\/uploads\\\/2022\\\/06\\\/IMG_8973.jpg\",\"contentUrl\":\"https:\\\/\\\/www.24-7prayer.com\\\/wp-content\\\/uploads\\\/2022\\\/06\\\/IMG_8973.jpg\",\"width\":1532,\"height\":1824},{\"@type\":\"BreadcrumbList\",\"@id\":\"https:\\\/\\\/www.24-7prayer.com\\\/es\\\/contributor\\\/roger-ellis\\\/#breadcrumb\",\"itemListElement\":[{\"@type\":\"ListItem\",\"position\":1,\"name\":\"Home\",\"item\":\"https:\\\/\\\/www.24-7prayer.com\\\/es\\\/\"},{\"@type\":\"ListItem\",\"position\":2,\"name\":\"Roger Ellis\"}]},{\"@type\":\"WebSite\",\"@id\":\"https:\\\/\\\/www.24-7prayer.com\\\/es\\\/#website\",\"url\":\"https:\\\/\\\/www.24-7prayer.com\\\/es\\\/\",\"name\":\"24-7 Prayer International\",\"description\":\"Prayer Mission Justice\",\"publisher\":{\"@id\":\"https:\\\/\\\/www.24-7prayer.com\\\/es\\\/#organization\"},\"potentialAction\":[{\"@type\":\"SearchAction\",\"target\":{\"@type\":\"EntryPoint\",\"urlTemplate\":\"https:\\\/\\\/www.24-7prayer.com\\\/es\\\/?s={search_term_string}\"},\"query-input\":{\"@type\":\"PropertyValueSpecification\",\"valueRequired\":true,\"valueName\":\"search_term_string\"}}],\"inLanguage\":\"es\"},{\"@type\":\"Organization\",\"@id\":\"https:\\\/\\\/www.24-7prayer.com\\\/es\\\/#organization\",\"name\":\"24-7 Prayer\",\"url\":\"https:\\\/\\\/www.24-7prayer.com\\\/es\\\/\",\"logo\":{\"@type\":\"ImageObject\",\"inLanguage\":\"es\",\"@id\":\"https:\\\/\\\/www.24-7prayer.com\\\/es\\\/#\\\/schema\\\/logo\\\/image\\\/\",\"url\":\"https:\\\/\\\/www.24-7prayer.com\\\/wp-content\\\/uploads\\\/2022\\\/06\\\/logo.png\",\"contentUrl\":\"https:\\\/\\\/www.24-7prayer.com\\\/wp-content\\\/uploads\\\/2022\\\/06\\\/logo.png\",\"width\":302,\"height\":49,\"caption\":\"24-7 Prayer\"},\"image\":{\"@id\":\"https:\\\/\\\/www.24-7prayer.com\\\/es\\\/#\\\/schema\\\/logo\\\/image\\\/\"}}]}<\/script>\n<!-- \/ Yoast SEO plugin. -->","yoast_head_json":{"title":"Roger Ellis - 24-7 Prayer International","robots":{"index":"noindex","follow":"follow"},"og_locale":"es_ES","og_type":"article","og_title":"Roger Ellis - 24-7 Prayer International","og_description":"Roger trabaja en la supervisi\u00f3n de las diferentes iglesias y comunidades que forman la red de iglesias y comunidades de Oraci\u00f3n 24-7. Tambi\u00e9n es responsable del itinerario de liderazgo de Oraci\u00f3n 24-7. Roger es l\u00edder y mentor empresarial, adem\u00e1s de formar parte de la junta del Centro Teol\u00f3gico de Westminster, y ser uno de los [&hellip;]","og_url":"https:\/\/www.24-7prayer.com\/es\/contributor\/roger-ellis\/","og_site_name":"24-7 Prayer International","article_modified_time":"2022-06-20T15:27:08+00:00","og_image":[{"width":1040,"height":1356,"url":"https:\/\/www.24-7prayer.com\/wp-content\/uploads\/2021\/10\/roger-1.jpg","type":"image\/jpeg"}],"twitter_card":"summary_large_image","schema":{"@context":"https:\/\/schema.org","@graph":[{"@type":"WebPage","@id":"https:\/\/www.24-7prayer.com\/es\/contributor\/roger-ellis\/","url":"https:\/\/www.24-7prayer.com\/es\/contributor\/roger-ellis\/","name":"Roger Ellis - 24-7 Prayer International","isPartOf":{"@id":"https:\/\/www.24-7prayer.com\/es\/#website"},"primaryImageOfPage":{"@id":"https:\/\/www.24-7prayer.com\/es\/contributor\/roger-ellis\/#primaryimage"},"image":{"@id":"https:\/\/www.24-7prayer.com\/es\/contributor\/roger-ellis\/#primaryimage"},"thumbnailUrl":"https:\/\/www.24-7prayer.com\/wp-content\/uploads\/2022\/06\/IMG_8973.jpg","datePublished":"2022-06-20T15:26:16+00:00","dateModified":"2022-06-20T15:27:08+00:00","breadcrumb":{"@id":"https:\/\/www.24-7prayer.com\/es\/contributor\/roger-ellis\/#breadcrumb"},"inLanguage":"es","potentialAction":[{"@type":"ReadAction","target":["https:\/\/www.24-7prayer.com\/es\/contributor\/roger-ellis\/"]}]},{"@type":"ImageObject","inLanguage":"es","@id":"https:\/\/www.24-7prayer.com\/es\/contributor\/roger-ellis\/#primaryimage","url":"https:\/\/www.24-7prayer.com\/wp-content\/uploads\/2022\/06\/IMG_8973.jpg","contentUrl":"https:\/\/www.24-7prayer.com\/wp-content\/uploads\/2022\/06\/IMG_8973.jpg","width":1532,"height":1824},{"@type":"BreadcrumbList","@id":"https:\/\/www.24-7prayer.com\/es\/contributor\/roger-ellis\/#breadcrumb","itemListElement":[{"@type":"ListItem","position":1,"name":"Home","item":"https:\/\/www.24-7prayer.com\/es\/"},{"@type":"ListItem","position":2,"name":"Roger Ellis"}]},{"@type":"WebSite","@id":"https:\/\/www.24-7prayer.com\/es\/#website","url":"https:\/\/www.24-7prayer.com\/es\/","name":"24-7 Prayer International","description":"Prayer Mission Justice","publisher":{"@id":"https:\/\/www.24-7prayer.com\/es\/#organization"},"potentialAction":[{"@type":"SearchAction","target":{"@type":"EntryPoint","urlTemplate":"https:\/\/www.24-7prayer.com\/es\/?s={search_term_string}"},"query-input":{"@type":"PropertyValueSpecification","valueRequired":true,"valueName":"search_term_string"}}],"inLanguage":"es"},{"@type":"Organization","@id":"https:\/\/www.24-7prayer.com\/es\/#organization","name":"24-7 Prayer","url":"https:\/\/www.24-7prayer.com\/es\/","logo":{"@type":"ImageObject","inLanguage":"es","@id":"https:\/\/www.24-7prayer.com\/es\/#\/schema\/logo\/image\/","url":"https:\/\/www.24-7prayer.com\/wp-content\/uploads\/2022\/06\/logo.png","contentUrl":"https:\/\/www.24-7prayer.com\/wp-content\/uploads\/2022\/06\/logo.png","width":302,"height":49,"caption":"24-7 Prayer"},"image":{"@id":"https:\/\/www.24-7prayer.com\/es\/#\/schema\/logo\/image\/"}}]}},"_links":{"self":[{"href":"https:\/\/www.24-7prayer.com\/es\/wp-json\/wp\/v2\/contributor\/10007","targetHints":{"allow":["GET"]}}],"collection":[{"href":"https:\/\/www.24-7prayer.com\/es\/wp-json\/wp\/v2\/contributor"}],"about":[{"href":"https:\/\/www.24-7prayer.com\/es\/wp-json\/wp\/v2\/types\/contributor"}],"wp:featuredmedia":[{"embeddable":true,"href":"https:\/\/www.24-7prayer.com\/es\/wp-json\/wp\/v2\/media\/112409"}],"wp:attachment":[{"href":"https:\/\/www.24-7prayer.com\/es\/wp-json\/wp\/v2\/media?parent=10007"}],"curies":[{"name":"wp","href":"https:\/\/api.w.org\/{rel}","templated":true}]}}

<p>Roger trabaja en la supervisión de las diferentes iglesias y comunidades que forman la red de iglesias y comunidades de Oración 24-7. También es responsable del itinerario de liderazgo de Oración 24-7. Roger es líder y mentor empresarial, además de formar parte de la junta del Centro Teológico de Westminster, y ser uno de los líderes en la iglesia Revelation Family, en Chichester. Está casado con Maggie y tienen dos hijos adultos.</p>

<!-- This site is optimized with the Yoast SEO plugin v27.4 - https://yoast.com/product/yoast-seo-wordpress/ -->
<title>Roger Ellis - 24-7 Prayer International</title>
<meta name="robots" content="noindex, follow" />
<meta property="og:locale" content="es_ES" />
<meta property="og:type" content="article" />
<meta property="og:title" content="Roger Ellis - 24-7 Prayer International" />
<meta property="og:description" content="Roger trabaja en la supervisión de las diferentes iglesias y comunidades que forman la red de iglesias y comunidades de Oración 24-7. También es responsable del itinerario de liderazgo de Oración 24-7. Roger es líder y mentor empresarial, además de formar parte de la junta del Centro Teológico de Westminster, y ser uno de los [&hellip;]" />
<meta property="og:url" content="https://www.24-7prayer.com/es/contributor/roger-ellis/" />
<meta property="og:site_name" content="24-7 Prayer International" />
<meta property="article:modified_time" content="2022-06-20T15:27:08+00:00" />
<meta property="og:image" content="https://www.24-7prayer.com/wp-content/uploads/2021/10/roger-1.jpg" />
	<meta property="og:image:width" content="1040" />
	<meta property="og:image:height" content="1356" />
	<meta property="og:image:type" content="image/jpeg" />
<meta name="twitter:card" content="summary_large_image" />
<script type="application/ld+json" class="yoast-schema-graph">{"@context":"https:\/\/schema.org","@graph":[{"@type":"WebPage","@id":"https:\/\/www.24-7prayer.com\/es\/contributor\/roger-ellis\/","url":"https:\/\/www.24-7prayer.com\/es\/contributor\/roger-ellis\/","name":"Roger Ellis - 24-7 Prayer International","isPartOf":{"@id":"https:\/\/www.24-7prayer.com\/es\/#website"},"primaryImageOfPage":{"@id":"https:\/\/www.24-7prayer.com\/es\/contributor\/roger-ellis\/#primaryimage"},"image":{"@id":"https:\/\/www.24-7prayer.com\/es\/contributor\/roger-ellis\/#primaryimage"},"thumbnailUrl":"https:\/\/www.24-7prayer.com\/wp-content\/uploads\/2022\/06\/IMG_8973.jpg","datePublished":"2022-06-20T15:26:16+00:00","dateModified":"2022-06-20T15:27:08+00:00","breadcrumb":{"@id":"https:\/\/www.24-7prayer.com\/es\/contributor\/roger-ellis\/#breadcrumb"},"inLanguage":"es","potentialAction":[{"@type":"ReadAction","target":["https:\/\/www.24-7prayer.com\/es\/contributor\/roger-ellis\/"]}]},{"@type":"ImageObject","inLanguage":"es","@id":"https:\/\/www.24-7prayer.com\/es\/contributor\/roger-ellis\/#primaryimage","url":"https:\/\/www.24-7prayer.com\/wp-content\/uploads\/2022\/06\/IMG_8973.jpg","contentUrl":"https:\/\/www.24-7prayer.com\/wp-content\/uploads\/2022\/06\/IMG_8973.jpg","width":1532,"height":1824},{"@type":"BreadcrumbList","@id":"https:\/\/www.24-7prayer.com\/es\/contributor\/roger-ellis\/#breadcrumb","itemListElement":[{"@type":"ListItem","position":1,"name":"Home","item":"https:\/\/www.24-7prayer.com\/es\/"},{"@type":"ListItem","position":2,"name":"Roger Ellis"}]},{"@type":"WebSite","@id":"https:\/\/www.24-7prayer.com\/es\/#website","url":"https:\/\/www.24-7prayer.com\/es\/","name":"24-7 Prayer International","description":"Prayer Mission Justice","publisher":{"@id":"https:\/\/www.24-7prayer.com\/es\/#organization"},"potentialAction":[{"@type":"SearchAction","target":{"@type":"EntryPoint","urlTemplate":"https:\/\/www.24-7prayer.com\/es\/?s={search_term_string}"},"query-input":{"@type":"PropertyValueSpecification","valueRequired":true,"valueName":"search_term_string"}}],"inLanguage":"es"},{"@type":"Organization","@id":"https:\/\/www.24-7prayer.com\/es\/#organization","name":"24-7 Prayer","url":"https:\/\/www.24-7prayer.com\/es\/","logo":{"@type":"ImageObject","inLanguage":"es","@id":"https:\/\/www.24-7prayer.com\/es\/#\/schema\/logo\/image\/","url":"https:\/\/www.24-7prayer.com\/wp-content\/uploads\/2022\/06\/logo.png","contentUrl":"https:\/\/www.24-7prayer.com\/wp-content\/uploads\/2022\/06\/logo.png","width":302,"height":49,"caption":"24-7 Prayer"},"image":{"@id":"https:\/\/www.24-7prayer.com\/es\/#\/schema\/logo\/image\/"}}]}</script>
<!-- / Yoast SEO plugin. -->

Roger trabaja en la supervisión de las diferentes iglesias y comunidades que forman la red de iglesias y comunidades de Oración 24-7. También es responsable del itinerario de liderazgo de Oración 24-7. Roger es líder y mentor empresarial, además de formar parte de la junta del Centro Teológico de Westminster, y ser uno de los [&hellip;]
